{"id":61,"date":"2024-12-15T16:15:50","date_gmt":"2024-12-15T15:15:50","guid":{"rendered":"https:\/\/blog.uclm.es\/estudiantesletras\/?page_id=61"},"modified":"2025-10-21T23:48:54","modified_gmt":"2025-10-21T21:48:54","slug":"agenda","status":"publish","type":"page","link":"https:\/\/blog.uclm.es\/estudiantesletras\/agenda\/","title":{"rendered":"AGENDA"},"content":{"rendered":"\n<p style=\"line-height:1.7\">A continuaci\u00f3n podr\u00e1s encontrar la agenda de los diferentes miembros que componen la Comisi\u00f3n Ejecutiva de la DEFL-UCLM:<\/p>\n\n\n\n<div class=\"wp-block-columns is-layout-flex wp-container-core-columns-is-layout-9d6595d7 wp-block-columns-is-layout-flex\">\n<div class=\"wp-block-column is-layout-flow wp-block-column-is-layout-flow\" style=\"flex-basis:33.33%\"><div class=\"wp-block-image\">\n<figure class=\"aligncenter size-full is-resized\"><img loading=\"lazy\" decoding=\"async\" width=\"232\" height=\"226\" src=\"https:\/\/blog.uclm.es\/estudiantesletras\/wp-content\/uploads\/sites\/306\/2025\/04\/Captura-de-pantalla-2025-04-21-a-las-1.30.30.png\" alt=\"\" class=\"wp-image-574\" style=\"width:113px;height:auto\" \/><\/figure>\n<\/div><\/div>\n\n\n\n<div class=\"wp-block-column is-layout-flow wp-block-column-is-layout-flow\" style=\"flex-basis:66.66%\">\n<p><\/p>\n\n\n\n<p class=\"has-black-color has-text-color has-link-color has-medium-font-size wp-elements-992e09d2b23e2146344897c0db70718e\" style=\"line-height:0.8\"><strong>MANDATO OCTUBRE 2025 \u2013 <\/strong><\/p>\n\n\n\n<p class=\"has-black-color has-text-color has-link-color has-medium-font-size wp-elements-31f817421cf1aee229de547778163bc0\" style=\"line-height:0.6\"><strong>OCTUBRE 2026<\/strong><\/p>\n<\/div>\n<\/div>\n\n\n\n<ul class=\"wp-block-list\">\n<li><strong>20 al 23 de noviembre. <\/strong>VII AGO de SIUEH &#8211; Universidad de Ja\u00e9n.<\/li>\n\n\n\n<li><strong>5 al 9 de noviembre de 2025. <\/strong>VI AGO, III Congreso, IV y V AGE de ARELL &#8211; Universidad de Sevilla.<\/li>\n\n\n\n<li><strong>28 de octubre de 2025.<\/strong> Elecciones a delegado\/a de estudiantes de la Facultad de Letras &#8211; Ciudad Real.<\/li>\n<\/ul>\n\n\n\n<div style=\"height:20px\" aria-hidden=\"true\" class=\"wp-block-spacer\"><\/div>\n\n\n\n<hr class=\"wp-block-separator has-text-color has-black-color has-alpha-channel-opacity has-black-background-color has-background is-style-default\" \/>\n\n\n\n<div style=\"height:53px\" aria-hidden=\"true\" class=\"wp-block-spacer\"><\/div>\n\n\n\n<div class=\"wp-block-columns is-layout-flex wp-container-core-columns-is-layout-9d6595d7 wp-block-columns-is-layout-flex\">\n<div class=\"wp-block-column is-layout-flow wp-block-column-is-layout-flow\">\n<div class=\"wp-block-columns is-layout-flex wp-container-core-columns-is-layout-9d6595d7 wp-block-columns-is-layout-flex\">\n<div class=\"wp-block-column is-layout-flow wp-block-column-is-layout-flow\" style=\"flex-basis:33.33%\"><div class=\"wp-block-image\">\n<figure class=\"aligncenter size-full is-resized\"><img loading=\"lazy\" decoding=\"async\" width=\"232\" height=\"226\" src=\"https:\/\/blog.uclm.es\/estudiantesletras\/wp-content\/uploads\/sites\/306\/2025\/04\/Captura-de-pantalla-2025-04-21-a-las-1.30.30.png\" alt=\"\" class=\"wp-image-574\" style=\"width:113px;height:auto\" \/><\/figure>\n<\/div><\/div>\n\n\n\n<div class=\"wp-block-column is-vertically-aligned-bottom is-layout-flow wp-block-column-is-layout-flow\" style=\"flex-basis:66.66%\">\n<div class=\"wp-block-columns is-layout-flex wp-container-core-columns-is-layout-9d6595d7 wp-block-columns-is-layout-flex\">\n<div class=\"wp-block-column is-vertically-aligned-stretch is-layout-flow wp-block-column-is-layout-flow\" style=\"flex-basis:100%\">\n<p class=\"has-black-color has-text-color has-link-color has-medium-font-size wp-elements-bcd5575c5114789a9c772c0a208bdce1\" style=\"line-height:0.8\"><strong>MANDATO OCTUBRE 2024 \u2013 <\/strong><\/p>\n\n\n\n<p class=\"has-black-color has-text-color has-link-color has-medium-font-size wp-elements-13862bac051bc0d7fd3ed52146d49b65\" style=\"line-height:0.6\"><strong>OCTUBRE 2025<\/strong><\/p>\n<\/div>\n<\/div>\n<\/div>\n<\/div>\n<\/div>\n<\/div>\n\n\n\n<ul class=\"wp-block-list\">\n<li><strong>14 de octubre de 2025, 18:45 horas.<\/strong> Sesi\u00f3n ordinaria h\u00edbrida de la DECCR-UCLM &#8211; Escuela T\u00e9cnica Superior de Ingenieros Agr\u00f3nomos y Teams.<\/li>\n\n\n\n<li><strong>14 de octubre de 2025, 16:00 horas. <\/strong>Sesi\u00f3n ordinaria de la Junta de Centro de la Facultad de Letras, v\u00eda Teams [Presidente, VP Estudios Ingleses, VP Historia y VP Doble Grado Historia e Historia del Arte].<\/li>\n\n\n\n<li><strong>24 de septiembre de 2025, 16:00 horas. <\/strong>Sesi\u00f3n ordinaria de la Junta de Centro de la Facultad de Letras &#8211; Aula Magna &#8211; Ciudad Real [VP Historia, VP Doble Grado Historia e Historia del Arte y Tesorera].<\/li>\n\n\n\n<li><strong>08 de septiembre de 2025, 10:00 horas. <\/strong>Jornadas de bienvenida al estudiantado de nuevo ingreso &#8211; Aula Magna &#8211; Ciudad Real.<\/li>\n\n\n\n<li><strong>05 de junio de 2025, 17:30 horas. <\/strong>Sesi\u00f3n ordinaria de la Junta de Centro de la Facultad de Letras &#8211; Aula Magna &#8211; Ciudad Real [Presidente y VP Historia].<\/li>\n\n\n\n<li><strong>03 y 04 de junio de 2025. <\/strong>Elecciones a los distintos Consejos de Departamento con presencia en la Facultad de Letras, v\u00eda App Elecciones UCLM.<\/li>\n\n\n\n<li><strong>19 y 20 de mayo de 2025. <\/strong>Elecciones a la Junta de Centro de la Facultad de Letras, v\u00eda App Elecciones UCLM.<\/li>\n\n\n\n<li><strong>09 de mayo de 2025, 10:30 horas.<\/strong> Sesi\u00f3n extraordinaria h\u00edbrida de la DECCR-UCLM &#8211; Facultad de Medicina y Teams.<\/li>\n\n\n\n<li class=\"has-black-color has-text-color has-link-color wp-elements-6511510f867dd0738c0ef4d29e87b2f3\"><strong>24-27 de abril de 2025.<\/strong> VI Asamblea General Ordinaria de SIUEH &#8211; Universidad de Las Palmas de Gran Canaria [Secretaria].<\/li>\n\n\n\n<li><strong>24 de abril de 2025, 14:00 horas.<\/strong> III Concurso de Migas de la Facultad de Letras &#8211; Exteriores de la Facultad &#8211; Ciudad Real.<\/li>\n\n\n\n<li><strong>23 de abril de 2025, 13:00 horas.<\/strong> Acto Acad\u00e9mico por la festividad de la Facultad de Letras &#8211; Aula Magna &#8211; Ciudad Real.<\/li>\n\n\n\n<li><strong>15 de abril de 2025, 11:30 horas.<\/strong> XIV Asamblea General Extraordinaria Telem\u00e1tica de ARELL, v\u00eda Google Meet [Presidente y VP Espa\u00f1ol: Lengua y Literatura].<\/li>\n\n\n\n<li><strong>26-30 de marzo de 2025.<\/strong> III AGE, V AGO y II Congreso de ARELL &#8211; Universidad de Salamanca [Presidente y VP Espa\u00f1ol: Lengua y Literatura].<\/li>\n\n\n\n<li><strong>07 de marzo de 2025, 10:30 horas. <\/strong>Acto institucional por el D\u00eda Internacional de la Mujer \u2013 Ciudad Real [Presidente, VP Lenguas Modernas y VP Estudios Ingleses].<\/li>\n\n\n\n<li><strong>13 de febrero de 2025, 13:30 horas. <\/strong>Sesi\u00f3n ordinaria h\u00edbrida de la DEFL-UCLM &#8211; Escuela de Ingenier\u00eda Minera e Industrial &#8211; Almad\u00e9n y Teams [Presidente, VP Lenguas Modernas y VP Estudios Ingleses].<\/li>\n\n\n\n<li><strong>04 de febrero de 2025, 18:00 horas.<\/strong> Sesi\u00f3n ordinaria presencial de la DEFL-UCLM &#8211; Sal\u00f3n de Grados de la Facultad de Letras &#8211; Ciudad Real.<\/li>\n\n\n\n<li><strong>04 de febrero de 2025, 16:00 horas.<\/strong> I Asamblea General de Representantes de Campus &#8211; Aula 205 del Aulario General Polivalente &#8211; Ciudad Real. [Presidente, VP Lenguas Modernas y VP Estudios Ingleses].<\/li>\n\n\n\n<li><strong>28 de enero de 2025, 22:00 horas. <\/strong>Reuni\u00f3n de la Comisi\u00f3n Ejecutiva de la DEFL-UCLM, v\u00eda Teams.<\/li>\n\n\n\n<li><strong>18 de diciembre de 2024, 14:30 horas. <\/strong>Vino de Navidad del Decanato &#8211; Facultad de Letras &#8211; Ciudad Real.<\/li>\n\n\n\n<li><strong>18 de diciembre de 2024, 14:00 horas. <\/strong>I Intercambio Navide\u00f1o de Christmas y Adornos &#8211; Facultad de Letras &#8211; Ciudad Real.<\/li>\n\n\n\n<li><strong>15 de diciembre de 2024, 16:00 horas.<\/strong> I Asamblea General Ordinaria Telem\u00e1tica, v\u00eda Google Meet. [Secretaria].<\/li>\n\n\n\n<li><strong>02 de diciembre de 2024, 16:00 horas.<\/strong> Reuni\u00f3n de la Comisi\u00f3n de Actividades y Redes Sociales, v\u00eda Teams.<\/li>\n\n\n\n<li><strong>12 de diciembre de 2024.<\/strong> Sesi\u00f3n ordinaria presencial de la DECCR-UCLM &#8211; Sal\u00f3n de Grados de la Facultad de Derecho y Ciencias Sociales &#8211; Ciudad Real y Teams [Presidente, VP Lenguas Modernas y VP Estudios Ingleses].<\/li>\n\n\n\n<li><strong>05 de noviembre de 2024.<\/strong> Sesi\u00f3n ordinaria presencial de la DEFL-UCLM &#8211; Sal\u00f3n de Grados de la Facultad de Letras &#8211; Ciudad Real. [Presidente, VP Lenguas Modernas y VP Estudios Ingleses].<\/li>\n\n\n\n<li><strong>11 de noviembre de 2024, 22:00 horas.<\/strong> Reuni\u00f3n de la Comisi\u00f3n Ejecutiva de la DEFL-UCLM, v\u00eda Teams.<\/li>\n\n\n\n<li><strong>05 de noviembre de 2024.<\/strong> Sesi\u00f3n ordinaria presencial de la DEFL-UCLM &#8211; Sal\u00f3n de Grados de la Facultad de Letras &#8211; Ciudad Real.<\/li>\n\n\n\n<li><strong>28 de octubre de 2024, 10:00 horas.<\/strong> Elecciones a delegado de estudiantes de la Facultad de Letras de la UCLM &#8211; Ciudad Real [Presidente y VP Espa\u00f1ol: Lengua y Literatura].<\/li>\n<\/ul>\n\n\n\n<div style=\"height:46px\" aria-hidden=\"true\" class=\"wp-block-spacer\"><\/div>\n\n\n\n<hr class=\"wp-block-separator has-text-color has-black-color has-alpha-channel-opacity has-black-background-color has-background is-style-default\" \/>\n\n\n\n<div style=\"height:18px\" aria-hidden=\"true\" class=\"wp-block-spacer\"><\/div>\n\n\n\n<div class=\"wp-block-columns is-layout-flex wp-container-core-columns-is-layout-9d6595d7 wp-block-columns-is-layout-flex\">\n<div class=\"wp-block-column is-layout-flow wp-block-column-is-layout-flow\">\n<div class=\"wp-block-columns is-layout-flex wp-container-core-columns-is-layout-9d6595d7 wp-block-columns-is-layout-flex\">\n<div class=\"wp-block-column is-layout-flow wp-block-column-is-layout-flow\">\n<figure class=\"wp-block-image size-full\"><img loading=\"lazy\" decoding=\"async\" width=\"400\" height=\"400\" src=\"https:\/\/blog.uclm.es\/estudiantesletras\/wp-content\/uploads\/sites\/306\/2025\/04\/Icon_400x400_v02.png\" alt=\"\" class=\"wp-image-333\" srcset=\"https:\/\/blog.uclm.es\/estudiantesletras\/wp-content\/uploads\/sites\/306\/2025\/04\/Icon_400x400_v02.png 400w, https:\/\/blog.uclm.es\/estudiantesletras\/wp-content\/uploads\/sites\/306\/2025\/04\/Icon_400x400_v02-300x300.png 300w, https:\/\/blog.uclm.es\/estudiantesletras\/wp-content\/uploads\/sites\/306\/2025\/04\/Icon_400x400_v02-150x150.png 150w, https:\/\/blog.uclm.es\/estudiantesletras\/wp-content\/uploads\/sites\/306\/2025\/04\/Icon_400x400_v02-100x100.png 100w\" sizes=\"auto, (max-width: 400px) 100vw, 400px\" \/><\/figure>\n<\/div>\n\n\n\n<div class=\"wp-block-column is-layout-flow wp-block-column-is-layout-flow\">\n<figure class=\"wp-block-image size-full\"><img loading=\"lazy\" decoding=\"async\" width=\"500\" height=\"500\" src=\"https:\/\/blog.uclm.es\/estudiantesletras\/wp-content\/uploads\/sites\/306\/2024\/11\/Logos-DEFL-UCLM-20241113-2.png\" alt=\"\" class=\"wp-image-12\" srcset=\"https:\/\/blog.uclm.es\/estudiantesletras\/wp-content\/uploads\/sites\/306\/2024\/11\/Logos-DEFL-UCLM-20241113-2.png 500w, https:\/\/blog.uclm.es\/estudiantesletras\/wp-content\/uploads\/sites\/306\/2024\/11\/Logos-DEFL-UCLM-20241113-2-300x300.png 300w, https:\/\/blog.uclm.es\/estudiantesletras\/wp-content\/uploads\/sites\/306\/2024\/11\/Logos-DEFL-UCLM-20241113-2-150x150.png 150w\" sizes=\"auto, (max-width: 500px) 100vw, 500px\" \/><\/figure>\n<\/div>\n\n\n\n<div class=\"wp-block-column is-layout-flow wp-block-column-is-layout-flow\">\n<figure class=\"wp-block-image size-full\"><img loading=\"lazy\" decoding=\"async\" width=\"400\" height=\"400\" src=\"https:\/\/blog.uclm.es\/estudiantesletras\/wp-content\/uploads\/sites\/306\/2025\/04\/Icon_400x400_v02.png\" alt=\"\" class=\"wp-image-333\" srcset=\"https:\/\/blog.uclm.es\/estudiantesletras\/wp-content\/uploads\/sites\/306\/2025\/04\/Icon_400x400_v02.png 400w, https:\/\/blog.uclm.es\/estudiantesletras\/wp-content\/uploads\/sites\/306\/2025\/04\/Icon_400x400_v02-300x300.png 300w, https:\/\/blog.uclm.es\/estudiantesletras\/wp-content\/uploads\/sites\/306\/2025\/04\/Icon_400x400_v02-150x150.png 150w, https:\/\/blog.uclm.es\/estudiantesletras\/wp-content\/uploads\/sites\/306\/2025\/04\/Icon_400x400_v02-100x100.png 100w\" sizes=\"auto, (max-width: 400px) 100vw, 400px\" \/><\/figure>\n<\/div>\n<\/div>\n<\/div>\n<\/div>\n","protected":false},"excerpt":{"rendered":"<p>A continuaci\u00f3n podr\u00e1s encontrar la agenda de los diferentes miembros que componen la Comisi\u00f3n Ejecutiva de la DEFL-UCLM: MANDATO OCTUBRE 2025 \u2013 OCTUBRE 2026 MANDATO OCTUBRE 2024 \u2013 OCTUBRE 2025<\/p>\n","protected":false},"author":470,"featured_media":0,"parent":0,"menu_order":0,"comment_status":"closed","ping_status":"closed","template":"","meta":{"footnotes":""},"class_list":["post-61","page","type-page","status-publish","hentry"],"_links":{"self":[{"href":"https:\/\/blog.uclm.es\/estudiantesletras\/wp-json\/wp\/v2\/pages\/61","targetHints":{"allow":["GET"]}}],"collection":[{"href":"https:\/\/blog.uclm.es\/estudiantesletras\/wp-json\/wp\/v2\/pages"}],"about":[{"href":"https:\/\/blog.uclm.es\/estudiantesletras\/wp-json\/wp\/v2\/types\/page"}],"author":[{"embeddable":true,"href":"https:\/\/blog.uclm.es\/estudiantesletras\/wp-json\/wp\/v2\/users\/470"}],"replies":[{"embeddable":true,"href":"https:\/\/blog.uclm.es\/estudiantesletras\/wp-json\/wp\/v2\/comments?post=61"}],"version-history":[{"count":41,"href":"https:\/\/blog.uclm.es\/estudiantesletras\/wp-json\/wp\/v2\/pages\/61\/revisions"}],"predecessor-version":[{"id":847,"href":"https:\/\/blog.uclm.es\/estudiantesletras\/wp-json\/wp\/v2\/pages\/61\/revisions\/847"}],"wp:attachment":[{"href":"https:\/\/blog.uclm.es\/estudiantesletras\/wp-json\/wp\/v2\/media?parent=61"}],"curies":[{"name":"wp","href":"https:\/\/api.w.org\/{rel}","templated":true}]}}