{"id":59,"date":"2024-12-15T16:15:30","date_gmt":"2024-12-15T15:15:30","guid":{"rendered":"https:\/\/blog.uclm.es\/estudiantesletras\/?page_id=59"},"modified":"2025-10-24T11:53:29","modified_gmt":"2025-10-24T09:53:29","slug":"comisiones","status":"publish","type":"page","link":"https:\/\/blog.uclm.es\/estudiantesletras\/comisiones\/","title":{"rendered":"COMISIONES"},"content":{"rendered":"\n<p style=\"line-height:1.8\">La Delegaci\u00f3n de Estudiantes de la Facultad de Letras de la Universidad de Castilla-La Mancha (DEFL-UCLM) puede crear comisiones de trabajo destinadas a diversos fines. Actualmente, el \u00f3rgano cuenta con un total de 3 comisiones de trabajo, que son las siguientes:<\/p>\n\n\n\n<div style=\"height:36px\" aria-hidden=\"true\" class=\"wp-block-spacer\"><\/div>\n\n\n\n<div class=\"wp-block-columns is-layout-flex wp-container-core-columns-is-layout-9d6595d7 wp-block-columns-is-layout-flex\">\n<div class=\"wp-block-column is-layout-flow wp-block-column-is-layout-flow\" style=\"flex-basis:33.33%\"><div class=\"wp-block-image\">\n<figure class=\"aligncenter size-full is-resized\"><img loading=\"lazy\" decoding=\"async\" width=\"232\" height=\"226\" src=\"https:\/\/blog.uclm.es\/estudiantesletras\/wp-content\/uploads\/sites\/306\/2025\/04\/Captura-de-pantalla-2025-04-21-a-las-1.30.30.png\" alt=\"\" class=\"wp-image-574\" style=\"width:82px;height:auto\" \/><\/figure>\n<\/div><\/div>\n\n\n\n<div class=\"wp-block-column is-vertically-aligned-bottom is-layout-flow wp-block-column-is-layout-flow\" style=\"flex-basis:66.66%\">\n<p class=\"has-text-align-left has-medium-font-size\"><strong>COMISI\u00d3N DE ACTIVIDADES Y REDES SOCIALES<\/strong><\/p>\n<\/div>\n<\/div>\n\n\n\n<p><strong>Coordinaci\u00f3n:<\/strong> Ic\u00edar Lomas Losa, secretaria de la DEFL-UCLM.<\/p>\n\n\n\n<p><strong>Secretar\u00eda:<\/strong> Juan Alfonso Blanco Morales, presidente de la DEFL-UCLM<\/p>\n\n\n\n<div class=\"wp-block-group is-vertical is-layout-flex wp-container-core-group-is-layout-8cf370e7 wp-block-group-is-layout-flex\">\n<p><strong>Miembros por parte de la DEFL-UCLM:<\/strong><\/p>\n\n\n\n<p>Yuliana Rodr\u00edguez Luz, subdelegada de estudiantes de la Facultad de Letras por el Grado en Lenguas y Literaturas Modernas: Franc\u00e9s-Ingl\u00e9s.<\/p>\n\n\n\n<p>Luc\u00eda Morales L\u00f3pez, subdelegada de estudiantes de la Facultad de Letras por el Grado en Estudios Ingleses.<\/p>\n\n\n\n<p>Elena Mateo Camargo, subdelegada de estudiantes de la Facultad de Letras por el Grado en Historia.<\/p>\n\n\n\n<p>Roc\u00edo Garcia Cabello de los Cobos, tesorera de la DEFL-UCLM.<\/p>\n\n\n\n<p>Alba Valero Fern\u00e1ndez, subdelegada de 3.\u00ba curso del Grado en Historia.<\/p>\n\n\n\n<p>Diego Argum\u00e1nez Zamora, delegado de 1.\u00ba curso del Doble Grado en Historia e Historia del Arte.<\/p>\n\n\n\n<p>Carmen de Gracia Gal\u00e1n Rubio, delegada de 2.\u00ba curso del Doble Grado en Historia e Historia del Arte.<\/p>\n\n\n\n<p>Miguel Nebot Nebot, delegado de 1.\u00ba del Grado en Espa\u00f1ol: Lengua y Literatura.<\/p>\n\n\n\n<div style=\"height:20px\" aria-hidden=\"true\" class=\"wp-block-spacer wp-container-content-62aae154\"><\/div>\n<\/div>\n\n\n\n<div style=\"height:38px\" aria-hidden=\"true\" class=\"wp-block-spacer\"><\/div>\n\n\n\n<div class=\"wp-block-columns is-layout-flex wp-container-core-columns-is-layout-9d6595d7 wp-block-columns-is-layout-flex\">\n<div class=\"wp-block-column is-layout-flow wp-block-column-is-layout-flow\"><div class=\"wp-block-image\">\n<figure class=\"aligncenter size-full is-resized\"><img loading=\"lazy\" decoding=\"async\" width=\"232\" height=\"226\" src=\"https:\/\/blog.uclm.es\/estudiantesletras\/wp-content\/uploads\/sites\/306\/2025\/04\/Captura-de-pantalla-2025-04-21-a-las-1.30.30.png\" alt=\"\" class=\"wp-image-574\" style=\"width:102px;height:auto\" \/><\/figure>\n<\/div><\/div>\n\n\n\n<div class=\"wp-block-column is-vertically-aligned-center is-layout-flow wp-block-column-is-layout-flow\">\n<p class=\"has-text-align-center\" style=\"font-size:22px\"><strong>COMISI\u00d3N DE ARELL<\/strong><\/p>\n<\/div>\n\n\n\n<div class=\"wp-block-column is-layout-flow wp-block-column-is-layout-flow\"><div class=\"wp-block-image\">\n<figure class=\"aligncenter size-full is-resized\"><img loading=\"lazy\" decoding=\"async\" width=\"500\" height=\"500\" src=\"https:\/\/blog.uclm.es\/estudiantesletras\/wp-content\/uploads\/sites\/306\/2025\/04\/1-2.png\" alt=\"\" class=\"wp-image-394\" style=\"width:104px;height:auto\" srcset=\"https:\/\/blog.uclm.es\/estudiantesletras\/wp-content\/uploads\/sites\/306\/2025\/04\/1-2.png 500w, https:\/\/blog.uclm.es\/estudiantesletras\/wp-content\/uploads\/sites\/306\/2025\/04\/1-2-300x300.png 300w, https:\/\/blog.uclm.es\/estudiantesletras\/wp-content\/uploads\/sites\/306\/2025\/04\/1-2-150x150.png 150w, https:\/\/blog.uclm.es\/estudiantesletras\/wp-content\/uploads\/sites\/306\/2025\/04\/1-2-100x100.png 100w\" sizes=\"auto, (max-width: 500px) 100vw, 500px\" \/><\/figure>\n<\/div><\/div>\n<\/div>\n\n\n\n<p><strong>Coordinaci\u00f3n:<\/strong> Fernando Garc\u00eda Acedo, subdelegado de estudiantes de la Facultad de Letras por el Grado en Espa\u00f1ol: Lengua y Literatura, vicepresidente de ARELL.<\/p>\n\n\n\n<p><strong>Secretar\u00eda:<\/strong> Juan Alfonso Blanco Morales, presidente de la DEFL-UCLM, director de comunicaci\u00f3n de ARELL.<\/p>\n\n\n\n<div class=\"wp-block-group is-vertical is-layout-flex wp-container-core-group-is-layout-8cf370e7 wp-block-group-is-layout-flex\">\n<p><strong>Miembros por parte de la DEFL-UCLM:<\/strong><\/p>\n\n\n\n<p>Irene Le\u00f3n Denia, subdelegada de 2.\u00ba curso del Grado en Estudios Ingleses, representante de socio de la UCLM en ARELL.<\/p>\n\n\n\n<p>Alicia Portillo Molino-Prados, delegada de 1.\u00ba curso del Grado en Estudios Ingleses, vocal de creaci\u00f3n de contenido en ARELL.<\/p>\n\n\n\n<p>Ram\u00f3n Juan de G\u00f3mez de Juan, coordinador de la zona \u03b2 de ARELL.<\/p>\n\n\n\n<div style=\"height:20px\" aria-hidden=\"true\" class=\"wp-block-spacer wp-container-content-62aae154\"><\/div>\n<\/div>\n\n\n\n<div style=\"height:25px\" aria-hidden=\"true\" class=\"wp-block-spacer\"><\/div>\n\n\n\n<div class=\"wp-block-columns is-layout-flex wp-container-core-columns-is-layout-9d6595d7 wp-block-columns-is-layout-flex\">\n<div class=\"wp-block-column is-layout-flow wp-block-column-is-layout-flow\"><div class=\"wp-block-image\">\n<figure class=\"aligncenter size-full is-resized\"><img loading=\"lazy\" decoding=\"async\" width=\"232\" height=\"226\" src=\"https:\/\/blog.uclm.es\/estudiantesletras\/wp-content\/uploads\/sites\/306\/2025\/04\/Captura-de-pantalla-2025-04-21-a-las-1.30.30.png\" alt=\"\" class=\"wp-image-574\" style=\"width:113px;height:auto\" \/><\/figure>\n<\/div><\/div>\n\n\n\n<div class=\"wp-block-column is-vertically-aligned-center is-layout-flow wp-block-column-is-layout-flow\">\n<p class=\"has-text-align-center has-medium-font-size\"><strong>COMISI\u00d3N DE SIUEH<\/strong><\/p>\n<\/div>\n\n\n\n<div class=\"wp-block-column is-layout-flow wp-block-column-is-layout-flow\"><div class=\"wp-block-image is-style-rounded\">\n<figure class=\"aligncenter size-full is-resized\"><img loading=\"lazy\" decoding=\"async\" width=\"500\" height=\"500\" src=\"https:\/\/blog.uclm.es\/estudiantesletras\/wp-content\/uploads\/sites\/306\/2025\/04\/2.png\" alt=\"\" class=\"wp-image-391\" style=\"width:117px;height:auto\" srcset=\"https:\/\/blog.uclm.es\/estudiantesletras\/wp-content\/uploads\/sites\/306\/2025\/04\/2.png 500w, https:\/\/blog.uclm.es\/estudiantesletras\/wp-content\/uploads\/sites\/306\/2025\/04\/2-300x300.png 300w, https:\/\/blog.uclm.es\/estudiantesletras\/wp-content\/uploads\/sites\/306\/2025\/04\/2-150x150.png 150w, https:\/\/blog.uclm.es\/estudiantesletras\/wp-content\/uploads\/sites\/306\/2025\/04\/2-100x100.png 100w\" sizes=\"auto, (max-width: 500px) 100vw, 500px\" \/><\/figure>\n<\/div><\/div>\n<\/div>\n\n\n\n<p><strong>Coordinaci\u00f3n:<\/strong> Ic\u00edar Lomas Losa, secretaria de la DEFL-UCLM.<\/p>\n\n\n\n<p><strong>Secretar\u00eda:<\/strong> Juan Alfonso Blanco Morales, presidente de la DEFL-UCLM<\/p>\n\n\n\n<div class=\"wp-block-group is-vertical is-layout-flex wp-container-core-group-is-layout-8cf370e7 wp-block-group-is-layout-flex\">\n<p><strong>Miembros por parte de la DEFL-UCLM:<\/strong><\/p>\n\n\n\n<p>Elena Mateo Camargo, subdelegada de estudiantes de la Facultad de Letras por el Grado en Historia.<\/p>\n\n\n\n<p>Andr\u00e9s Puzych Pater, subdelegado de estudiantes de la Facultad de Letras por el Doble Grado en Historia y Geograf\u00eda, Desarrollo Territorial y Sostenibilidad.<\/p>\n\n\n\n<p>Diego Argum\u00e1nez Zamora, delegado de 1.\u00ba curso del Doble Grado en Historia e Historia del Arte, miembro del Comit\u00e9 de Garantias de SIUEH.<\/p>\n\n\n\n<p>Carmen de Gracia Gal\u00e1n Rubio, delegada de 2.\u00ba curso del Doble Grado en Historia e Historia del Arte.<\/p>\n\n\n\n<div style=\"height:20px\" aria-hidden=\"true\" class=\"wp-block-spacer wp-container-content-62aae154\"><\/div>\n<\/div>\n\n\n\n<hr class=\"wp-block-separator has-text-color has-black-color has-alpha-channel-opacity has-black-background-color has-background\" \/>\n\n\n\n<div style=\"height:28px\" aria-hidden=\"true\" class=\"wp-block-spacer\"><\/div>\n\n\n\n<div class=\"wp-block-columns is-layout-flex wp-container-core-columns-is-layout-9d6595d7 wp-block-columns-is-layout-flex\">\n<div class=\"wp-block-column is-layout-flow wp-block-column-is-layout-flow\">\n<figure class=\"wp-block-image size-full\"><img loading=\"lazy\" decoding=\"async\" width=\"500\" height=\"500\" src=\"https:\/\/blog.uclm.es\/estudiantesletras\/wp-content\/uploads\/sites\/306\/2025\/04\/1-2.png\" alt=\"\" class=\"wp-image-394\" srcset=\"https:\/\/blog.uclm.es\/estudiantesletras\/wp-content\/uploads\/sites\/306\/2025\/04\/1-2.png 500w, https:\/\/blog.uclm.es\/estudiantesletras\/wp-content\/uploads\/sites\/306\/2025\/04\/1-2-300x300.png 300w, https:\/\/blog.uclm.es\/estudiantesletras\/wp-content\/uploads\/sites\/306\/2025\/04\/1-2-150x150.png 150w, https:\/\/blog.uclm.es\/estudiantesletras\/wp-content\/uploads\/sites\/306\/2025\/04\/1-2-100x100.png 100w\" sizes=\"auto, (max-width: 500px) 100vw, 500px\" \/><\/figure>\n<\/div>\n\n\n\n<div class=\"wp-block-column is-layout-flow wp-block-column-is-layout-flow\">\n<figure class=\"wp-block-image size-full\"><img loading=\"lazy\" decoding=\"async\" width=\"232\" height=\"226\" src=\"https:\/\/blog.uclm.es\/estudiantesletras\/wp-content\/uploads\/sites\/306\/2025\/04\/Captura-de-pantalla-2025-04-21-a-las-1.30.30.png\" alt=\"\" class=\"wp-image-574\" \/><\/figure>\n<\/div>\n\n\n\n<div class=\"wp-block-column is-layout-flow wp-block-column-is-layout-flow\">\n<figure class=\"wp-block-image size-full is-style-rounded\"><img loading=\"lazy\" decoding=\"async\" width=\"500\" height=\"500\" src=\"https:\/\/blog.uclm.es\/estudiantesletras\/wp-content\/uploads\/sites\/306\/2025\/04\/2.png\" alt=\"\" class=\"wp-image-391\" srcset=\"https:\/\/blog.uclm.es\/estudiantesletras\/wp-content\/uploads\/sites\/306\/2025\/04\/2.png 500w, https:\/\/blog.uclm.es\/estudiantesletras\/wp-content\/uploads\/sites\/306\/2025\/04\/2-300x300.png 300w, https:\/\/blog.uclm.es\/estudiantesletras\/wp-content\/uploads\/sites\/306\/2025\/04\/2-150x150.png 150w, https:\/\/blog.uclm.es\/estudiantesletras\/wp-content\/uploads\/sites\/306\/2025\/04\/2-100x100.png 100w\" sizes=\"auto, (max-width: 500px) 100vw, 500px\" \/><\/figure>\n<\/div>\n<\/div>\n\n\n\n<p><\/p>\n","protected":false},"excerpt":{"rendered":"<p>La Delegaci\u00f3n de Estudiantes de la Facultad de Letras de la Universidad de Castilla-La Mancha (DEFL-UCLM) puede crear comisiones de trabajo destinadas a diversos fines. Actualmente, el \u00f3rgano cuenta con un total de 3 comisiones de trabajo, que son las siguientes: COMISI\u00d3N DE ACTIVIDADES Y REDES SOCIALES Coordinaci\u00f3n: Ic\u00edar Lomas Losa, secretaria de la DEFL-UCLM. &hellip; <\/p>\n<p class=\"link-more\"><a href=\"https:\/\/blog.uclm.es\/estudiantesletras\/comisiones\/\" class=\"more-link\">Continuar leyendo<span class=\"screen-reader-text\"> \u00abCOMISIONES\u00bb<\/span><\/a><\/p>\n","protected":false},"author":470,"featured_media":0,"parent":0,"menu_order":0,"comment_status":"closed","ping_status":"closed","template":"","meta":{"footnotes":""},"class_list":["post-59","page","type-page","status-publish","hentry"],"_links":{"self":[{"href":"https:\/\/blog.uclm.es\/estudiantesletras\/wp-json\/wp\/v2\/pages\/59","targetHints":{"allow":["GET"]}}],"collection":[{"href":"https:\/\/blog.uclm.es\/estudiantesletras\/wp-json\/wp\/v2\/pages"}],"about":[{"href":"https:\/\/blog.uclm.es\/estudiantesletras\/wp-json\/wp\/v2\/types\/page"}],"author":[{"embeddable":true,"href":"https:\/\/blog.uclm.es\/estudiantesletras\/wp-json\/wp\/v2\/users\/470"}],"replies":[{"embeddable":true,"href":"https:\/\/blog.uclm.es\/estudiantesletras\/wp-json\/wp\/v2\/comments?post=59"}],"version-history":[{"count":14,"href":"https:\/\/blog.uclm.es\/estudiantesletras\/wp-json\/wp\/v2\/pages\/59\/revisions"}],"predecessor-version":[{"id":876,"href":"https:\/\/blog.uclm.es\/estudiantesletras\/wp-json\/wp\/v2\/pages\/59\/revisions\/876"}],"wp:attachment":[{"href":"https:\/\/blog.uclm.es\/estudiantesletras\/wp-json\/wp\/v2\/media?parent=59"}],"curies":[{"name":"wp","href":"https:\/\/api.w.org\/{rel}","templated":true}]}}