{"id":99,"date":"2017-12-27T22:47:52","date_gmt":"2017-12-27T21:47:52","guid":{"rendered":"http:\/\/blog.uclm.es\/estherfdez\/?page_id=99"},"modified":"2025-07-03T12:49:56","modified_gmt":"2025-07-03T12:49:56","slug":"congresos-y-conferencias","status":"publish","type":"page","link":"https:\/\/blog.uclm.es\/estherfdez\/congresos-y-conferencias\/","title":{"rendered":"Congresos y conferencias"},"content":{"rendered":"<p style=\"text-align: justify\">Estas son las presentaciones a congresos y conferencias invitadas en las que he participado en los \u00faltimos tres a\u00f1os:<\/p>\n<p>Fern\u00e1ndez-Molina, E. &amp; Bartolom\u00e9, R. (2025) Narrativas de chicas delincuentes sobre su paso por el sistema judicial: experiencias con la polic\u00eda. VI Simposio de Investigaci\u00f3n Criminol\u00f3gica organizado por Sociedad Espa\u00f1ola de Investigaci\u00f3n Criminol\u00f3gica y la Universidad de Lleida. Lleida, 27 de junio de 2025. (Comunicaci\u00f3n)<\/p>\n<p>Bartolom\u00e9, R. &amp; Fern\u00e1ndez-Molina, E.\u00a0 (2025) Pocas para que importen: el uso de entrevistas narrativas en la investigaci\u00f3n con j\u00f3venes infractoras. VI Simposio de Investigaci\u00f3n Criminol\u00f3gica organizado por Sociedad Espa\u00f1ola de Investigaci\u00f3n Criminol\u00f3gica y la Universidad de Lleida. Lleida, 27 de junio de 2025. (Comunicaci\u00f3n)<\/p>\n<p>Montero Molera, A. y Fern\u00e1ndez-Molina, E. (2025). \u00bfDeciden los menores? Una mirada a su papel en los acuerdos de conformidad. VI Simposio de Investigaci\u00f3n Criminol\u00f3gica organizado por Sociedad Espa\u00f1ola de Investigaci\u00f3n Criminol\u00f3gica y la Universidad de Lleida. Lleida, 27 de junio de 2025. (Comunicaci\u00f3n)<\/p>\n<p>Ramos Gil, P., Fern\u00e1ndez-Molina, E. &amp; Bartolom\u00e9, R. (2025) Ciberdelincuencia en j\u00f3venes antes y despu\u00e9s de la pandemia. VI Simposio de Investigaci\u00f3n Criminol\u00f3gica organizado por Sociedad Espa\u00f1ola de Investigaci\u00f3n Criminol\u00f3gica y la Universidad de Lleida. Lleida, 27 de junio de 2028. (Comunicaci\u00f3n)<\/p>\n<p>Erosa Venegas, R.A., Grijalva Eternod, A. y Fern\u00e1ndez Molina, E (2025). An\u00e1lisis exploratorio sobre los desaf\u00edos para el cumplimiento de las leyes penales de las personas jur\u00eddicas en M\u00e9xico. VI Simposio de Investigaci\u00f3n Criminol\u00f3gica organizado por Sociedad Espa\u00f1ola de Investigaci\u00f3n Criminol\u00f3gica y la Universidad de Lleida. Lleida, 27 de junio de 2025. (Comunicaci\u00f3n)<\/p>\n<p>Fern\u00e1ndez-Molina, E. (2025). \u00bfCaso de \u00e9xito en la transferencia de conocimiento? El uso de c\u00f3mics para informar a los menores de sus derechos en sede policial. V Jornada-Taller: Transferencia e innovaci\u00f3n para las pol\u00edticas p\u00fablicas sobre delincuencia. Organiza POLARIS. Madrid, 24 de abril de 2025 (Ponencia invitada)<\/p>\n<p>Fern\u00e1ndez-Molina, E. (2025) \u00c9tica en la investigaci\u00f3n con ni\u00f1os, ni\u00f1as y adolescentes. Seminario RUIA. Las universidades como entornos seguros y de buen trato para la infancia y la adolescencia. Universidad de Valencia. Valencia, 8 de abril de 2025. (Ponencia invitada)<\/p>\n<p>Fern\u00e1ndez-Molina, E. (2025). \u2018No hablo espa\u00f1ol\u2019: el lenguaje como instrumento de racismo institucional. Congreso Fronteras y horizontes de la pol\u00edtica criminal ante la inmigraci\u00f3n. Observatorio criminol\u00f3gico del sistema penal ante la inmigraci\u00f3n. Universidad de M\u00e1laga. M\u00e1laga, 28 de marzo de 2025. (Comunicaci\u00f3n)<\/p>\n<p>Fern\u00e1ndez-Molina, E. (2024) El camino de las chicas hacia la delincuencia: \u00bfqui\u00e9n las para? <em>Conference: Pathways to Juvenile Delinquency<\/em>. Universidad de Oporto. Oporto, 3 de diciembre de 2024. (Ponencia invitada)<\/p>\n<p>Garc\u00eda-Baeza, I., P\u00e1ez-Merida, A &amp; Fern\u00e1ndez-Molina, E (2024) Herramientas de identificaci\u00f3n de la discapacidad intelectual en el sistema de justicia penal: revisi\u00f3n sistem\u00e1tica. <em>XIV Congreso Espa\u00f1ol de Criminolog\u00eda<\/em>, C\u00e1ceres, 17 de octubre de 2024. (Comunicaci\u00f3n)<\/p>\n<p>P\u00e1ez-M\u00e9rida, A., Fern\u00e1ndez-Molina, E., Bartolom\u00e9, R. &amp; Montero, A.\u00a0 (2024) La pena de multa en los delitos leves cometidos por mujeres: una respuesta penal tan com\u00fan como desconocida. <em>XIV Congreso Espa\u00f1ol de Criminolog\u00eda<\/em>, C\u00e1ceres, 17 de octubre de 2024. (Comunicaci\u00f3n)<\/p>\n<p>Fern\u00e1ndez-Molina, E., Bartolom\u00e9, R., Bernuz, M.J., Carretero, C., Montero, A. P\u00e1ez-M\u00e9rida, A. &amp; Parra, M. (2024) \u201cHablemos claro\u201d: Documentos accesibles para menores en la justicia penal. <em>XIV Congreso Espa\u00f1ol de Criminolog\u00eda<\/em>, C\u00e1ceres, 18 de octubre de 2024. (Comunicaci\u00f3n)<\/p>\n<p>Montero, A., Fern\u00e1ndez-Molina, E. &amp; Bernuz, M.J. (2024) Los desaf\u00edos del instituto de la conformidad en la justicia de menores. <em>XIV Congreso Espa\u00f1ol de Criminolog\u00eda<\/em>, C\u00e1ceres, 18 de octubre de 2024. (Comunicaci\u00f3n)<\/p>\n<p>Fern\u00e1ndez-Molina, E. &amp; Bartolom\u00e9, R. (2024) Narratives of young female offenders regarding their passage through the justice system: what about the police? <em>24rd Annual Conference of the European Society of Criminology<\/em>. Bucarest,12 septiembre de 2024. (Comunicaci\u00f3n)<\/p>\n<p>Fern\u00e1ndez-Molina, E., Bartolom\u00e9, R., Bernuz, M.J., Carretero, C., Montero, A. P\u00e1ez-M\u00e9rida, A. &amp; Parra, M. (2024). Let&#8217;s be clear\u201d. Design and evaluation of accessible documents for children inside police custody. <em>24rd Annual Conference of the European Society of Criminology<\/em>. Bucarest,13 septiembre de 2024. (Poster)<\/p>\n<p>Fern\u00e1ndez-Molina, E. (2024). Justicia Juvenil en Espa\u00f1a. Primer encuentro Chile-Espa\u00f1a sobre Delincuencia y Justicia Penal. Universidad Aut\u00f3noma de Barcelona, Barcelona, 7 junio 2024. (Ponencia invitada)<\/p>\n<p>Bartolom\u00e9, R &amp; Fern\u00e1ndez-Molina, E. (2024). Experiencias adversas en las trayectorias delictivas de chicas que cumplen medidas judiciales. Congreso Desigualdades, Criminolog\u00eda y Pol\u00edtica Criminal organizado por el Grupo de Trabajo en Criminolog\u00eda P\u00fablica (Sociedad Espa\u00f1ola de Investigaci\u00f3n Criminol\u00f3gica) y el Grupo de Criminolog\u00eda de la Universidad de Girona. Girona, 20 y 21 de mayo de 2024. (Comunicaci\u00f3n)<\/p>\n<p>Fern\u00e1ndez-Molina, E &amp; Bartolom\u00e9, R (2024). Detectar la vulnerabilidad en sede policial \u00bfuna misi\u00f3n imposible?. Congreso Desigualdades, Criminolog\u00eda y Pol\u00edtica Criminal organizado por el Grupo de Trabajo en Criminolog\u00eda P\u00fablica (Sociedad Espa\u00f1ola de Investigaci\u00f3n Criminol\u00f3gica) y el Grupo de Criminolog\u00eda de la Universidad de Girona. Girona, 20 y 21 de mayo de 2024. (Comunicaci\u00f3n)<\/p>\n<p>Bartolom\u00e9, R &amp; Fern\u00e1ndez-Molina, E. (2024). Desigualdades y acceso a la justicia. Una discusi\u00f3n alrededor de Ciudadanos y sistema penal y Machismo y cultura jur\u00eddica. Congreso Desigualdades, Criminolog\u00eda y Pol\u00edtica Criminal organizado por el Grupo de Trabajo en Criminolog\u00eda P\u00fablica (Sociedad Espa\u00f1ola de Investigaci\u00f3n Criminol\u00f3gica) y el Grupo de Criminolog\u00eda de la Universidad de Girona. Girona, 20 y 21 de mayo de 2024. (Ponencia invitada)<\/p>\n<p>Fern\u00e1ndez-Molina, E. et al. (2024) Justicia penal para todos. Caja de herramientas para mejorar la accesibilidad del sistema penal. IV Jornada-Taller: \u201cCiencia y pol\u00edticas p\u00fablicas relacionadas con la delincuencia\u201d, organizada por el GEPLP. Madrid (Congreso de los Diputados), 4 y 5 de abril de 2024. (Comunicaci\u00f3n)<\/p>\n<p>Fern\u00e1ndez-Molina, E. (2023). Jovens no sistema de justi\u00e7a juvenil-Uma oportunidade de socializa\u00e7ao legal?. Ciclo de confer\u00eancias. Universidade Lus\u00edada. Oporto (Portugal), 5 de diciembre de 2023. (Ponencia invitada)<\/p>\n<p>Fern\u00e1ndez-Molina, E. (2023). Neurociencias y \u00e1mbito subjetivo de aplicaci\u00f3n del Derecho penal de menores. Seminario Justicia penal de menores: Neurociencias, \u00e1mbito subjetivo de aplicaci\u00f3n y medidas organizado por Universidad de Barcelona. Barcelona, 23 de noviembre de 2023. (Ponencia invitada)<\/p>\n<p>Fern\u00e1ndez-Molina, E (2023). Percepciones de los j\u00f3venes sobre su paso por la justicia de menores. Jornada sobre Retos actuales de la Justicia de Menores organizado por el Instituto Interuniversitario Andaluz de Criminolog\u00eda (secci\u00f3n Sevilla). Sevilla, 19 de octubre de 2023. (Ponencia invitada)<\/p>\n<p>Fern\u00e1ndez-Molina, E (2023). Las fuentes de datos oficiales sobre delincuencia juvenil. Curso de Verano Delincuencia Juvenil: Investigaci\u00f3n Evaluativa y Retos Futuros, organizado por Universidad del Pa\u00eds Vasco. San Sebasti\u00e1n, 27 de julio de 2023. (Ponencia invitada)<\/p>\n<p>Fern\u00e1ndez-Molina, E &amp; Bartolom\u00e9 Guti\u00e9rrez, R. (2023). Relatos juveniles sobre su paso por el sistema penal. Valorando la utilidad de las entrevistas biogr\u00e1ficas para conocer los efectos de la judicializaci\u00f3n. V Simposio de Investigaci\u00f3n Criminol\u00f3gica. El Futuro de la Criminolog\u00eda, Hoy, organizado por la Sociedad Espa\u00f1ola de Investigaci\u00f3n Criminol\u00f3gica y Universidad de Valencia. Valencia, 7 de julio de 2023. (Comunicaci\u00f3n)<\/p>\n<p>Fern\u00e1ndez-Molina, E (2023). La vulnerabilidad en el sistema penal desde la perspectiva del infractor. Seminario Colectivos vulnerables en el sistema penal organizado por el grupo en Ciencias Criminales, Instituto Vasco de Victimolog\u00eda de la Universidad del Pa\u00eds Vasco y el grupo de Criminolog\u00eda y Delincuencia juvenil, Centro de Investigaci\u00f3n en Criminolog\u00eda de la Universidad de Castilla-La Mancha. Albacete, 29 de junio de 2023. (Ponencia invitada)<\/p>\n<p>Fern\u00e1ndez-Molina, E (2023). Perspectiva criminoc\u00e9ntrica de la vulnerabilidad de persona extranjeras. Seminario Colectivos vulnerables en el sistema penal organizado por el grupo en Ciencias Criminales, Instituto Vasco de Victimolog\u00eda de la Universidad del Pa\u00eds Vasco y el grupo de Criminolog\u00eda y Delincuencia juvenil, Centro de Investigaci\u00f3n en Criminolog\u00eda de la Universidad de Castilla-La Mancha. Albacete, 29 de junio de 2023. (Ponencia invitada)<\/p>\n","protected":false},"excerpt":{"rendered":"<p>Estas son las presentaciones a congresos y conferencias invitadas en las que he participado en los \u00faltimos tres a\u00f1os: Fern\u00e1ndez-Molina, E. &amp; Bartolom\u00e9, R. (2025) Narrativas de chicas delincuentes sobre su paso por el sistema judicial: experiencias con la polic\u00eda. VI Simposio de Investigaci\u00f3n Criminol\u00f3gica organizado por Sociedad Espa\u00f1ola de Investigaci\u00f3n Criminol\u00f3gica y la Universidad [&hellip;]<\/p>\n","protected":false},"author":99,"featured_media":0,"parent":0,"menu_order":0,"comment_status":"closed","ping_status":"closed","template":"","meta":{"footnotes":""},"class_list":["post-99","page","type-page","status-publish","hentry"],"_links":{"self":[{"href":"https:\/\/blog.uclm.es\/estherfdez\/wp-json\/wp\/v2\/pages\/99","targetHints":{"allow":["GET"]}}],"collection":[{"href":"https:\/\/blog.uclm.es\/estherfdez\/wp-json\/wp\/v2\/pages"}],"about":[{"href":"https:\/\/blog.uclm.es\/estherfdez\/wp-json\/wp\/v2\/types\/page"}],"author":[{"embeddable":true,"href":"https:\/\/blog.uclm.es\/estherfdez\/wp-json\/wp\/v2\/users\/99"}],"replies":[{"embeddable":true,"href":"https:\/\/blog.uclm.es\/estherfdez\/wp-json\/wp\/v2\/comments?post=99"}],"version-history":[{"count":12,"href":"https:\/\/blog.uclm.es\/estherfdez\/wp-json\/wp\/v2\/pages\/99\/revisions"}],"predecessor-version":[{"id":1255,"href":"https:\/\/blog.uclm.es\/estherfdez\/wp-json\/wp\/v2\/pages\/99\/revisions\/1255"}],"wp:attachment":[{"href":"https:\/\/blog.uclm.es\/estherfdez\/wp-json\/wp\/v2\/media?parent=99"}],"curies":[{"name":"wp","href":"https:\/\/api.w.org\/{rel}","templated":true}]}}

<p style="text-align: justify">Estas son las presentaciones a congresos y conferencias invitadas en las que he participado en los últimos tres años:</p>
<p>Fernández-Molina, E. &amp; Bartolomé, R. (2025) Narrativas de chicas delincuentes sobre su paso por el sistema judicial: experiencias con la policía. VI Simposio de Investigación Criminológica organizado por Sociedad Española de Investigación Criminológica y la Universidad de Lleida. Lleida, 27 de junio de 2025. (Comunicación)</p>
<p>Bartolomé, R. &amp; Fernández-Molina, E.  (2025) Pocas para que importen: el uso de entrevistas narrativas en la investigación con jóvenes infractoras. VI Simposio de Investigación Criminológica organizado por Sociedad Española de Investigación Criminológica y la Universidad de Lleida. Lleida, 27 de junio de 2025. (Comunicación)</p>
<p>Montero Molera, A. y Fernández-Molina, E. (2025). ¿Deciden los menores? Una mirada a su papel en los acuerdos de conformidad. VI Simposio de Investigación Criminológica organizado por Sociedad Española de Investigación Criminológica y la Universidad de Lleida. Lleida, 27 de junio de 2025. (Comunicación)</p>
<p>Ramos Gil, P., Fernández-Molina, E. &amp; Bartolomé, R. (2025) Ciberdelincuencia en jóvenes antes y después de la pandemia. VI Simposio de Investigación Criminológica organizado por Sociedad Española de Investigación Criminológica y la Universidad de Lleida. Lleida, 27 de junio de 2028. (Comunicación)</p>
<p>Erosa Venegas, R.A., Grijalva Eternod, A. y Fernández Molina, E (2025). Análisis exploratorio sobre los desafíos para el cumplimiento de las leyes penales de las personas jurídicas en México. VI Simposio de Investigación Criminológica organizado por Sociedad Española de Investigación Criminológica y la Universidad de Lleida. Lleida, 27 de junio de 2025. (Comunicación)</p>
<p>Fernández-Molina, E. (2025). ¿Caso de éxito en la transferencia de conocimiento? El uso de cómics para informar a los menores de sus derechos en sede policial. V Jornada-Taller: Transferencia e innovación para las políticas públicas sobre delincuencia. Organiza POLARIS. Madrid, 24 de abril de 2025 (Ponencia invitada)</p>
<p>Fernández-Molina, E. (2025) Ética en la investigación con niños, niñas y adolescentes. Seminario RUIA. Las universidades como entornos seguros y de buen trato para la infancia y la adolescencia. Universidad de Valencia. Valencia, 8 de abril de 2025. (Ponencia invitada)</p>
<p>Fernández-Molina, E. (2025). ‘No hablo español’: el lenguaje como instrumento de racismo institucional. Congreso Fronteras y horizontes de la política criminal ante la inmigración. Observatorio criminológico del sistema penal ante la inmigración. Universidad de Málaga. Málaga, 28 de marzo de 2025. (Comunicación)</p>
<p>Fernández-Molina, E. (2024) El camino de las chicas hacia la delincuencia: ¿quién las para? <em>Conference: Pathways to Juvenile Delinquency</em>. Universidad de Oporto. Oporto, 3 de diciembre de 2024. (Ponencia invitada)</p>
<p>García-Baeza, I., Páez-Merida, A &amp; Fernández-Molina, E (2024) Herramientas de identificación de la discapacidad intelectual en el sistema de justicia penal: revisión sistemática. <em>XIV Congreso Español de Criminología</em>, Cáceres, 17 de octubre de 2024. (Comunicación)</p>
<p>Páez-Mérida, A., Fernández-Molina, E., Bartolomé, R. &amp; Montero, A.  (2024) La pena de multa en los delitos leves cometidos por mujeres: una respuesta penal tan común como desconocida. <em>XIV Congreso Español de Criminología</em>, Cáceres, 17 de octubre de 2024. (Comunicación)</p>
<p>Fernández-Molina, E., Bartolomé, R., Bernuz, M.J., Carretero, C., Montero, A. Páez-Mérida, A. &amp; Parra, M. (2024) “Hablemos claro”: Documentos accesibles para menores en la justicia penal. <em>XIV Congreso Español de Criminología</em>, Cáceres, 18 de octubre de 2024. (Comunicación)</p>
<p>Montero, A., Fernández-Molina, E. &amp; Bernuz, M.J. (2024) Los desafíos del instituto de la conformidad en la justicia de menores. <em>XIV Congreso Español de Criminología</em>, Cáceres, 18 de octubre de 2024. (Comunicación)</p>
<p>Fernández-Molina, E. &amp; Bartolomé, R. (2024) Narratives of young female offenders regarding their passage through the justice system: what about the police? <em>24rd Annual Conference of the European Society of Criminology</em>. Bucarest,12 septiembre de 2024. (Comunicación)</p>
<p>Fernández-Molina, E., Bartolomé, R., Bernuz, M.J., Carretero, C., Montero, A. Páez-Mérida, A. &amp; Parra, M. (2024). Let&#8217;s be clear”. Design and evaluation of accessible documents for children inside police custody. <em>24rd Annual Conference of the European Society of Criminology</em>. Bucarest,13 septiembre de 2024. (Poster)</p>
<p>Fernández-Molina, E. (2024). Justicia Juvenil en España. Primer encuentro Chile-España sobre Delincuencia y Justicia Penal. Universidad Autónoma de Barcelona, Barcelona, 7 junio 2024. (Ponencia invitada)</p>
<p>Bartolomé, R &amp; Fernández-Molina, E. (2024). Experiencias adversas en las trayectorias delictivas de chicas que cumplen medidas judiciales. Congreso Desigualdades, Criminología y Política Criminal organizado por el Grupo de Trabajo en Criminología Pública (Sociedad Española de Investigación Criminológica) y el Grupo de Criminología de la Universidad de Girona. Girona, 20 y 21 de mayo de 2024. (Comunicación)</p>
<p>Fernández-Molina, E &amp; Bartolomé, R (2024). Detectar la vulnerabilidad en sede policial ¿una misión imposible?. Congreso Desigualdades, Criminología y Política Criminal organizado por el Grupo de Trabajo en Criminología Pública (Sociedad Española de Investigación Criminológica) y el Grupo de Criminología de la Universidad de Girona. Girona, 20 y 21 de mayo de 2024. (Comunicación)</p>
<p>Bartolomé, R &amp; Fernández-Molina, E. (2024). Desigualdades y acceso a la justicia. Una discusión alrededor de Ciudadanos y sistema penal y Machismo y cultura jurídica. Congreso Desigualdades, Criminología y Política Criminal organizado por el Grupo de Trabajo en Criminología Pública (Sociedad Española de Investigación Criminológica) y el Grupo de Criminología de la Universidad de Girona. Girona, 20 y 21 de mayo de 2024. (Ponencia invitada)</p>
<p>Fernández-Molina, E. et al. (2024) Justicia penal para todos. Caja de herramientas para mejorar la accesibilidad del sistema penal. IV Jornada-Taller: “Ciencia y políticas públicas relacionadas con la delincuencia”, organizada por el GEPLP. Madrid (Congreso de los Diputados), 4 y 5 de abril de 2024. (Comunicación)</p>
<p>Fernández-Molina, E. (2023). Jovens no sistema de justiça juvenil-Uma oportunidade de socializaçao legal?. Ciclo de conferências. Universidade Lusíada. Oporto (Portugal), 5 de diciembre de 2023. (Ponencia invitada)</p>
<p>Fernández-Molina, E. (2023). Neurociencias y ámbito subjetivo de aplicación del Derecho penal de menores. Seminario Justicia penal de menores: Neurociencias, ámbito subjetivo de aplicación y medidas organizado por Universidad de Barcelona. Barcelona, 23 de noviembre de 2023. (Ponencia invitada)</p>
<p>Fernández-Molina, E (2023). Percepciones de los jóvenes sobre su paso por la justicia de menores. Jornada sobre Retos actuales de la Justicia de Menores organizado por el Instituto Interuniversitario Andaluz de Criminología (sección Sevilla). Sevilla, 19 de octubre de 2023. (Ponencia invitada)</p>
<p>Fernández-Molina, E (2023). Las fuentes de datos oficiales sobre delincuencia juvenil. Curso de Verano Delincuencia Juvenil: Investigación Evaluativa y Retos Futuros, organizado por Universidad del País Vasco. San Sebastián, 27 de julio de 2023. (Ponencia invitada)</p>
<p>Fernández-Molina, E &amp; Bartolomé Gutiérrez, R. (2023). Relatos juveniles sobre su paso por el sistema penal. Valorando la utilidad de las entrevistas biográficas para conocer los efectos de la judicialización. V Simposio de Investigación Criminológica. El Futuro de la Criminología, Hoy, organizado por la Sociedad Española de Investigación Criminológica y Universidad de Valencia. Valencia, 7 de julio de 2023. (Comunicación)</p>
<p>Fernández-Molina, E (2023). La vulnerabilidad en el sistema penal desde la perspectiva del infractor. Seminario Colectivos vulnerables en el sistema penal organizado por el grupo en Ciencias Criminales, Instituto Vasco de Victimología de la Universidad del País Vasco y el grupo de Criminología y Delincuencia juvenil, Centro de Investigación en Criminología de la Universidad de Castilla-La Mancha. Albacete, 29 de junio de 2023. (Ponencia invitada)</p>
<p>Fernández-Molina, E (2023). Perspectiva criminocéntrica de la vulnerabilidad de persona extranjeras. Seminario Colectivos vulnerables en el sistema penal organizado por el grupo en Ciencias Criminales, Instituto Vasco de Victimología de la Universidad del País Vasco y el grupo de Criminología y Delincuencia juvenil, Centro de Investigación en Criminología de la Universidad de Castilla-La Mancha. Albacete, 29 de junio de 2023. (Ponencia invitada)</p>

<p>Estas son las presentaciones a congresos y conferencias invitadas en las que he participado en los últimos tres años: Fernández-Molina, E. &amp; Bartolomé, R. (2025) Narrativas de chicas delincuentes sobre su paso por el sistema judicial: experiencias con la policía. VI Simposio de Investigación Criminológica organizado por Sociedad Española de Investigación Criminológica y la Universidad [&hellip;]</p>
