{"id":204,"date":"2017-12-28T16:24:33","date_gmt":"2017-12-28T15:24:33","guid":{"rendered":"http:\/\/blog.uclm.es\/estherfdez\/?page_id=204"},"modified":"2022-10-21T09:48:22","modified_gmt":"2022-10-21T09:48:22","slug":"media","status":"publish","type":"page","link":"https:\/\/blog.uclm.es\/estherfdez\/media\/","title":{"rendered":"Multimedia"},"content":{"rendered":"<div class=\"wp-block-image\">\n<figure class=\"aligncenter size-full\"><a href=\"https:\/\/www.cmmedia.es\/programas\/tv\/heroes-anonimos\/videos\/0_spjab2zc\/\" target=\"_blank\" rel=\"noreferrer noopener\"><img loading=\"lazy\" decoding=\"async\" width=\"273\" height=\"138\" src=\"https:\/\/blog.uclm.es\/estherfdez\/wp-content\/uploads\/sites\/103\/2020\/07\/heroes-anonimos.jpg\" alt=\"\" class=\"wp-image-681\" \/><\/a><\/figure>\n<\/div>\n\n\n<p>Participaci\u00f3n en el Programa H\u00e9roes An\u00f3nimos. <a href=\"https:\/\/www.cmmedia.es\/programas\/tv\/heroes-anonimos\/videos\/0_spjab2zc\">Mujeres y Universidad, ciencia en femenino<\/a><\/p>\n\n\n\n<p>5 de julio de 2020<\/p>\n\n\n\n<hr class=\"wp-block-separator has-alpha-channel-opacity is-style-wide\" \/>\n\n\n<div class=\"wp-block-image\">\n<figure class=\"aligncenter size-full\"><a href=\"https:\/\/www.uclm.es\/global\/promotores\/organos-de-gobierno\/vicerrectorado-de-investigacion-y-politica-cientifica\/novedades\/uclmdivulga\/investiga-que-no-es-poco\/2020-01-19-iqnep\" target=\"_blank\" rel=\"noreferrer noopener\"><img loading=\"lazy\" decoding=\"async\" width=\"252\" height=\"128\" src=\"https:\/\/blog.uclm.es\/estherfdez\/wp-content\/uploads\/sites\/103\/2020\/07\/investiga-que-no-es-poco.jpg\" alt=\"\" class=\"wp-image-680\" \/><\/a><\/figure>\n<\/div>\n\n\n<p>Entrevista Programa de Radio Investiga que no es poco<\/p>\n\n\n\n<p>19 de enero de 2020<\/p>\n\n\n\n<hr class=\"wp-block-separator has-alpha-channel-opacity is-style-wide\" \/>\n\n\n<div class=\"wp-block-image\">\n<figure class=\"aligncenter size-full\"><a href=\"https:\/\/apolitical.co\/solution_article\/has-gender-equality-made-women-commit-more-crimes\/?share=email\" target=\"_blank\" rel=\"noreferrer noopener\"><img loading=\"lazy\" decoding=\"async\" width=\"491\" height=\"103\" src=\"https:\/\/blog.uclm.es\/estherfdez\/wp-content\/uploads\/sites\/103\/2019\/03\/apolitical.png\" alt=\"\" class=\"wp-image-622\" srcset=\"https:\/\/blog.uclm.es\/estherfdez\/wp-content\/uploads\/sites\/103\/2019\/03\/apolitical.png 491w, https:\/\/blog.uclm.es\/estherfdez\/wp-content\/uploads\/sites\/103\/2019\/03\/apolitical-300x63.png 300w\" sizes=\"auto, (max-width: 491px) 100vw, 491px\" \/><\/a><\/figure>\n<\/div>\n\n\n<p>Entrevista para Apolitical \u00abHas gender equality made women commit more crimes?\u00bb.<\/p>\n\n\n\n<p>16 de octubre de 2018<\/p>\n\n\n\n<hr class=\"wp-block-separator has-alpha-channel-opacity is-style-wide\" \/>\n\n\n<div class=\"wp-block-image\">\n<figure class=\"aligncenter size-full\"><a href=\"http:\/\/www.oijj.org\/es\/interviews\/esther-fernandez-molina-profesora-de-criminologia-universidad-de-castilla-la-mancha\" target=\"_blank\" rel=\"noreferrer noopener\"><img loading=\"lazy\" decoding=\"async\" width=\"302\" height=\"119\" src=\"https:\/\/blog.uclm.es\/estherfdez\/wp-content\/uploads\/sites\/103\/2018\/03\/OIJJ.png\" alt=\"\" class=\"wp-image-521\" srcset=\"https:\/\/blog.uclm.es\/estherfdez\/wp-content\/uploads\/sites\/103\/2018\/03\/OIJJ.png 302w, https:\/\/blog.uclm.es\/estherfdez\/wp-content\/uploads\/sites\/103\/2018\/03\/OIJJ-300x118.png 300w\" sizes=\"auto, (max-width: 302px) 100vw, 302px\" \/><\/a><\/figure>\n<\/div>\n\n\n<p>Entrevista Newsletter Observatorio Internacional Justicia Juvenil<\/p>\n\n\n\n<p>27 de febrero de 2018<\/p>\n\n\n\n<hr class=\"wp-block-separator has-alpha-channel-opacity is-style-wide\" \/>\n\n\n<div class=\"wp-block-image\">\n<figure class=\"aligncenter size-full\"><a href=\"http:\/\/www.oijj.org\/en\/interviews\/esther-fernandez-molina-professor-of-criminology-university-of-castilla-la-mancha\" target=\"_blank\" rel=\"noreferrer noopener\"><img loading=\"lazy\" decoding=\"async\" width=\"302\" height=\"116\" src=\"https:\/\/blog.uclm.es\/estherfdez\/wp-content\/uploads\/sites\/103\/2018\/03\/IJJO-1.png\" alt=\"\" class=\"wp-image-529\" srcset=\"https:\/\/blog.uclm.es\/estherfdez\/wp-content\/uploads\/sites\/103\/2018\/03\/IJJO-1.png 302w, https:\/\/blog.uclm.es\/estherfdez\/wp-content\/uploads\/sites\/103\/2018\/03\/IJJO-1-300x115.png 300w\" sizes=\"auto, (max-width: 302px) 100vw, 302px\" \/><\/a><\/figure>\n<\/div>\n\n\n<p>International Juvenile Justice Observatory Interview<\/p>\n\n\n\n<p>27th of february of 2018<\/p>\n\n\n\n<hr class=\"wp-block-separator has-alpha-channel-opacity is-style-wide\" \/>\n\n\n<div class=\"wp-block-image\">\n<figure class=\"aligncenter size-medium\"><a href=\"https:\/\/youtu.be\/-VpANzcGmgM&quot;\" target=\"_blank\" rel=\"noreferrer noopener\"><img loading=\"lazy\" decoding=\"async\" width=\"300\" height=\"149\" src=\"https:\/\/blog.uclm.es\/estherfdez\/wp-content\/uploads\/sites\/103\/2022\/10\/conferenciayoutube-300x149.jpg\" alt=\"\" class=\"wp-image-1111\" srcset=\"https:\/\/blog.uclm.es\/estherfdez\/wp-content\/uploads\/sites\/103\/2022\/10\/conferenciayoutube-300x149.jpg 300w, https:\/\/blog.uclm.es\/estherfdez\/wp-content\/uploads\/sites\/103\/2022\/10\/conferenciayoutube-1024x508.jpg 1024w, https:\/\/blog.uclm.es\/estherfdez\/wp-content\/uploads\/sites\/103\/2022\/10\/conferenciayoutube-768x381.jpg 768w, https:\/\/blog.uclm.es\/estherfdez\/wp-content\/uploads\/sites\/103\/2022\/10\/conferenciayoutube-624x310.jpg 624w, https:\/\/blog.uclm.es\/estherfdez\/wp-content\/uploads\/sites\/103\/2022\/10\/conferenciayoutube.jpg 1281w\" sizes=\"auto, (max-width: 300px) 100vw, 300px\" \/><\/a><\/figure>\n<\/div>\n\n\n<p>Evaluaci\u00f3n de la accesibilidad de las actas de derechos del detenido. Seminario Explorando la accesibilidad de la Justicia penal.<\/p>\n\n\n\n<p>Albacete, 4 de octubre de 2017<\/p>\n\n\n\n<hr class=\"wp-block-separator has-alpha-channel-opacity is-style-wide\" \/>\n\n\n<div class=\"wp-block-image\">\n<figure class=\"aligncenter size-medium\"><a href=\"https:\/\/youtu.be\/gX69LIbPN0w\" target=\"_blank\" rel=\"noreferrer noopener\"><img loading=\"lazy\" decoding=\"async\" width=\"300\" height=\"169\" src=\"https:\/\/blog.uclm.es\/estherfdez\/wp-content\/uploads\/sites\/103\/2017\/12\/jornadas-vi-300x169.png\" alt=\"\" class=\"wp-image-227\" srcset=\"https:\/\/blog.uclm.es\/estherfdez\/wp-content\/uploads\/sites\/103\/2017\/12\/jornadas-vi-300x169.png 300w, https:\/\/blog.uclm.es\/estherfdez\/wp-content\/uploads\/sites\/103\/2017\/12\/jornadas-vi-1024x576.png 1024w, https:\/\/blog.uclm.es\/estherfdez\/wp-content\/uploads\/sites\/103\/2017\/12\/jornadas-vi-768x432.png 768w, https:\/\/blog.uclm.es\/estherfdez\/wp-content\/uploads\/sites\/103\/2017\/12\/jornadas-vi-624x351.png 624w, https:\/\/blog.uclm.es\/estherfdez\/wp-content\/uploads\/sites\/103\/2017\/12\/jornadas-vi.png 1366w\" sizes=\"auto, (max-width: 300px) 100vw, 300px\" \/><\/a><\/figure>\n<\/div>\n\n\n<p>La delincuencia juvenil en Espa\u00f1a. VI Jornada de Criminolog\u00eda: La Criminolog\u00eda ante la delincuencia juvenil y sus nuevas formas.<\/p>\n\n\n\n<p>Barcelona, 28 de enero de 2016.<\/p>\n\n\n\n<hr class=\"wp-block-separator has-alpha-channel-opacity is-style-wide\" \/>\n\n\n<div class=\"wp-block-image\">\n<figure class=\"aligncenter size-full is-resized\"><a href=\"https:\/\/blog.uclm.es\/estherfdez\/wp-content\/uploads\/sites\/103\/2017\/12\/justicia-de-menores.mp3\" target=\"_blank\" rel=\"noreferrer noopener\"><img loading=\"lazy\" decoding=\"async\" src=\"https:\/\/blog.uclm.es\/estherfdez\/wp-content\/uploads\/sites\/103\/2022\/10\/justicia-de-menores-mp3-image.jpg\" alt=\"\" class=\"wp-image-1080\" width=\"264\" height=\"264\" \/><\/a><\/figure>\n<\/div>\n\n\n<p>La investigaci\u00f3n sobre justicia de menores en Espa\u00f1a. Microespacios \u00abInvestigaci\u00f3n y Criminolog\u00eda\u00bb RADIO 5.<\/p>\n\n\n\n<p>6 de noviembre de 2014<\/p>\n","protected":false},"excerpt":{"rendered":"<p>Participaci\u00f3n en el Programa H\u00e9roes An\u00f3nimos. Mujeres y Universidad, ciencia en femenino 5 de julio de 2020 Entrevista Programa de Radio Investiga que no es poco 19 de enero de 2020 Entrevista para Apolitical \u00abHas gender equality made women commit more crimes?\u00bb. 16 de octubre de 2018 Entrevista Newsletter Observatorio Internacional Justicia Juvenil 27 de [&hellip;]<\/p>\n","protected":false},"author":99,"featured_media":0,"parent":0,"menu_order":0,"comment_status":"closed","ping_status":"closed","template":"","meta":{"footnotes":""},"class_list":["post-204","page","type-page","status-publish","hentry"],"_links":{"self":[{"href":"https:\/\/blog.uclm.es\/estherfdez\/wp-json\/wp\/v2\/pages\/204","targetHints":{"allow":["GET"]}}],"collection":[{"href":"https:\/\/blog.uclm.es\/estherfdez\/wp-json\/wp\/v2\/pages"}],"about":[{"href":"https:\/\/blog.uclm.es\/estherfdez\/wp-json\/wp\/v2\/types\/page"}],"author":[{"embeddable":true,"href":"https:\/\/blog.uclm.es\/estherfdez\/wp-json\/wp\/v2\/users\/99"}],"replies":[{"embeddable":true,"href":"https:\/\/blog.uclm.es\/estherfdez\/wp-json\/wp\/v2\/comments?post=204"}],"version-history":[{"count":11,"href":"https:\/\/blog.uclm.es\/estherfdez\/wp-json\/wp\/v2\/pages\/204\/revisions"}],"predecessor-version":[{"id":1124,"href":"https:\/\/blog.uclm.es\/estherfdez\/wp-json\/wp\/v2\/pages\/204\/revisions\/1124"}],"wp:attachment":[{"href":"https:\/\/blog.uclm.es\/estherfdez\/wp-json\/wp\/v2\/media?parent=204"}],"curies":[{"name":"wp","href":"https:\/\/api.w.org\/{rel}","templated":true}]}}

<div class="wp-block-image">
<figure class="aligncenter size-full"><a href="https://www.cmmedia.es/programas/tv/heroes-anonimos/videos/0_spjab2zc/" target="_blank" rel="noreferrer noopener"><img loading="lazy" decoding="async" width="273" height="138" src="https://blog.uclm.es/estherfdez/wp-content/uploads/sites/103/2020/07/heroes-anonimos.jpg" alt="" class="wp-image-681" /></a></figure>
</div>


<p>Participación en el Programa Héroes Anónimos. <a href="https://www.cmmedia.es/programas/tv/heroes-anonimos/videos/0_spjab2zc">Mujeres y Universidad, ciencia en femenino</a></p>



<p>5 de julio de 2020</p>



<hr class="wp-block-separator has-alpha-channel-opacity is-style-wide" />


<div class="wp-block-image">
<figure class="aligncenter size-full"><a href="https://www.uclm.es/global/promotores/organos-de-gobierno/vicerrectorado-de-investigacion-y-politica-cientifica/novedades/uclmdivulga/investiga-que-no-es-poco/2020-01-19-iqnep" target="_blank" rel="noreferrer noopener"><img loading="lazy" decoding="async" width="252" height="128" src="https://blog.uclm.es/estherfdez/wp-content/uploads/sites/103/2020/07/investiga-que-no-es-poco.jpg" alt="" class="wp-image-680" /></a></figure>
</div>


<p>Entrevista Programa de Radio Investiga que no es poco</p>



<p>19 de enero de 2020</p>



<hr class="wp-block-separator has-alpha-channel-opacity is-style-wide" />


<div class="wp-block-image">
<figure class="aligncenter size-full"><a href="https://apolitical.co/solution_article/has-gender-equality-made-women-commit-more-crimes/?share=email" target="_blank" rel="noreferrer noopener"><img loading="lazy" decoding="async" width="491" height="103" src="https://blog.uclm.es/estherfdez/wp-content/uploads/sites/103/2019/03/apolitical.png" alt="" class="wp-image-622" srcset="https://blog.uclm.es/estherfdez/wp-content/uploads/sites/103/2019/03/apolitical.png 491w, https://blog.uclm.es/estherfdez/wp-content/uploads/sites/103/2019/03/apolitical-300x63.png 300w" sizes="auto, (max-width: 491px) 100vw, 491px" /></a></figure>
</div>


<p>Entrevista para Apolitical «Has gender equality made women commit more crimes?».</p>



<p>16 de octubre de 2018</p>



<hr class="wp-block-separator has-alpha-channel-opacity is-style-wide" />


<div class="wp-block-image">
<figure class="aligncenter size-full"><a href="http://www.oijj.org/es/interviews/esther-fernandez-molina-profesora-de-criminologia-universidad-de-castilla-la-mancha" target="_blank" rel="noreferrer noopener"><img loading="lazy" decoding="async" width="302" height="119" src="https://blog.uclm.es/estherfdez/wp-content/uploads/sites/103/2018/03/OIJJ.png" alt="" class="wp-image-521" srcset="https://blog.uclm.es/estherfdez/wp-content/uploads/sites/103/2018/03/OIJJ.png 302w, https://blog.uclm.es/estherfdez/wp-content/uploads/sites/103/2018/03/OIJJ-300x118.png 300w" sizes="auto, (max-width: 302px) 100vw, 302px" /></a></figure>
</div>


<p>Entrevista Newsletter Observatorio Internacional Justicia Juvenil</p>



<p>27 de febrero de 2018</p>



<hr class="wp-block-separator has-alpha-channel-opacity is-style-wide" />


<div class="wp-block-image">
<figure class="aligncenter size-full"><a href="http://www.oijj.org/en/interviews/esther-fernandez-molina-professor-of-criminology-university-of-castilla-la-mancha" target="_blank" rel="noreferrer noopener"><img loading="lazy" decoding="async" width="302" height="116" src="https://blog.uclm.es/estherfdez/wp-content/uploads/sites/103/2018/03/IJJO-1.png" alt="" class="wp-image-529" srcset="https://blog.uclm.es/estherfdez/wp-content/uploads/sites/103/2018/03/IJJO-1.png 302w, https://blog.uclm.es/estherfdez/wp-content/uploads/sites/103/2018/03/IJJO-1-300x115.png 300w" sizes="auto, (max-width: 302px) 100vw, 302px" /></a></figure>
</div>


<p>International Juvenile Justice Observatory Interview</p>



<p>27th of february of 2018</p>



<hr class="wp-block-separator has-alpha-channel-opacity is-style-wide" />


<div class="wp-block-image">
<figure class="aligncenter size-medium"><a href="https://youtu.be/-VpANzcGmgM&quot;" target="_blank" rel="noreferrer noopener"><img loading="lazy" decoding="async" width="300" height="149" src="https://blog.uclm.es/estherfdez/wp-content/uploads/sites/103/2022/10/conferenciayoutube-300x149.jpg" alt="" class="wp-image-1111" srcset="https://blog.uclm.es/estherfdez/wp-content/uploads/sites/103/2022/10/conferenciayoutube-300x149.jpg 300w, https://blog.uclm.es/estherfdez/wp-content/uploads/sites/103/2022/10/conferenciayoutube-1024x508.jpg 1024w, https://blog.uclm.es/estherfdez/wp-content/uploads/sites/103/2022/10/conferenciayoutube-768x381.jpg 768w, https://blog.uclm.es/estherfdez/wp-content/uploads/sites/103/2022/10/conferenciayoutube-624x310.jpg 624w, https://blog.uclm.es/estherfdez/wp-content/uploads/sites/103/2022/10/conferenciayoutube.jpg 1281w" sizes="auto, (max-width: 300px) 100vw, 300px" /></a></figure>
</div>


<p>Evaluación de la accesibilidad de las actas de derechos del detenido. Seminario Explorando la accesibilidad de la Justicia penal.</p>



<p>Albacete, 4 de octubre de 2017</p>



<hr class="wp-block-separator has-alpha-channel-opacity is-style-wide" />


<div class="wp-block-image">
<figure class="aligncenter size-medium"><a href="https://youtu.be/gX69LIbPN0w" target="_blank" rel="noreferrer noopener"><img loading="lazy" decoding="async" width="300" height="169" src="https://blog.uclm.es/estherfdez/wp-content/uploads/sites/103/2017/12/jornadas-vi-300x169.png" alt="" class="wp-image-227" srcset="https://blog.uclm.es/estherfdez/wp-content/uploads/sites/103/2017/12/jornadas-vi-300x169.png 300w, https://blog.uclm.es/estherfdez/wp-content/uploads/sites/103/2017/12/jornadas-vi-1024x576.png 1024w, https://blog.uclm.es/estherfdez/wp-content/uploads/sites/103/2017/12/jornadas-vi-768x432.png 768w, https://blog.uclm.es/estherfdez/wp-content/uploads/sites/103/2017/12/jornadas-vi-624x351.png 624w, https://blog.uclm.es/estherfdez/wp-content/uploads/sites/103/2017/12/jornadas-vi.png 1366w" sizes="auto, (max-width: 300px) 100vw, 300px" /></a></figure>
</div>


<p>La delincuencia juvenil en España. VI Jornada de Criminología: La Criminología ante la delincuencia juvenil y sus nuevas formas.</p>



<p>Barcelona, 28 de enero de 2016.</p>



<hr class="wp-block-separator has-alpha-channel-opacity is-style-wide" />


<div class="wp-block-image">
<figure class="aligncenter size-full is-resized"><a href="https://blog.uclm.es/estherfdez/wp-content/uploads/sites/103/2017/12/justicia-de-menores.mp3" target="_blank" rel="noreferrer noopener"><img loading="lazy" decoding="async" src="https://blog.uclm.es/estherfdez/wp-content/uploads/sites/103/2022/10/justicia-de-menores-mp3-image.jpg" alt="" class="wp-image-1080" width="264" height="264" /></a></figure>
</div>


<p>La investigación sobre justicia de menores en España. Microespacios «Investigación y Criminología» RADIO 5.</p>



<p>6 de noviembre de 2014</p>

<p>Participación en el Programa Héroes Anónimos. Mujeres y Universidad, ciencia en femenino 5 de julio de 2020 Entrevista Programa de Radio Investiga que no es poco 19 de enero de 2020 Entrevista para Apolitical «Has gender equality made women commit more crimes?». 16 de octubre de 2018 Entrevista Newsletter Observatorio Internacional Justicia Juvenil 27 de [&hellip;]</p>
