{"id":2,"date":"2017-12-13T10:01:36","date_gmt":"2017-12-13T10:01:36","guid":{"rendered":"http:\/\/blog.uclm.es\/estherfdez\/?page_id=2"},"modified":"2025-11-13T11:21:46","modified_gmt":"2025-11-13T11:21:46","slug":"pagina-ejemplo","status":"publish","type":"page","link":"https:\/\/blog.uclm.es\/estherfdez\/","title":{"rendered":"Inicio"},"content":{"rendered":"\n<figure class=\"wp-block-image size-large\"><img loading=\"lazy\" decoding=\"async\" width=\"1024\" height=\"681\" src=\"https:\/\/blog.uclm.es\/estherfdez\/wp-content\/uploads\/sites\/103\/2018\/01\/SLIDER1-1024x681.jpg\" alt=\"\" class=\"wp-image-505\" srcset=\"https:\/\/blog.uclm.es\/estherfdez\/wp-content\/uploads\/sites\/103\/2018\/01\/SLIDER1-1024x681.jpg 1024w, https:\/\/blog.uclm.es\/estherfdez\/wp-content\/uploads\/sites\/103\/2018\/01\/SLIDER1-300x199.jpg 300w, https:\/\/blog.uclm.es\/estherfdez\/wp-content\/uploads\/sites\/103\/2018\/01\/SLIDER1-768x511.jpg 768w, https:\/\/blog.uclm.es\/estherfdez\/wp-content\/uploads\/sites\/103\/2018\/01\/SLIDER1-1536x1021.jpg 1536w, https:\/\/blog.uclm.es\/estherfdez\/wp-content\/uploads\/sites\/103\/2018\/01\/SLIDER1-2048x1362.jpg 2048w, https:\/\/blog.uclm.es\/estherfdez\/wp-content\/uploads\/sites\/103\/2018\/01\/SLIDER1-624x415.jpg 624w\" sizes=\"auto, (max-width: 1024px) 100vw, 1024px\" \/><\/figure>\n\n\n\n<p>Soy profesora titular de la Universidad de Castilla-La Mancha en el <a href=\"http:\/\/abderecho.uclm.es\/\">grado en Criminolog\u00eda<\/a> y en el <a href=\"http:\/\/mucdj.masteruniversitario.uclm.es\/presentacion.aspx\">Master en Criminolog\u00eda y Delincuencia Juvenil<\/a>. Soy Directora del <a href=\"https:\/\/previa.uclm.es\/centro\/Criminologia\/\">Centro de Investigaci\u00f3n en Criminolog\u00eda<\/a> y responsable del <a href=\"https:\/\/www.uclm.es\/grupos\/crimijov\">grupo consolidado de investigaci\u00f3n en Criminolog\u00eda y Delincuencia Juvenil<\/a> de la Universidad de Castilla-La Mancha. Mis principales l\u00edneas de investigaci\u00f3n son la justicia de menores, las tendencias delictivas de la delincuencia y las percepciones p\u00fablicas sobre el delito y el sistema penal (miedo al delito, actitudes hacia el castigo juvenil y actitudes hacia las instituciones penales). Actualmente, dirijo JusTo una linea de investigaci\u00f3n que analiza los problemas de accesibilidad a la justicia penal de los colectivos vulnerables. Durante los a\u00f1os 2013 a 2016 fui Presidenta de la \u00a0<a href=\"https:\/\/criminologia.net\/\">Sociedad Espa\u00f1ola de Investigaci\u00f3n Criminol\u00f3gica<\/a>, Editora Jefe de la <a href=\"https:\/\/reic.criminologia.net\/index.php\/journal\">Revista Espa\u00f1ola de Investigaci\u00f3n Criminol\u00f3gica<\/a> desde 2020 a 2024 y Presidenta del <a href=\"https:\/\/www.uclm.es\/es\/Misiones\/Investigacion\/ServiciosInvestigacion\/PortalEticaCientifica\/CEIS\" data-type=\"URL\" data-id=\"https:\/\/www.uclm.es\/es\/Misiones\/Investigacion\/ServiciosInvestigacion\/PortalEticaCientifica\/CEIS\" target=\"_blank\" rel=\"noreferrer noopener\">Comit\u00e9 de \u00c9tica en Investigaci\u00f3n Social <\/a>de la Universidad de Castilla-La Mancha desde 2021 a 2025.<\/p>\n\n\n\n<p>CONTACTO:<\/p>\n\n\n\n<p>Campus Universitario s\/n<br>02071 Albacete<br>esther.fdez@EstherFdez-uclmes<br>Tfno: (+34) 967 599 200 Ext. 2759<br>ORCID: <a href=\"https:\/\/orcid.org\/0000-0002-3103-0232\">0000-0002-3103-0232<\/a><br><a href=\"https:\/\/scholar.google.es\/citations?user=55mBGa8AAAAJ&amp;hl=es\">Google Scholar<\/a><br><a href=\"https:\/\/www.researchgate.net\/profile\/Esther_Fernandez-Molina\">Researchgate<\/a><br><a href=\"https:\/\/uclm.academia.edu\/EstherFern%C3%A1ndezMolina\">Academia edu<\/a><\/p>\n","protected":false},"excerpt":{"rendered":"<p>Soy profesora titular de la Universidad de Castilla-La Mancha en el grado en Criminolog\u00eda y en el Master en Criminolog\u00eda y Delincuencia Juvenil. Soy Directora del Centro de Investigaci\u00f3n en Criminolog\u00eda y responsable del grupo consolidado de investigaci\u00f3n en Criminolog\u00eda y Delincuencia Juvenil de la Universidad de Castilla-La Mancha. Mis principales l\u00edneas de investigaci\u00f3n son [&hellip;]<\/p>\n","protected":false},"author":99,"featured_media":0,"parent":0,"menu_order":0,"comment_status":"closed","ping_status":"open","template":"","meta":{"footnotes":""},"class_list":["post-2","page","type-page","status-publish","hentry"],"_links":{"self":[{"href":"https:\/\/blog.uclm.es\/estherfdez\/wp-json\/wp\/v2\/pages\/2","targetHints":{"allow":["GET"]}}],"collection":[{"href":"https:\/\/blog.uclm.es\/estherfdez\/wp-json\/wp\/v2\/pages"}],"about":[{"href":"https:\/\/blog.uclm.es\/estherfdez\/wp-json\/wp\/v2\/types\/page"}],"author":[{"embeddable":true,"href":"https:\/\/blog.uclm.es\/estherfdez\/wp-json\/wp\/v2\/users\/99"}],"replies":[{"embeddable":true,"href":"https:\/\/blog.uclm.es\/estherfdez\/wp-json\/wp\/v2\/comments?post=2"}],"version-history":[{"count":7,"href":"https:\/\/blog.uclm.es\/estherfdez\/wp-json\/wp\/v2\/pages\/2\/revisions"}],"predecessor-version":[{"id":1270,"href":"https:\/\/blog.uclm.es\/estherfdez\/wp-json\/wp\/v2\/pages\/2\/revisions\/1270"}],"wp:attachment":[{"href":"https:\/\/blog.uclm.es\/estherfdez\/wp-json\/wp\/v2\/media?parent=2"}],"curies":[{"name":"wp","href":"https:\/\/api.w.org\/{rel}","templated":true}]}}