{"id":107,"date":"2017-12-27T22:55:37","date_gmt":"2017-12-27T21:55:37","guid":{"rendered":"http:\/\/blog.uclm.es\/estherfdez\/?page_id=107"},"modified":"2025-07-03T12:36:04","modified_gmt":"2025-07-03T12:36:04","slug":"tesis","status":"publish","type":"page","link":"https:\/\/blog.uclm.es\/estherfdez\/tesis\/","title":{"rendered":"Tesis"},"content":{"rendered":"<p style=\"text-align: left\">Condena sin juicio en el proceso penal para adolescentes. Un estudio sobre las experiencias de operadores del sistema de justicia en Uruguay. Daniel Rodrigo Zubillaga Puchot, 06\/06\/2025.<\/p>\n<p style=\"text-align: left\">El instituto de la conformidad en la justicia de menores. Alicia Montero Molera, 15\/01\/2025.<\/p>\n<p style=\"text-align: left\">El enjuiciamiento de la delincuencia femenina en Espa\u00f1a. Ana P\u00e1ez M\u00e9rida, 9\/03\/2023.<\/p>\n<p style=\"text-align: left\">La socializaci\u00f3n legal en la adolescencia. Una aproximaci\u00f3n emp\u00edrica al contexto espa\u00f1ol. Olalla Baz Cores, 29\/09\/2017.<\/p>\n<p style=\"text-align: left\">Las actitudes punitivas de los espa\u00f1oles. Alcance, medici\u00f3n y factores explicativos. Eva Aizpurua Gonz\u00e1lez, 21\/01\/2016. Premio extraordinario de doctorado.<\/p>\n<p style=\"text-align: left\">Actitudes hacia el castigo de los menores que cometen delitos que provocan alarma social: una aproximaci\u00f3n cualitativa al contexto espa\u00f1ol. Pilar Tarancon Gomez, 03\/07\/2015.<\/p>\n<p style=\"text-align: left\">Protocolo de criterios para el desarrollo de programas de justicia restaurativa en materia de responsabilidad penal para adolescentes (Colombia). Leonardo Rodriguez Cely, 10\/12\/2013.<\/p>\n<p style=\"text-align: left\">Efectos de la Corrupci\u00f3n y la confianza en la Polic\u00eda en el Miedo al delito. Un an\u00e1lisis en M\u00e9xico. Aurea Esther Grijalva Eternod, 10\/09\/2013.<\/p>\n","protected":false},"excerpt":{"rendered":"<p>Condena sin juicio en el proceso penal para adolescentes. Un estudio sobre las experiencias de operadores del sistema de justicia en Uruguay. Daniel Rodrigo Zubillaga Puchot, 06\/06\/2025. El instituto de la conformidad en la justicia de menores. Alicia Montero Molera, 15\/01\/2025. El enjuiciamiento de la delincuencia femenina en Espa\u00f1a. Ana P\u00e1ez M\u00e9rida, 9\/03\/2023. La socializaci\u00f3n [&hellip;]<\/p>\n","protected":false},"author":99,"featured_media":0,"parent":0,"menu_order":0,"comment_status":"closed","ping_status":"closed","template":"","meta":{"footnotes":""},"class_list":["post-107","page","type-page","status-publish","hentry"],"_links":{"self":[{"href":"https:\/\/blog.uclm.es\/estherfdez\/wp-json\/wp\/v2\/pages\/107","targetHints":{"allow":["GET"]}}],"collection":[{"href":"https:\/\/blog.uclm.es\/estherfdez\/wp-json\/wp\/v2\/pages"}],"about":[{"href":"https:\/\/blog.uclm.es\/estherfdez\/wp-json\/wp\/v2\/types\/page"}],"author":[{"embeddable":true,"href":"https:\/\/blog.uclm.es\/estherfdez\/wp-json\/wp\/v2\/users\/99"}],"replies":[{"embeddable":true,"href":"https:\/\/blog.uclm.es\/estherfdez\/wp-json\/wp\/v2\/comments?post=107"}],"version-history":[{"count":2,"href":"https:\/\/blog.uclm.es\/estherfdez\/wp-json\/wp\/v2\/pages\/107\/revisions"}],"predecessor-version":[{"id":1253,"href":"https:\/\/blog.uclm.es\/estherfdez\/wp-json\/wp\/v2\/pages\/107\/revisions\/1253"}],"wp:attachment":[{"href":"https:\/\/blog.uclm.es\/estherfdez\/wp-json\/wp\/v2\/media?parent=107"}],"curies":[{"name":"wp","href":"https:\/\/api.w.org\/{rel}","templated":true}]}}

<p style="text-align: left">Condena sin juicio en el proceso penal para adolescentes. Un estudio sobre las experiencias de operadores del sistema de justicia en Uruguay. Daniel Rodrigo Zubillaga Puchot, 06/06/2025.</p>
<p style="text-align: left">El instituto de la conformidad en la justicia de menores. Alicia Montero Molera, 15/01/2025.</p>
<p style="text-align: left">El enjuiciamiento de la delincuencia femenina en España. Ana Páez Mérida, 9/03/2023.</p>
<p style="text-align: left">La socialización legal en la adolescencia. Una aproximación empírica al contexto español. Olalla Baz Cores, 29/09/2017.</p>
<p style="text-align: left">Las actitudes punitivas de los españoles. Alcance, medición y factores explicativos. Eva Aizpurua González, 21/01/2016. Premio extraordinario de doctorado.</p>
<p style="text-align: left">Actitudes hacia el castigo de los menores que cometen delitos que provocan alarma social: una aproximación cualitativa al contexto español. Pilar Tarancon Gomez, 03/07/2015.</p>
<p style="text-align: left">Protocolo de criterios para el desarrollo de programas de justicia restaurativa en materia de responsabilidad penal para adolescentes (Colombia). Leonardo Rodriguez Cely, 10/12/2013.</p>
<p style="text-align: left">Efectos de la Corrupción y la confianza en la Policía en el Miedo al delito. Un análisis en México. Aurea Esther Grijalva Eternod, 10/09/2013.</p>

<p>Condena sin juicio en el proceso penal para adolescentes. Un estudio sobre las experiencias de operadores del sistema de justicia en Uruguay. Daniel Rodrigo Zubillaga Puchot, 06/06/2025. El instituto de la conformidad en la justicia de menores. Alicia Montero Molera, 15/01/2025. El enjuiciamiento de la delincuencia femenina en España. Ana Páez Mérida, 9/03/2023. La socialización [&hellip;]</p>
