{"id":818,"date":"2013-10-29T10:16:14","date_gmt":"2013-10-29T09:16:14","guid":{"rendered":"http:\/\/blog.uclm.es\/enresa\/?page_id=17"},"modified":"2013-10-29T10:16:14","modified_gmt":"2013-10-29T09:16:14","slug":"enresa","status":"publish","type":"page","link":"https:\/\/blog.uclm.es\/enresa\/enresa\/","title":{"rendered":"ENRESA"},"content":{"rendered":"<p style=\"text-align: justify\"><strong>ENRESA<\/strong> es la empresa p\u00fablica que se ocupa de la gesti\u00f3n y almacenamiento seguro de los residuos radiactivos que se producen en Espa\u00f1a. Tambi\u00e9n se ocupa del desmantelamiento de centrales nucleares cuya vida \u00fatil ha terminado y de la restauraci\u00f3n ambiental de minas e instalaciones relacionadas con el uranio.<\/p>\n<p><a href=\"http:\/\/www.enresa.es\/\"><img loading=\"lazy\" decoding=\"async\" class=\"size-medium wp-image-67 aligncenter\" alt=\"ENRESApag1\" src=\"https:\/\/blog.uclm.es\/enresa\/wp-content\/uploads\/sites\/160\/2013\/10\/ENRESApag1-300x140.png\" width=\"300\" height=\"140\" \/><\/a><\/p>\n<p style=\"text-align: justify\">La base para la elaboraci\u00f3n de los principios de conducta empresarial de ENRESA la conforma la <strong>MISI\u00d3N, VISI\u00d3N y VALORES<\/strong> sobre los que se sustenta. Por ello, han de tenerse en cuenta en todo momento como referencia de actuaci\u00f3n.<\/p>\n<p style=\"text-align: justify\"><strong>Misi\u00f3n<\/strong><\/p>\n<p style=\"text-align: justify\">\u00abGestionar de forma segura y eficaz todos los residuos radiactivos generados en Espa\u00f1a, con el fin de proteger a las personas y al medio ambiente ahora y en el futuro\u00bb.<\/p>\n<p style=\"text-align: justify\"><strong>Visi\u00f3n<\/strong><\/p>\n<p style=\"text-align: justify\">\u00abSer una empresa con la capacidad de maniobra para, en un entorno cambiando, cumplir el mandato de la sociedad en cuanto a la gesti\u00f3n segura de los residuos radiactivos\u00bb.<\/p>\n<p style=\"text-align: justify\">Las se\u00f1as de identidad por las que se espera ser identificada son:<\/p>\n<ul style=\"text-align: justify\">\n<li>Ser un referente en el respeto absoluto con la seguridad y el medio ambiente.<\/li>\n<li>Ser identificada por su grado de excelencia.<\/li>\n<li>Ser transparente a la sociedad espa\u00f1ola.<\/li>\n<li>Ser una empresa eficaz y eficiente.<\/li>\n<li>Ser una empresa de gesti\u00f3n y coherente con ello, modulando su dimensi\u00f3n, tipo de organizaci\u00f3n, forma de conexi\u00f3n con sus clientes y con la sociedad, etc.<\/li>\n<\/ul>\n<p style=\"text-align: justify\"><strong>Valores<\/strong><\/p>\n<ul style=\"text-align: justify\">\n<li>Integraci\u00f3n de personas. Es una organizaci\u00f3n que se define como un lugar abierto y acogedor para trabajar. La organizaci\u00f3n hace hincapi\u00e9 en el trabajo en equipo, la participaci\u00f3n y el consenso.<\/li>\n<li>Adaptaci\u00f3n al cambio. ENRESA es organizaci\u00f3n din\u00e1mica, emprendedora y creativa. Los valores que defiende esta organizaci\u00f3n son el compromiso con la innovaci\u00f3n y el cambio. Se fomentan las iniciativas individuales y la libertad de acci\u00f3n.<\/li>\n<li>Orientaci\u00f3n a procesos. Es una organizaci\u00f3n caracterizada por ser muy estructural y formal, donde normas y procedimientos rigen el comportamiento. Se enfoca sobre los valores de seguridad y control.<\/li>\n<li>Orientaci\u00f3n a resultados. Enresa es una organizaci\u00f3n orientada al resultado y al liderazgo y referente para la sociedad. Los valores que defiende la empresa son la competitividad y la orientaci\u00f3n al logro.<\/li>\n<\/ul>\n<p style=\"text-align: justify\">Para obtener m\u00e1s informaci\u00f3n sobre la empresa, sus actividades y proyectos, publicaciones, seguridad, mediambiente, etc., puedes acceder a su p\u00e1gina web oficial:\u00a0<a href=\"http:\/\/www.enresa.es\/\">http:\/\/www.enresa.es\/<\/a><\/p>\n","protected":false},"excerpt":{"rendered":"<p>ENRESA es la empresa p\u00fablica que se ocupa de la gesti\u00f3n y almacenamiento seguro de los residuos radiactivos que se producen en Espa\u00f1a. Tambi\u00e9n se ocupa del desmantelamiento de centrales nucleares cuya vida \u00fatil ha terminado y de la restauraci\u00f3n ambiental de minas e instalaciones relacionadas con el uranio. La base para la elaboraci\u00f3n de &hellip; <a href=\"https:\/\/blog.uclm.es\/enresa\/enresa\/\" class=\"more-link\">Continuar leyendo<span class=\"screen-reader-text\"> \u00abENRESA\u00bb<\/span><\/a><\/p>\n","protected":false},"author":225,"featured_media":0,"parent":0,"menu_order":0,"comment_status":"closed","ping_status":"open","template":"","meta":{"footnotes":""},"class_list":["post-818","page","type-page","status-publish","hentry"],"_links":{"self":[{"href":"https:\/\/blog.uclm.es\/enresa\/wp-json\/wp\/v2\/pages\/818","targetHints":{"allow":["GET"]}}],"collection":[{"href":"https:\/\/blog.uclm.es\/enresa\/wp-json\/wp\/v2\/pages"}],"about":[{"href":"https:\/\/blog.uclm.es\/enresa\/wp-json\/wp\/v2\/types\/page"}],"author":[{"embeddable":true,"href":"https:\/\/blog.uclm.es\/enresa\/wp-json\/wp\/v2\/users\/225"}],"replies":[{"embeddable":true,"href":"https:\/\/blog.uclm.es\/enresa\/wp-json\/wp\/v2\/comments?post=818"}],"version-history":[{"count":0,"href":"https:\/\/blog.uclm.es\/enresa\/wp-json\/wp\/v2\/pages\/818\/revisions"}],"wp:attachment":[{"href":"https:\/\/blog.uclm.es\/enresa\/wp-json\/wp\/v2\/media?parent=818"}],"curies":[{"name":"wp","href":"https:\/\/api.w.org\/{rel}","templated":true}]}}