{"id":817,"date":"2013-10-29T10:14:50","date_gmt":"2013-10-29T09:14:50","guid":{"rendered":"http:\/\/blog.uclm.es\/enresa\/?page_id=14"},"modified":"2013-10-29T10:14:50","modified_gmt":"2013-10-29T09:14:50","slug":"inicio","status":"publish","type":"page","link":"https:\/\/blog.uclm.es\/enresa\/inicio\/","title":{"rendered":"Inicio"},"content":{"rendered":"<p style=\"text-align: justify\">Las <em>C\u00e1tedras Universidad\u2013Empresa<\/em> constituyen un instrumento muy adecuado para el establecimiento de colaboraciones duraderas entre la universidad y las empresas, fundaciones, asociaciones, centros de investigaci\u00f3n, administraciones p\u00fablicas y otras entidades p\u00fablicas o privadas, que tienen como objeto la realizaci\u00f3n de actividades de docencia, investigaci\u00f3n, generaci\u00f3n de conocimiento, difusi\u00f3n y transferencia de tecnolog\u00eda en un \u00e1rea cient\u00edfico-t\u00e9cnica de inter\u00e9s com\u00fan y durante un tiempo determinado.<\/p>\n<p style=\"text-align: justify\"><strong>ENRESA<\/strong>, tiene entre sus finalidades, promover la investigaci\u00f3n, la formaci\u00f3n y la difusi\u00f3n y transferencia del conocimiento en materias relacionadas con el desarrollo socioecon\u00f3mico y el medio ambiente tal y como se recoge en el convenio de creaci\u00f3n de la <strong>C\u00e1tedra ENRESA<\/strong>. Tanto ENRESA como la UCLM son conscientes de la necesidad de colaboraci\u00f3n para la mejor formaci\u00f3n de los universitarios y de otros agentes del \u00e1mbito de actuaci\u00f3n de ambas instituciones, as\u00ed como de la necesidad de cooperar en la gesti\u00f3n de proyectos que contribuyan a la investigaci\u00f3n, el desarrollo y la innovaci\u00f3n para el medio ambiente y el desarrollo sostenible.<\/p>\n<p style=\"text-align: justify\"><a href=\"https:\/\/blog.uclm.es\/enresa\/wp-content\/uploads\/sites\/160\/2013\/10\/log-nuevo-ENRESA-web.png\"><img loading=\"lazy\" decoding=\"async\" class=\"aligncenter size-full wp-image-759\" src=\"https:\/\/blog.uclm.es\/enresa\/wp-content\/uploads\/sites\/160\/2013\/10\/log-nuevo-ENRESA-web.png\" alt=\"\" width=\"634\" height=\"68\" srcset=\"https:\/\/blog.uclm.es\/enresa\/wp-content\/uploads\/sites\/160\/2013\/10\/log-nuevo-ENRESA-web.png 634w, https:\/\/blog.uclm.es\/enresa\/wp-content\/uploads\/sites\/160\/2013\/10\/log-nuevo-ENRESA-web-300x32.png 300w\" sizes=\"auto, (max-width: 634px) 85vw, 634px\" \/><\/a><\/p>\n<p style=\"text-align: justify\">Para ello, desde la C\u00e1tedra ENRESA se llevar\u00e1n a cabo actuaciones de informaci\u00f3n, formaci\u00f3n e investigaci\u00f3n, con la realizaci\u00f3n de estudios, informes y proyectos, as\u00ed como l\u00edneas de investigaci\u00f3n en temas relacionados con la energ\u00eda, el medio ambiente y la sostenibilidad para el desarrollo econ\u00f3mico y social de Castilla-La Mancha.<\/p>\n<p style=\"text-align: justify\">Las actividades ir\u00e1n dirigidas al mayor abanico posible de agentes, no s\u00f3lo a los colectivos de la instituci\u00f3n acad\u00e9mica (profesores, investigadores, estudiantes y personal de administraci\u00f3n y servicios), sino que deber\u00edan proporcionar beneficios para la sociedad en general. El impacto positivo que la constituci\u00f3n de la c\u00e1tedra genera en la sociedad repercutir\u00e1 en la entidad que la patrocine, siempre que se lleve a cabo una buena difusi\u00f3n de las acciones organizadas.<\/p>\n<p style=\"text-align: justify\"><span style=\"color: #003300\"><strong>Para ello se crea esta p\u00e1gina, como principal medio de difusi\u00f3n. Aqu\u00ed podr\u00e1s encontrar informaci\u00f3n de todas las actividades y eventos organizados o en los que participe y\/o patrocine la C\u00e1tedra ENRESA, as\u00ed como las convocatorias, premios y noticias.\u00a0<\/strong><\/span><\/p>\n","protected":false},"excerpt":{"rendered":"<p>Las C\u00e1tedras Universidad\u2013Empresa constituyen un instrumento muy adecuado para el establecimiento de colaboraciones duraderas entre la universidad y las empresas, fundaciones, asociaciones, centros de investigaci\u00f3n, administraciones p\u00fablicas y otras entidades p\u00fablicas o privadas, que tienen como objeto la realizaci\u00f3n de actividades de docencia, investigaci\u00f3n, generaci\u00f3n de conocimiento, difusi\u00f3n y transferencia de tecnolog\u00eda en un \u00e1rea &hellip; <a href=\"https:\/\/blog.uclm.es\/enresa\/inicio\/\" class=\"more-link\">Continuar leyendo<span class=\"screen-reader-text\"> \u00abInicio\u00bb<\/span><\/a><\/p>\n","protected":false},"author":225,"featured_media":0,"parent":0,"menu_order":0,"comment_status":"closed","ping_status":"open","template":"","meta":{"footnotes":""},"class_list":["post-817","page","type-page","status-publish","hentry"],"_links":{"self":[{"href":"https:\/\/blog.uclm.es\/enresa\/wp-json\/wp\/v2\/pages\/817","targetHints":{"allow":["GET"]}}],"collection":[{"href":"https:\/\/blog.uclm.es\/enresa\/wp-json\/wp\/v2\/pages"}],"about":[{"href":"https:\/\/blog.uclm.es\/enresa\/wp-json\/wp\/v2\/types\/page"}],"author":[{"embeddable":true,"href":"https:\/\/blog.uclm.es\/enresa\/wp-json\/wp\/v2\/users\/225"}],"replies":[{"embeddable":true,"href":"https:\/\/blog.uclm.es\/enresa\/wp-json\/wp\/v2\/comments?post=817"}],"version-history":[{"count":0,"href":"https:\/\/blog.uclm.es\/enresa\/wp-json\/wp\/v2\/pages\/817\/revisions"}],"wp:attachment":[{"href":"https:\/\/blog.uclm.es\/enresa\/wp-json\/wp\/v2\/media?parent=817"}],"curies":[{"name":"wp","href":"https:\/\/api.w.org\/{rel}","templated":true}]}}