{"id":408,"date":"2025-04-02T18:36:53","date_gmt":"2025-04-02T16:36:53","guid":{"rendered":"https:\/\/blog.uclm.es\/elenanavarro\/?page_id=408"},"modified":"2025-04-04T11:59:51","modified_gmt":"2025-04-04T09:59:51","slug":"industrial-projects","status":"publish","type":"page","link":"https:\/\/blog.uclm.es\/elenanavarro\/industrial-projects\/","title":{"rendered":"Industrial Projects"},"content":{"rendered":"\n<div class=\"wp-block-columns is-layout-flex wp-container-core-columns-is-layout-1a2ddb66 wp-block-columns-is-layout-flex\" style=\"padding-right:var(--wp--preset--spacing--30);padding-left:var(--wp--preset--spacing--30)\">\n<div class=\"wp-block-column is-layout-flow wp-block-column-is-layout-flow\" style=\"flex-basis:40%\">\n<h6 class=\"wp-block-heading\">Generic framework results evaluation and research results report<\/h6>\n<\/div>\n\n\n\n<div class=\"wp-block-column is-layout-flow wp-block-column-is-layout-flow\" style=\"flex-basis:60%\">\n<p><strong>Funded by:\u00a0<\/strong>Eurocopter Espa\u00f1a<br><strong>From:\u00a0<\/strong>17\/03\/2011<strong>\u00a0until:\u00a0<\/strong>31\/12\/2011<br><strong>Principal Investigator:\u00a0<\/strong>Navarro Martinez, Elena Maria<\/p>\n<\/div>\n<\/div>\n\n\n\n<div class=\"wp-block-columns is-layout-flex wp-container-core-columns-is-layout-1a2ddb66 wp-block-columns-is-layout-flex\" style=\"padding-right:var(--wp--preset--spacing--30);padding-left:var(--wp--preset--spacing--30)\">\n<div class=\"wp-block-column is-layout-flow wp-block-column-is-layout-flow\" style=\"flex-basis:40%\">\n<h6 class=\"wp-block-heading\">FAULT TOLERANCE \/ DISTRIBUTED IMA<\/h6>\n<\/div>\n\n\n\n<div class=\"wp-block-column is-layout-flow wp-block-column-is-layout-flow\" style=\"flex-basis:60%\">\n<p><strong>Funded by:\u00a0<\/strong>EUROCOPTER ESPA\u00d1A<br><strong>From:\u00a0<\/strong>01\/07\/2010<strong>\u00a0until:\u00a0<\/strong>01\/05\/2011<br><strong>Principal Investigator:\u00a0<\/strong>Montero Simarro, Francisco<\/p>\n<\/div>\n<\/div>\n\n\n\n<div class=\"wp-block-columns is-layout-flex wp-container-core-columns-is-layout-1a2ddb66 wp-block-columns-is-layout-flex\" style=\"padding-right:var(--wp--preset--spacing--30);padding-left:var(--wp--preset--spacing--30)\">\n<div class=\"wp-block-column is-layout-flow wp-block-column-is-layout-flow\" style=\"flex-basis:40%\">\n<h6 class=\"wp-block-heading\">Generic framework: generic framework design, implementation and pilot projects execution<\/h6>\n<\/div>\n\n\n\n<div class=\"wp-block-column is-layout-flow wp-block-column-is-layout-flow\" style=\"flex-basis:60%\">\n<p><strong>Funded by:\u00a0<\/strong>Eurocopter Espa\u00f1a<br><strong>From:\u00a0<\/strong>24\/05\/2010<strong>\u00a0until:\u00a0<\/strong>31\/12\/2011<br><strong>Principal Investigator:\u00a0<\/strong>Navarro Martinez, Elena Maria<\/p>\n<\/div>\n<\/div>\n\n\n\n<div class=\"wp-block-columns is-layout-flex wp-container-core-columns-is-layout-1a2ddb66 wp-block-columns-is-layout-flex\" style=\"padding-right:var(--wp--preset--spacing--30);padding-left:var(--wp--preset--spacing--30)\">\n<div class=\"wp-block-column is-layout-flow wp-block-column-is-layout-flow\" style=\"flex-basis:40%\">\n<h6 class=\"wp-block-heading\">REDUNDANCY AND RECONFIGURATION STUDY ( 01\/10\/2009).<\/h6>\n<\/div>\n\n\n\n<div class=\"wp-block-column is-layout-flow wp-block-column-is-layout-flow\" style=\"flex-basis:60%\">\n<p><strong>Funded by:\u00a0<\/strong>EUROCOPTER ESPA\u00d1A<br><strong>From:\u00a0<\/strong>01\/10\/2009<strong>\u00a0until:\u00a0<\/strong>28\/02\/2010<br><strong>Principal Investigator:\u00a0<\/strong>Montero Simarro, Francisco<\/p>\n<\/div>\n<\/div>\n\n\n\n<div class=\"wp-block-columns is-layout-flex wp-container-core-columns-is-layout-1a2ddb66 wp-block-columns-is-layout-flex\" style=\"padding-right:var(--wp--preset--spacing--30);padding-left:var(--wp--preset--spacing--30)\">\n<div class=\"wp-block-column is-layout-flow wp-block-column-is-layout-flow\" style=\"flex-basis:40%\">\n<h6 class=\"wp-block-heading\">UNIVERSAL TEST BENCH 2 RESEARCH &amp; STUDY PHASE PLAN &#8211; EUROCOPTE ESPA\u00d1A &#8211; (09\/09\/2009).<\/h6>\n<\/div>\n\n\n\n<div class=\"wp-block-column is-layout-flow wp-block-column-is-layout-flow\" style=\"flex-basis:60%\">\n<p><strong>Funded by:\u00a0<\/strong>EUROCOPTER ESPA\u00d1A<br><strong>From:\u00a0<\/strong>09\/09\/2009<strong>\u00a0until:\u00a0<\/strong>31\/12\/2010<br><strong>Principal Investigator:\u00a0<\/strong>Navarro Martinez, Elena Maria<\/p>\n<\/div>\n<\/div>\n\n\n\n<div class=\"wp-block-columns is-layout-flex wp-container-core-columns-is-layout-1a2ddb66 wp-block-columns-is-layout-flex\" style=\"padding-right:var(--wp--preset--spacing--30);padding-left:var(--wp--preset--spacing--30)\">\n<div class=\"wp-block-column is-layout-flow wp-block-column-is-layout-flow\" style=\"flex-basis:40%\">\n<h6 class=\"wp-block-heading\">CERTIFICACI\u00d3N DE APLICACI\u00d3N OASIS UTILIZANDO METODOLOG\u00cdA OPSOA<\/h6>\n<\/div>\n\n\n\n<div class=\"wp-block-column is-layout-flow wp-block-column-is-layout-flow\" style=\"flex-basis:60%\">\n<p><strong>Funded by:\u00a0<\/strong>FUNDACION PARQUE CIENTIFICO Y TECNOLOGICO DE ALBACETE<br><strong>From:\u00a0<\/strong>01\/05\/2009<strong>\u00a0until:\u00a0<\/strong>30\/06\/2009<br><strong>Principal Investigator:\u00a0<\/strong>Navarro Martinez, Elena Maria<\/p>\n<\/div>\n<\/div>\n\n\n\n<div class=\"wp-block-columns is-layout-flex wp-container-core-columns-is-layout-1a2ddb66 wp-block-columns-is-layout-flex\" style=\"padding-right:var(--wp--preset--spacing--30);padding-left:var(--wp--preset--spacing--30)\">\n<div class=\"wp-block-column is-layout-flow wp-block-column-is-layout-flow\" style=\"flex-basis:40%\">\n<h6 class=\"wp-block-heading\">SISTEMA INTEGRAL DE CONTROL Y MONITORIZACI\u00d3N PARA LA EFICIENCIA ENERG\u00c9TICA MUNICIPAL<\/h6>\n<\/div>\n\n\n\n<div class=\"wp-block-column is-layout-flow wp-block-column-is-layout-flow\" style=\"flex-basis:60%\">\n<p><strong>Funded by:\u00a0<\/strong>CAMPO 3<br><strong>From:\u00a0<\/strong>20\/05\/2008<strong>\u00a0until:\u00a0<\/strong>30\/06\/2009<br><strong>Principal Investigator:\u00a0<\/strong>Quintanilla Rodenas, Antonio<\/p>\n<\/div>\n<\/div>\n\n\n\n<div class=\"wp-block-columns is-layout-flex wp-container-core-columns-is-layout-1a2ddb66 wp-block-columns-is-layout-flex\" style=\"padding-right:var(--wp--preset--spacing--30);padding-left:var(--wp--preset--spacing--30)\">\n<div class=\"wp-block-column is-layout-flow wp-block-column-is-layout-flow\" style=\"flex-basis:40%\">\n<h6 class=\"wp-block-heading\">OPSOA: Estudio y definici\u00f3n de un proceso de pruebas para la certificaci\u00f3n de software libre<\/h6>\n<\/div>\n\n\n\n<div class=\"wp-block-column is-layout-flow wp-block-column-is-layout-flow\" style=\"flex-basis:60%\">\n<p><strong>Funded by:\u00a0<\/strong>Parque Cient\u00edfico y Tecnol\u00f3gico de Albacete<br><strong>From:\u00a0<\/strong>15\/12\/2007<strong>\u00a0until:\u00a0<\/strong>31\/12\/2011<br><strong>Principal Investigator:\u00a0<\/strong>Montero Simarro, Francisco<\/p>\n<\/div>\n<\/div>\n\n\n\n<div class=\"wp-block-columns is-layout-flex wp-container-core-columns-is-layout-1a2ddb66 wp-block-columns-is-layout-flex\" style=\"padding-right:var(--wp--preset--spacing--30);padding-left:var(--wp--preset--spacing--30)\">\n<div class=\"wp-block-column is-layout-flow wp-block-column-is-layout-flow\" style=\"flex-basis:40%\">\n<h6 class=\"wp-block-heading\">OPSOA: APLICACI\u00d3N DE UN MODELO DE PROCESO A UN CASO DE ESTUDIO<\/h6>\n<\/div>\n\n\n\n<div class=\"wp-block-column is-layout-flow wp-block-column-is-layout-flow\" style=\"flex-basis:60%\">\n<p><strong>Funded by:\u00a0<\/strong>PARQUE CIENT\u00cdFICO Y TECNOL\u00d3GICO DE AB<br><strong>From:\u00a0<\/strong>01\/12\/2007<strong>\u00a0until:\u00a0<\/strong>01\/12\/2009<br><strong>Principal Investigator:\u00a0<\/strong>Navarro Martinez, Elena Maria<\/p>\n<\/div>\n<\/div>\n\n\n\n<div class=\"wp-block-columns is-layout-flex wp-container-core-columns-is-layout-1a2ddb66 wp-block-columns-is-layout-flex\" style=\"padding-right:var(--wp--preset--spacing--30);padding-left:var(--wp--preset--spacing--30)\">\n<div class=\"wp-block-column is-layout-flow wp-block-column-is-layout-flow\" style=\"flex-basis:40%\">\n<h6 class=\"wp-block-heading\">Una Infraestructura de Museo H\u00edbrido para la exposici\u00f3n itinerante de Sorolla, Visi\u00f3n de Espa\u00f1a<\/h6>\n<\/div>\n\n\n\n<div class=\"wp-block-column is-layout-flow wp-block-column-is-layout-flow\" style=\"flex-basis:60%\">\n<p><strong>Funded by:\u00a0<\/strong>Bancaja<br><strong>From:\u00a0<\/strong>01\/07\/2007<strong>\u00a0until:\u00a0<\/strong>10\/01\/2010<br><strong>Principal Investigator:\u00a0<\/strong>Jaen Mart\u00ednez, Javier<\/p>\n<\/div>\n<\/div>\n\n\n\n<div class=\"wp-block-columns is-layout-flex wp-container-core-columns-is-layout-1a2ddb66 wp-block-columns-is-layout-flex\" style=\"padding-right:var(--wp--preset--spacing--30);padding-left:var(--wp--preset--spacing--30)\">\n<div class=\"wp-block-column is-layout-flow wp-block-column-is-layout-flow\" style=\"flex-basis:40%\">\n<h6 class=\"wp-block-heading\">Building the Museums of the 21st Century<\/h6>\n<\/div>\n\n\n\n<div class=\"wp-block-column is-layout-flow wp-block-column-is-layout-flow\" style=\"flex-basis:60%\">\n<p><strong>Funded by:\u00a0<\/strong>Microsoft Research Cambridge<br><strong>From:\u00a0<\/strong>01\/07\/2003<strong>\u00a0until:\u00a0<\/strong>30\/06\/2006<br><strong>Principal Investigator:\u00a0<\/strong>Jaen Mart\u00ednez, Javier<\/p>\n<\/div>\n<\/div>\n\n\n\n<div class=\"wp-block-columns is-layout-flex wp-container-core-columns-is-layout-1a2ddb66 wp-block-columns-is-layout-flex\" style=\"padding-right:var(--wp--preset--spacing--30);padding-left:var(--wp--preset--spacing--30)\">\n<div class=\"wp-block-column is-layout-flow wp-block-column-is-layout-flow\" style=\"flex-basis:40%\">\n<h6 class=\"wp-block-heading\">Sistema de Informaci\u00f3n Geogr\u00e1fica para la Red de Centros de Desarrollo Rural (CEDERCAM). SIG-CEDERCAM<\/h6>\n<\/div>\n\n\n\n<div class=\"wp-block-column is-layout-flow wp-block-column-is-layout-flow\" style=\"flex-basis:60%\">\n<p><strong>Funded by:\u00a0<\/strong>Red de Centros de Desarrollo Rural (CEDERCAM).<br><strong>From:\u00a0<\/strong>01\/07\/2000<strong>\u00a0until:\u00a0<\/strong>01\/07\/2001<br><strong>Principal Investigator:\u00a0<\/strong>Quintanilla Rodenas, Antonio<\/p>\n<\/div>\n<\/div>\n\n\n\n<div class=\"wp-block-columns is-layout-flex wp-container-core-columns-is-layout-1a2ddb66 wp-block-columns-is-layout-flex\" style=\"padding-right:var(--wp--preset--spacing--30);padding-left:var(--wp--preset--spacing--30)\">\n<div class=\"wp-block-column is-layout-flow wp-block-column-is-layout-flow\" style=\"flex-basis:40%\">\n<h6 class=\"wp-block-heading\">Estudio mediante Teledetecci\u00f3n de la evoluci\u00f3n de la superficie regada en la Mancha Oriental y su posible relaci\u00f3n con las fluctuaciones de los niveles piezom\u00e9tricos del Sistema Acu\u00edfero 08.09<\/h6>\n<\/div>\n\n\n\n<div class=\"wp-block-column is-layout-flow wp-block-column-is-layout-flow\" style=\"flex-basis:60%\">\n<p><strong>Funded by:\u00a0<\/strong>Universidad de Castilla &#8211; La Mancha<br><strong>From:\u00a0<\/strong>01\/01\/1996<strong>\u00a0until:\u00a0<\/strong>31\/12\/1996<br><strong>Principal Investigator:\u00a0<\/strong>Casta\u00f1o Fernandez, Santiago<\/p>\n<\/div>\n<\/div>\n\n\n\n<div class=\"wp-block-columns is-layout-flex wp-container-core-columns-is-layout-1a2ddb66 wp-block-columns-is-layout-flex\" style=\"padding-right:var(--wp--preset--spacing--30);padding-left:var(--wp--preset--spacing--30)\">\n<div class=\"wp-block-column is-layout-flow wp-block-column-is-layout-flow\" style=\"flex-basis:40%\">\n<h6 class=\"wp-block-heading\">Elaboraci\u00f3n de S.I.G. del proyecto EFEDA I (Echieval Field Experiment in Desertification-theatened Areas) para las \u00e1reas de Estudio Tomelloso, Barrax, y Belmonte<\/h6>\n<\/div>\n\n\n\n<div class=\"wp-block-column is-layout-flow wp-block-column-is-layout-flow\" style=\"flex-basis:60%\">\n<p><strong>Funded by:\u00a0<\/strong>EFEDA<br><strong>From:\u00a0<\/strong>01\/12\/1994<strong>\u00a0until:\u00a0<\/strong>30\/06\/1995<br><strong>Principal Investigator:\u00a0<\/strong>Casta\u00f1o Fernandez, Santiago<\/p>\n<\/div>\n<\/div>\n\n\n\n<div class=\"wp-block-columns is-layout-flex wp-container-core-columns-is-layout-1a2ddb66 wp-block-columns-is-layout-flex\" style=\"padding-right:var(--wp--preset--spacing--30);padding-left:var(--wp--preset--spacing--30)\">\n<div class=\"wp-block-column is-layout-flow wp-block-column-is-layout-flow\" style=\"flex-basis:40%\">\n<h6 class=\"wp-block-heading\">Informe sobre las alternativas del trazado de la Autov\u00eda Madrid-Castilla-La Mancha-Valencia a su paso por las Hoces del r\u00edo Cabriel<\/h6>\n<\/div>\n\n\n\n<div class=\"wp-block-column is-layout-flow wp-block-column-is-layout-flow\" style=\"flex-basis:60%\">\n<p><strong>Funded by:\u00a0<\/strong>Junta de Comunidades de Castilla &#8211; La Mancha<br><strong>From:\u00a0<\/strong>01\/01\/1994<strong>\u00a0until:\u00a0<\/strong>01\/01\/1995<br><strong>Principal Investigator:\u00a0<\/strong>Casta\u00f1o Fernandez, Santiago<\/p>\n<\/div>\n<\/div>\n\n\n\n<div class=\"wp-block-columns is-layout-flex wp-container-core-columns-is-layout-1a2ddb66 wp-block-columns-is-layout-flex\" style=\"padding-right:var(--wp--preset--spacing--30);padding-left:var(--wp--preset--spacing--30)\">\n<div class=\"wp-block-column is-layout-flow wp-block-column-is-layout-flow\" style=\"flex-basis:40%\">\n<h6 class=\"wp-block-heading\">Cuantificaci\u00f3n y evoluci\u00f3n temporal entre 1975 y 1994 de la Superficie Regada en la Cuenca del R\u00edo Segura. Estudio mediante Teledetecci\u00f3n, a\u00f1os 1975 a 1994<\/h6>\n<\/div>\n\n\n\n<div class=\"wp-block-column is-layout-flow wp-block-column-is-layout-flow\" style=\"flex-basis:60%\">\n<p><strong>Funded by:\u00a0<\/strong>Junta de Comunidades de Castilla &#8211; La Mancha<br><strong>From:\u00a0<\/strong>01\/01\/1994<strong>\u00a0until:\u00a0<\/strong>01\/01\/1995<br><strong>Principal Investigator:\u00a0<\/strong>Casta\u00f1o Fernandez, Santiago<\/p>\n<\/div>\n<\/div>\n","protected":false},"excerpt":{"rendered":"<p>Generic framework results evaluation and research results report Funded by:\u00a0Eurocopter Espa\u00f1aFrom:\u00a017\/03\/2011\u00a0until:\u00a031\/12\/2011Principal Investigator:\u00a0Navarro Martinez, Elena Maria FAULT TOLERANCE \/ DISTRIBUTED IMA Funded by:\u00a0EUROCOPTER ESPA\u00d1AFrom:\u00a001\/07\/2010\u00a0until:\u00a001\/05\/2011Principal Investigator:\u00a0Montero Simarro, Francisco Generic framework: generic framework design, implementation and pilot projects execution Funded by:\u00a0Eurocopter Espa\u00f1aFrom:\u00a024\/05\/2010\u00a0until:\u00a031\/12\/2011Principal Investigator:\u00a0Navarro Martinez, Elena Maria REDUNDANCY AND RECONFIGURATION STUDY ( 01\/10\/2009). Funded by:\u00a0EUROCOPTER ESPA\u00d1AFrom:\u00a001\/10\/2009\u00a0until:\u00a028\/02\/2010Principal Investigator:\u00a0Montero Simarro, Francisco [&hellip;]<\/p>\n","protected":false},"author":110,"featured_media":0,"parent":0,"menu_order":0,"comment_status":"closed","ping_status":"closed","template":"","meta":{"footnotes":""},"class_list":["post-408","page","type-page","status-publish","hentry"],"_links":{"self":[{"href":"https:\/\/blog.uclm.es\/elenanavarro\/wp-json\/wp\/v2\/pages\/408","targetHints":{"allow":["GET"]}}],"collection":[{"href":"https:\/\/blog.uclm.es\/elenanavarro\/wp-json\/wp\/v2\/pages"}],"about":[{"href":"https:\/\/blog.uclm.es\/elenanavarro\/wp-json\/wp\/v2\/types\/page"}],"author":[{"embeddable":true,"href":"https:\/\/blog.uclm.es\/elenanavarro\/wp-json\/wp\/v2\/users\/110"}],"replies":[{"embeddable":true,"href":"https:\/\/blog.uclm.es\/elenanavarro\/wp-json\/wp\/v2\/comments?post=408"}],"version-history":[{"count":4,"href":"https:\/\/blog.uclm.es\/elenanavarro\/wp-json\/wp\/v2\/pages\/408\/revisions"}],"predecessor-version":[{"id":462,"href":"https:\/\/blog.uclm.es\/elenanavarro\/wp-json\/wp\/v2\/pages\/408\/revisions\/462"}],"wp:attachment":[{"href":"https:\/\/blog.uclm.es\/elenanavarro\/wp-json\/wp\/v2\/media?parent=408"}],"curies":[{"name":"wp","href":"https:\/\/api.w.org\/{rel}","templated":true}]}}