{"id":8,"date":"2014-09-15T07:34:10","date_gmt":"2014-09-15T06:34:10","guid":{"rendered":"http:\/\/blog.uclm.es\/electrotech4pest\/?page_id=8"},"modified":"2014-09-15T07:34:10","modified_gmt":"2014-09-15T06:34:10","slug":"resumen","status":"publish","type":"page","link":"https:\/\/blog.uclm.es\/electrotech4pest\/resumen\/","title":{"rendered":"2. Resumen"},"content":{"rendered":"<p><strong>TECNOLOG\u00cdA ELECTROQU\u00cdMICA PARA LA ELIMINACI\u00d3N DE PESTICIDAS EN AGUAS Y SUELOS<br \/>\n<\/strong><\/p>\n<p><em>CTM2013-45612R<\/em><\/p>\n<p>Este proyecto enfoca la eliminaci\u00f3n de pesticidas desde un punto de vista global, teniendo por objetivo el desarrollo de tecnolog\u00edas electroqu\u00edmicas que posibiliten tanto la remediaci\u00f3n de suelos de baja permeabilidad y aguas subterr\u00e1neas contaminadas con pesticidas como el tratamiento de efluentes industriales procedentes de los procesos de fabricaci\u00f3n o de la gesti\u00f3n de estos compuestos.<br \/>\nEl punto de partida es la experiencia previa que dispone el grupo de investigaci\u00f3n en el desarrollo de tecnolog\u00eda electroqu\u00edmica para el tratamiento de aguas industriales y para la remediaci\u00f3n de suelos contaminados, que ha permitido disponer del know how en el desarrollo de procesos de electrolisis para el tratamiento de aguas de muy diferentes tipos, y de la experiencia en tecnolog\u00eda de lavado electroqu\u00edmico y de barreras reactivas permeables en el tratamiento de suelos. Esta experiencia ha sido obtenida a trav\u00e9s de la ejecuci\u00f3n de varios proyectos con financiaci\u00f3n oficial en convocatorias anteriores del Plan Nacional y tambi\u00e9n mediante el desarrollo de varios proyectos de transferencia con empresas. Tambi\u00e9n es relevante la sinergia e integraci\u00f3n en el grupo de investigaci\u00f3n durante los \u00faltimos a\u00f1os de investigadores con diferente formaci\u00f3n y especialidad investigadora que permite cubrir, y complementar sobre la base en tecnolog\u00eda electroqu\u00edmica del proyecto, campos tan variados como el flujo en medios porosos y su modelizaci\u00f3n num\u00e9rica, el suministro energ\u00e9tico, tratamientos de suelos como la fitorremediaci\u00f3n y la biorremediaci\u00f3n, y tratamientos de bio-oxidaci\u00f3n y de oxidaci\u00f3n electroqu\u00edmica avanzada de aguas.<br \/>\nEntre los aspectos novedosos que se pretenden desarrollar en el proyecto que se solicita en el marco del Programa Retos de la Sociedad cabr\u00eda destacar:<br \/>\n&#8211; El uso de irradiaci\u00f3n de ultrasonidos y de luz ultravioleta para mejorar la efectividad de los tratamientos electrol\u00edticos en la eliminaci\u00f3n de pesticidas en aguas, especialmente teniendo en cuenta que es necesario reducir la contaminaci\u00f3n hasta niveles muy bajos, dada la toxicidad de las especies contaminantes.<br \/>\n&#8211; La inclusi\u00f3n de procesos de biorremediaci\u00f3n y fitorremediaci\u00f3n mejorada dentro de la tecnolog\u00eda de barreras reactivas permeables que se acoplan a procesos de lavado electroqu\u00edmico de suelos.<br \/>\n&#8211; La inclusi\u00f3n de etapas de escalado desde el nivel del laboratorio hasta el nivel de prototipo. El grupo de investigaci\u00f3n dispone de instalaciones singulares de tratamiento de aguas con capacidad de hasta 200 l\/h y prototipos de remediaci\u00f3n de suelos de hasta 32 m3.<\/p>\n","protected":false},"excerpt":{"rendered":"<p>TECNOLOG\u00cdA ELECTROQU\u00cdMICA PARA LA ELIMINACI\u00d3N DE PESTICIDAS EN AGUAS Y SUELOS CTM2013-45612R Este proyecto enfoca la eliminaci\u00f3n de pesticidas desde un punto de vista global, teniendo por objetivo el desarrollo de tecnolog\u00edas electroqu\u00edmicas que posibiliten tanto la remediaci\u00f3n de suelos de baja permeabilidad y aguas subterr\u00e1neas contaminadas con pesticidas como el tratamiento de efluentes industriales &hellip; <a href=\"https:\/\/blog.uclm.es\/electrotech4pest\/resumen\/\" class=\"more-link\">Seguir leyendo <span class=\"screen-reader-text\">2. Resumen<\/span> <span class=\"meta-nav\">&rarr;<\/span><\/a><\/p>\n","protected":false},"author":213,"featured_media":0,"parent":0,"menu_order":0,"comment_status":"closed","ping_status":"open","template":"","meta":{"footnotes":""},"class_list":["post-8","page","type-page","status-publish","hentry"],"_links":{"self":[{"href":"https:\/\/blog.uclm.es\/electrotech4pest\/wp-json\/wp\/v2\/pages\/8","targetHints":{"allow":["GET"]}}],"collection":[{"href":"https:\/\/blog.uclm.es\/electrotech4pest\/wp-json\/wp\/v2\/pages"}],"about":[{"href":"https:\/\/blog.uclm.es\/electrotech4pest\/wp-json\/wp\/v2\/types\/page"}],"author":[{"embeddable":true,"href":"https:\/\/blog.uclm.es\/electrotech4pest\/wp-json\/wp\/v2\/users\/213"}],"replies":[{"embeddable":true,"href":"https:\/\/blog.uclm.es\/electrotech4pest\/wp-json\/wp\/v2\/comments?post=8"}],"version-history":[{"count":0,"href":"https:\/\/blog.uclm.es\/electrotech4pest\/wp-json\/wp\/v2\/pages\/8\/revisions"}],"wp:attachment":[{"href":"https:\/\/blog.uclm.es\/electrotech4pest\/wp-json\/wp\/v2\/media?parent=8"}],"curies":[{"name":"wp","href":"https:\/\/api.w.org\/{rel}","templated":true}]}}