{"id":14,"date":"2014-09-15T15:03:37","date_gmt":"2014-09-15T14:03:37","guid":{"rendered":"http:\/\/blog.uclm.es\/electrotech4pest\/?page_id=14"},"modified":"2014-09-15T15:03:37","modified_gmt":"2014-09-15T14:03:37","slug":"investigadores","status":"publish","type":"page","link":"https:\/\/blog.uclm.es\/electrotech4pest\/investigadores\/","title":{"rendered":"3. Investigadores"},"content":{"rendered":"<p><strong>Equipo investigador<\/strong><\/p>\n<p>Dr. Manuel Andr\u00e9s Rodrigo Rodrigo (Catedr\u00e1tico de Universidad)<br \/>\nDr. Pablo Ca\u00f1izares Ca\u00f1izares (Catedr\u00e1tico de Universidad)<\/p>\n<p>Dr. Vicente Navarro Gamir (Catedr\u00e1tico de Universidad)<\/p>\n<p>Dr. Jos\u00e9 Villase\u00f1or Camacho (Titular de Universidad)<br \/>\nDr. Justo Lobato Bajo (Titular de Universidad)<br \/>\nDr. Luis Rodr\u00edguez Romero (Titular de Universidad)<br \/>\nDr. Cristina S\u00e1ez Jim\u00e9nez (Titular de Universidad)<br \/>\nDr. Francisco Jes\u00fas Fern\u00e1ndez Morales (Titular de Universidad)<br \/>\nDr. \u00c1ngel Yustres Real (Profesor Contratado Doctor)<\/p>\n<p><strong>Equipo de trabajo :<br \/>\n<\/strong><\/p>\n<p>Dr. Javier Llanos L\u00f3pez<br \/>\nDra. Carmen Mar\u00eda Fern\u00e1ndez Marchante<br \/>\nDr. Juan Alonso Aperte<br \/>\nDr. Esperanza Mena Ram\u00edrez<br \/>\nDr. Rui Pedro Costa Neto<br \/>\nDr. Carlos Alberto Mart\u00ednez Huitle<br \/>\nD\u00f1a. Sandra Rodrigo Villanueva<br \/>\nD\u00f1a. Alexandra Raschitor<br \/>\nDra. Mar\u00eda Jos\u00e9 Mart\u00edn de Vidales Calvo<br \/>\nDr. Salvador Cotillas Soriano<br \/>\nD\u00f1a. Mar\u00eda Bel\u00e9n Carboneras Contreras<br \/>\nDr. Rub\u00e9n L\u00f3pez Vizca\u00edno L\u00f3pez<br \/>\nDra. Esperanza Mena Ram\u00edrez<br \/>\nD\u00f1a. Virtudes S\u00e1nchez S\u00e1nchez<br \/>\nD\u00f1a. Silvia Barba Piedrabuena<br \/>\nD\u00f1a. Carolina Risco Manzano<br \/>\nD. Jose Fernando P\u00e9rez Serrano <\/p>\n","protected":false},"excerpt":{"rendered":"<p>Equipo investigador Dr. Manuel Andr\u00e9s Rodrigo Rodrigo (Catedr\u00e1tico de Universidad) Dr. Pablo Ca\u00f1izares Ca\u00f1izares (Catedr\u00e1tico de Universidad) Dr. Vicente Navarro Gamir (Catedr\u00e1tico de Universidad) Dr. Jos\u00e9 Villase\u00f1or Camacho (Titular de Universidad) Dr. Justo Lobato Bajo (Titular de Universidad) Dr. Luis Rodr\u00edguez Romero (Titular de Universidad) Dr. Cristina S\u00e1ez Jim\u00e9nez (Titular de Universidad) Dr. Francisco Jes\u00fas &hellip; <a href=\"https:\/\/blog.uclm.es\/electrotech4pest\/investigadores\/\" class=\"more-link\">Seguir leyendo <span class=\"screen-reader-text\">3. Investigadores<\/span> <span class=\"meta-nav\">&rarr;<\/span><\/a><\/p>\n","protected":false},"author":213,"featured_media":0,"parent":0,"menu_order":0,"comment_status":"closed","ping_status":"open","template":"","meta":{"footnotes":""},"class_list":["post-14","page","type-page","status-publish","hentry"],"_links":{"self":[{"href":"https:\/\/blog.uclm.es\/electrotech4pest\/wp-json\/wp\/v2\/pages\/14","targetHints":{"allow":["GET"]}}],"collection":[{"href":"https:\/\/blog.uclm.es\/electrotech4pest\/wp-json\/wp\/v2\/pages"}],"about":[{"href":"https:\/\/blog.uclm.es\/electrotech4pest\/wp-json\/wp\/v2\/types\/page"}],"author":[{"embeddable":true,"href":"https:\/\/blog.uclm.es\/electrotech4pest\/wp-json\/wp\/v2\/users\/213"}],"replies":[{"embeddable":true,"href":"https:\/\/blog.uclm.es\/electrotech4pest\/wp-json\/wp\/v2\/comments?post=14"}],"version-history":[{"count":0,"href":"https:\/\/blog.uclm.es\/electrotech4pest\/wp-json\/wp\/v2\/pages\/14\/revisions"}],"wp:attachment":[{"href":"https:\/\/blog.uclm.es\/electrotech4pest\/wp-json\/wp\/v2\/media?parent=14"}],"curies":[{"name":"wp","href":"https:\/\/api.w.org\/{rel}","templated":true}]}}