{"id":17,"date":"2022-07-25T12:26:29","date_gmt":"2022-07-25T12:26:29","guid":{"rendered":"https:\/\/blogdev.uclm.es\/fullsite\/?page_id=17"},"modified":"2025-07-07T16:20:17","modified_gmt":"2025-07-07T16:20:17","slug":"publicaciones","status":"publish","type":"page","link":"https:\/\/blog.uclm.es\/ehcc\/publicaciones\/","title":{"rendered":""},"content":{"rendered":"\n<div class=\"wp-block-group alignfull has-background-background-color has-background is-layout-constrained wp-container-core-group-is-layout-64c49bc8 wp-block-group-is-layout-constrained\" style=\"border-radius:0px\">\n<div class=\"wp-block-group alignfull is-layout-constrained wp-block-group-is-layout-constrained\">\n<p class=\"has-text-align-center has-text-color has-x-large-font-size\" style=\"color:#4c0f0f\"><strong>Publicaciones colectivas del grupo de investigaci\u00f3n:<\/strong><\/p>\n<\/div>\n<\/div>\n\n\n\n<div class=\"wp-block-group alignfull has-foreground-color has-text-color has-link-color has-background-background-color has-background is-content-justification-center is-nowrap is-layout-flex wp-container-core-group-is-layout-23441af8 wp-block-group-is-layout-flex\">\n<div class=\"wp-block-group alignfull is-layout-constrained wp-container-core-group-is-layout-da976f36 wp-block-group-is-layout-constrained\" style=\"padding-top:0px;padding-right:0px;padding-bottom:0px;padding-left:0px\">\n<div class=\"wp-block-columns alignwide is-layout-flex wp-container-core-columns-is-layout-28f84493 wp-block-columns-is-layout-flex\">\n<div class=\"wp-block-column is-vertically-aligned-top is-layout-flow wp-block-column-is-layout-flow\" style=\"flex-basis:50%\">\n<figure class=\"wp-block-image aligncenter size-full is-resized\"><img loading=\"lazy\" decoding=\"async\" width=\"369\" height=\"521\" src=\"https:\/\/blog.uclm.es\/ehcc\/wp-content\/uploads\/sites\/231\/2025\/07\/Tardofranquismo-1.jpg\" alt=\"\" class=\"wp-image-921\" style=\"width:177px;height:auto\" srcset=\"https:\/\/blog.uclm.es\/ehcc\/wp-content\/uploads\/sites\/231\/2025\/07\/Tardofranquismo-1.jpg 369w, https:\/\/blog.uclm.es\/ehcc\/wp-content\/uploads\/sites\/231\/2025\/07\/Tardofranquismo-1-212x300.jpg 212w\" sizes=\"auto, (max-width: 369px) 100vw, 369px\" \/><\/figure>\n<\/div>\n\n\n\n<div class=\"wp-block-column is-vertically-aligned-top is-layout-flow wp-block-column-is-layout-flow\" style=\"flex-basis:50%\">\n<p class=\"has-text-color\" style=\"color:#4c0f0f;font-size:22px;line-height:1.1\"><a href=\"https:\/\/www.comares.com\/libro\/el-tardofranquismo_165195\/\">\u00c1lvaro Notario S\u00e1nchez y Jos\u00e9 Corrales D\u00edaz-Pav\u00f3n (coords.), <em>El tardofranquismo. Cultura y contracultura en tiempos de cambio, <\/em>Granada, Comares, 2025. ISBN: 978-84-1369-961-5<\/a><\/p>\n\n\n\n<p><\/p>\n\n\n\n<p class=\"has-text-color\" style=\"color:#4c0f0f;font-size:22px;line-height:1.1\">\u00cdndice: <a href=\"https:\/\/dialnet.unirioja.es\/servlet\/libro?codigo=1007314\">https:\/\/dialnet.unirioja.es\/servlet\/libro?codigo=1007314<\/a><\/p>\n<\/div>\n<\/div>\n\n\n\n<hr class=\"wp-block-separator has-alpha-channel-opacity is-style-wide\" \/>\n\n\n\n<div class=\"wp-block-columns alignwide is-layout-flex wp-container-core-columns-is-layout-28f84493 wp-block-columns-is-layout-flex\">\n<div class=\"wp-block-column is-vertically-aligned-top is-layout-flow wp-block-column-is-layout-flow\" style=\"flex-basis:50%\">\n<p class=\"has-text-align-center\"><img loading=\"lazy\" decoding=\"async\" width=\"236\" height=\"354\" class=\"wp-image-407\" style=\"width: 150px\" src=\"https:\/\/blog.uclm.es\/ehcc\/wp-content\/uploads\/sites\/231\/2023\/01\/La-aventura-de-la-modernidad.jpg\" alt=\"\" srcset=\"https:\/\/blog.uclm.es\/ehcc\/wp-content\/uploads\/sites\/231\/2023\/01\/La-aventura-de-la-modernidad.jpg 236w, https:\/\/blog.uclm.es\/ehcc\/wp-content\/uploads\/sites\/231\/2023\/01\/La-aventura-de-la-modernidad-200x300.jpg 200w\" sizes=\"auto, (max-width: 236px) 100vw, 236px\" \/><\/p>\n<\/div>\n\n\n\n<div class=\"wp-block-column is-vertically-aligned-top is-layout-flow wp-block-column-is-layout-flow\" style=\"flex-basis:50%\">\n<p class=\"has-text-color\" style=\"color:#4c0f0f;font-size:22px;line-height:1.1\">Ram\u00f3n V. D\u00edaz del Campo y Juan Sisinio P\u00e9rez Garz\u00f3n (coords.), <em>La aventura de la modernidad. Los a\u00f1os veinte en Espa\u00f1a<\/em>, Madrid, Catarata, 2022. ISBN: 978-84-1352-510-5<\/p>\n\n\n\n<p class=\"has-text-color\" style=\"color:#4c0f0f;font-size:22px;line-height:1.1\">\u00cdndice: <a href=\"https:\/\/dialnet.unirioja.es\/servlet\/libro?codigo=870510\">https:\/\/dialnet.unirioja.es\/servlet\/libro?codigo=870510<\/a><\/p>\n<\/div>\n<\/div>\n\n\n\n<hr class=\"wp-block-separator has-text-color has-foreground-color has-css-opacity has-foreground-background-color has-background alignwide is-style-wide\" \/>\n\n\n\n<div class=\"wp-block-columns alignwide is-layout-flex wp-container-core-columns-is-layout-28f84493 wp-block-columns-is-layout-flex\">\n<div class=\"wp-block-column is-vertically-aligned-top is-layout-flow wp-block-column-is-layout-flow\" style=\"flex-basis:50%\">\n<p class=\"has-text-align-center\"><img loading=\"lazy\" decoding=\"async\" width=\"236\" height=\"354\" class=\"wp-image-404\" style=\"width: 150px\" src=\"https:\/\/blog.uclm.es\/ehcc\/wp-content\/uploads\/sites\/231\/2023\/01\/Annual.jpg\" alt=\"\" srcset=\"https:\/\/blog.uclm.es\/ehcc\/wp-content\/uploads\/sites\/231\/2023\/01\/Annual.jpg 236w, https:\/\/blog.uclm.es\/ehcc\/wp-content\/uploads\/sites\/231\/2023\/01\/Annual-200x300.jpg 200w\" sizes=\"auto, (max-width: 236px) 100vw, 236px\" \/><\/p>\n<\/div>\n\n\n\n<div class=\"wp-block-column is-vertically-aligned-top is-layout-flow wp-block-column-is-layout-flow\" style=\"flex-basis:50%\">\n<p class=\"has-text-color\" style=\"color:#4c0f0f;font-size:22px;line-height:1.1\">Bruno Camus y Anna Scicolone (eds), <em>Annual. Ecos de la \u00faltima aventura colonial espa\u00f1ola<\/em>, Madrid, Catarata, 2021. ISBN: 978-84-1352-328-6<\/p>\n\n\n\n<p class=\"has-text-color\" style=\"color:#4c0f0f;font-size:22px;line-height:1.1\">\u00cdndice: <a href=\"https:\/\/dialnet.unirioja.es\/servlet\/libro?codigo=845427\">https:\/\/dialnet.unirioja.es\/servlet\/libro?codigo=845427<\/a><\/p>\n<\/div>\n<\/div>\n\n\n\n<hr class=\"wp-block-separator has-text-color has-foreground-color has-css-opacity has-foreground-background-color has-background alignwide is-style-wide\" \/>\n\n\n\n<div class=\"wp-block-columns alignwide is-layout-flex wp-container-core-columns-is-layout-28f84493 wp-block-columns-is-layout-flex\">\n<div class=\"wp-block-column is-vertically-aligned-top is-layout-flow wp-block-column-is-layout-flow\" style=\"flex-basis:50%\">\n<p class=\"has-text-align-center\"><img loading=\"lazy\" decoding=\"async\" width=\"236\" height=\"355\" class=\"wp-image-405\" style=\"width: 150px\" src=\"https:\/\/blog.uclm.es\/ehcc\/wp-content\/uploads\/sites\/231\/2023\/01\/De-Marco-Polo-al-low-cost.jpg\" alt=\"\" srcset=\"https:\/\/blog.uclm.es\/ehcc\/wp-content\/uploads\/sites\/231\/2023\/01\/De-Marco-Polo-al-low-cost.jpg 236w, https:\/\/blog.uclm.es\/ehcc\/wp-content\/uploads\/sites\/231\/2023\/01\/De-Marco-Polo-al-low-cost-199x300.jpg 199w\" sizes=\"auto, (max-width: 236px) 100vw, 236px\" \/><\/p>\n<\/div>\n\n\n\n<div class=\"wp-block-column is-vertically-aligned-top is-layout-flow wp-block-column-is-layout-flow\" style=\"flex-basis:50%\">\n<p class=\"has-text-color\" style=\"color:#4c0f0f;font-size:22px;line-height:1.1\">H\u00e9ctor Mart\u00ednez S\u00e1nchez-Mateos y Mar\u00eda Rubio (coords.), <em>De Marco Polo al Low Cost. Perfiles del turismo contempor\u00e1neo<\/em>, Madrid, Catarata, 2020. ISBN 978-84-1352-079-7<\/p>\n\n\n\n<p class=\"has-text-color\" style=\"color:#4c0f0f;font-size:22px;line-height:1.1\">\u00cdndice: <a href=\"https:\/\/dialnet.unirioja.es\/servlet\/libro?codigo=778635\">https:\/\/dialnet.unirioja.es\/servlet\/libro?codigo=778635<\/a><\/p>\n<\/div>\n<\/div>\n\n\n\n<p><\/p>\n\n\n\n<hr class=\"wp-block-separator has-text-color has-foreground-color has-css-opacity has-foreground-background-color has-background alignwide is-style-wide\" \/>\n\n\n\n<div class=\"wp-block-columns alignwide is-layout-flex wp-container-core-columns-is-layout-28f84493 wp-block-columns-is-layout-flex\">\n<div class=\"wp-block-column is-vertically-aligned-top is-layout-flow wp-block-column-is-layout-flow\" style=\"flex-basis:50%\">\n<p class=\"has-text-align-center\"><img loading=\"lazy\" decoding=\"async\" width=\"600\" height=\"916\" class=\"wp-image-406\" style=\"width: 150px\" src=\"https:\/\/blog.uclm.es\/ehcc\/wp-content\/uploads\/sites\/231\/2023\/01\/El-cuerpo.jpg\" alt=\"\" srcset=\"https:\/\/blog.uclm.es\/ehcc\/wp-content\/uploads\/sites\/231\/2023\/01\/El-cuerpo.jpg 600w, https:\/\/blog.uclm.es\/ehcc\/wp-content\/uploads\/sites\/231\/2023\/01\/El-cuerpo-197x300.jpg 197w\" sizes=\"auto, (max-width: 600px) 100vw, 600px\" \/><\/p>\n<\/div>\n\n\n\n<div class=\"wp-block-column is-vertically-aligned-top is-layout-flow wp-block-column-is-layout-flow\" style=\"flex-basis:50%\">\n<p class=\"has-text-color\" style=\"color:#4c0f0f;font-size:22px;line-height:1.1\">Flavia Cartoni y Claude Du\u00e9e (coords.), <em>El cuerpo: sujeto y objeto<\/em>, Madrid, S\u00edlex, 2019. ISBN978-84-7737-581-4<\/p>\n\n\n\n<p class=\"has-text-color\" style=\"color:#4c0f0f;font-size:22px;line-height:1.1\">\u00cdndice: <a href=\"https:\/\/dialnet.unirioja.es\/servlet\/libro?codigo=738759\">https:\/\/dialnet.unirioja.es\/servlet\/libro?codigo=738759<\/a><\/p>\n<\/div>\n<\/div>\n\n\n\n<hr class=\"wp-block-separator has-text-color has-cyan-bluish-gray-color has-alpha-channel-opacity has-cyan-bluish-gray-background-color has-background is-style-wide\" style=\"margin-top:0rem;margin-bottom:0rem\" \/>\n\n\n\n<div class=\"wp-block-columns alignwide is-layout-flex wp-container-core-columns-is-layout-28f84493 wp-block-columns-is-layout-flex\">\n<div class=\"wp-block-column is-vertically-aligned-top is-layout-flow wp-block-column-is-layout-flow\" style=\"flex-basis:50%\">\n<p class=\"has-text-align-center\"><img loading=\"lazy\" decoding=\"async\" width=\"325\" height=\"499\" class=\"wp-image-409\" style=\"width: 150px\" src=\"https:\/\/blog.uclm.es\/ehcc\/wp-content\/uploads\/sites\/231\/2023\/01\/XXV-Anos-de-paz-franquista.jpg\" alt=\"\" srcset=\"https:\/\/blog.uclm.es\/ehcc\/wp-content\/uploads\/sites\/231\/2023\/01\/XXV-Anos-de-paz-franquista.jpg 325w, https:\/\/blog.uclm.es\/ehcc\/wp-content\/uploads\/sites\/231\/2023\/01\/XXV-Anos-de-paz-franquista-195x300.jpg 195w\" sizes=\"auto, (max-width: 325px) 100vw, 325px\" \/><\/p>\n<\/div>\n\n\n\n<div class=\"wp-block-column is-vertically-aligned-top is-layout-flow wp-block-column-is-layout-flow\" style=\"flex-basis:50%\">\n<p class=\"has-text-color\" style=\"color:#4c0f0f;font-size:22px;line-height:1.1\">Asunci\u00f3n Castro y Juli\u00e1n D\u00edaz (coords.), <em>XXV A\u00f1os de paz franquista. Sociedad y cultura en Espa\u00f1a hacia 1964<\/em>, Madrid, S\u00edlex, 2017. &nbsp;ISBN 978-84-7737-530-2<\/p>\n\n\n\n<p class=\"has-text-color\" style=\"color:#4c0f0f;font-size:22px;line-height:1.1\">\u00cdndice: <a href=\"https:\/\/dialnet.unirioja.es\/servlet\/libro?codigo=700444\">https:\/\/dialnet.unirioja.es\/servlet\/libro?codigo=700444<\/a><\/p>\n<\/div>\n<\/div>\n\n\n\n<hr class=\"wp-block-separator has-text-color has-cyan-bluish-gray-color has-alpha-channel-opacity has-cyan-bluish-gray-background-color has-background is-style-wide\" \/>\n\n\n\n<div class=\"wp-block-columns alignwide is-layout-flex wp-container-core-columns-is-layout-28f84493 wp-block-columns-is-layout-flex\">\n<div class=\"wp-block-column is-vertically-aligned-top is-layout-flow wp-block-column-is-layout-flow\" style=\"flex-basis:50%\">\n<p class=\"has-text-align-center\"><img loading=\"lazy\" decoding=\"async\" width=\"323\" height=\"499\" class=\"wp-image-408\" style=\"width: 150px\" src=\"https:\/\/blog.uclm.es\/ehcc\/wp-content\/uploads\/sites\/231\/2023\/01\/La-provincia.jpg\" alt=\"\" srcset=\"https:\/\/blog.uclm.es\/ehcc\/wp-content\/uploads\/sites\/231\/2023\/01\/La-provincia.jpg 323w, https:\/\/blog.uclm.es\/ehcc\/wp-content\/uploads\/sites\/231\/2023\/01\/La-provincia-194x300.jpg 194w\" sizes=\"auto, (max-width: 323px) 100vw, 323px\" \/><\/p>\n<\/div>\n\n\n\n<div class=\"wp-block-column is-vertically-aligned-top is-layout-flow wp-block-column-is-layout-flow\" style=\"flex-basis:50%\">\n<p class=\"has-text-color\" style=\"color:#4c0f0f;font-size:22px;line-height:1.1\">Jes\u00fas Barraj\u00f3n y Jos\u00e9 Antonio Castellanos (coords.), <em>La provincia: realidad hist\u00f3rica e imaginario cultural<\/em>, Madrid, S\u00edlex, 2016. ISBN: 978-84-7737-532-6<\/p>\n\n\n\n<p class=\"has-text-color\" style=\"color:#4c0f0f;font-size:22px;line-height:1.1\">\u00cdndice: <a href=\"https:\/\/dialnet.unirioja.es\/servlet\/libro?codigo=663109\">https:\/\/dialnet.unirioja.es\/servlet\/libro?codigo=663109<\/a><\/p>\n<\/div>\n<\/div>\n\n\n\n<hr class=\"wp-block-separator has-text-color has-foreground-color has-css-opacity has-foreground-background-color has-background alignwide is-style-wide\" \/>\n\n\n\n<div style=\"height:32px\" aria-hidden=\"true\" class=\"wp-block-spacer\"><\/div>\n<\/div>\n<\/div>\n\n\n\n<p class=\"has-text-align-center has-text-color has-x-large-font-size\" style=\"color:#4c0f0f\"><strong>Acceso a las publicaciones individuales de los miembros del grupo <\/strong><\/p>\n\n\n\n<figure class=\"wp-block-image aligncenter size-full is-resized\"><a href=\"https:\/\/www.uclm.es\/grupos\/ehcc#menu-publicaciones\"><img loading=\"lazy\" decoding=\"async\" width=\"450\" height=\"450\" src=\"https:\/\/blog.uclm.es\/ehcc\/wp-content\/uploads\/sites\/231\/2023\/04\/45907165-museo-simbolo-blanco-sobre-negro-boton-de-la-web.jpg\" alt=\"\" class=\"wp-image-709\" style=\"width:225px;height:225px\" srcset=\"https:\/\/blog.uclm.es\/ehcc\/wp-content\/uploads\/sites\/231\/2023\/04\/45907165-museo-simbolo-blanco-sobre-negro-boton-de-la-web.jpg 450w, https:\/\/blog.uclm.es\/ehcc\/wp-content\/uploads\/sites\/231\/2023\/04\/45907165-museo-simbolo-blanco-sobre-negro-boton-de-la-web-300x300.jpg 300w, https:\/\/blog.uclm.es\/ehcc\/wp-content\/uploads\/sites\/231\/2023\/04\/45907165-museo-simbolo-blanco-sobre-negro-boton-de-la-web-150x150.jpg 150w\" sizes=\"auto, (max-width: 450px) 100vw, 450px\" \/><\/a><\/figure>\n","protected":false},"excerpt":{"rendered":"<p>Publicaciones colectivas del grupo de investigaci\u00f3n: \u00c1lvaro Notario S\u00e1nchez y Jos\u00e9 Corrales D\u00edaz-Pav\u00f3n (coords.), El tardofranquismo. Cultura y contracultura en tiempos de cambio, Granada, Comares, 2025. ISBN: 978-84-1369-961-5 \u00cdndice: https:\/\/dialnet.unirioja.es\/servlet\/libro?codigo=1007314 Ram\u00f3n V. D\u00edaz del Campo y Juan Sisinio P\u00e9rez Garz\u00f3n (coords.), La aventura de la modernidad. Los a\u00f1os veinte en Espa\u00f1a, Madrid, Catarata, 2022. ISBN: [&hellip;]<\/p>\n","protected":false},"author":7,"featured_media":0,"parent":0,"menu_order":3,"comment_status":"closed","ping_status":"closed","template":"","meta":{"footnotes":""},"class_list":["post-17","page","type-page","status-publish","hentry"],"_links":{"self":[{"href":"https:\/\/blog.uclm.es\/ehcc\/wp-json\/wp\/v2\/pages\/17","targetHints":{"allow":["GET"]}}],"collection":[{"href":"https:\/\/blog.uclm.es\/ehcc\/wp-json\/wp\/v2\/pages"}],"about":[{"href":"https:\/\/blog.uclm.es\/ehcc\/wp-json\/wp\/v2\/types\/page"}],"author":[{"embeddable":true,"href":"https:\/\/blog.uclm.es\/ehcc\/wp-json\/wp\/v2\/users\/7"}],"replies":[{"embeddable":true,"href":"https:\/\/blog.uclm.es\/ehcc\/wp-json\/wp\/v2\/comments?post=17"}],"version-history":[{"count":49,"href":"https:\/\/blog.uclm.es\/ehcc\/wp-json\/wp\/v2\/pages\/17\/revisions"}],"predecessor-version":[{"id":929,"href":"https:\/\/blog.uclm.es\/ehcc\/wp-json\/wp\/v2\/pages\/17\/revisions\/929"}],"wp:attachment":[{"href":"https:\/\/blog.uclm.es\/ehcc\/wp-json\/wp\/v2\/media?parent=17"}],"curies":[{"name":"wp","href":"https:\/\/api.w.org\/{rel}","templated":true}]}}