{"id":14,"date":"2022-07-20T11:50:39","date_gmt":"2022-07-20T11:50:39","guid":{"rendered":"https:\/\/blogdev.uclm.es\/fullsite\/?page_id=14"},"modified":"2025-12-04T12:46:06","modified_gmt":"2025-12-04T12:46:06","slug":"investigacion","status":"publish","type":"page","link":"https:\/\/blog.uclm.es\/ehcc\/investigacion\/","title":{"rendered":""},"content":{"rendered":"\n<p class=\"has-text-color has-large-font-size\" style=\"color:#4c0f0f\"><strong>Proyectos de investigaci\u00f3n con participaci\u00f3n de los miembros del grupo EHCC<\/strong><\/p>\n\n\n\n<p><\/p>\n\n\n\n<div class=\"wp-block-group is-vertical is-layout-flex wp-container-core-group-is-layout-fe9cc265 wp-block-group-is-layout-flex\">\n<p class=\"has-text-color has-small-font-size\" style=\"color:#4c0f0f\"><\/p>\n\n\n\n<p class=\"has-text-color\" style=\"color:#4c0f0f;font-size:0.8rem\"><strong>NUEVAS MIRADAS AL MUNDO RURAL: RELATO, PATRIMONIO E IDENTIDADES LOCALES<\/strong><\/p>\n\n\n\n<p class=\"has-text-color\" style=\"color:#4c0f0f;font-size:0.8rem\">Referencia: 2025-GRIN-38440<br>Proyecto de investigaci\u00f3n aplicada. Plan propio de I+D cofinanciado con Fondos FEDER<br>Duraci\u00f3n: 1-09-2025 a 31-08-2028<br>Investigadores principales: Asunci\u00f3n Castro y Ram\u00f3n Vicente D\u00edaz del Campo<br>Miembros del Grupo EHCC que participan: todos.<\/p>\n\n\n\n<p><\/p>\n\n\n\n<p class=\"has-text-color\" style=\"color:#4c0f0f;font-size:0.8rem\"><strong>BIODIVERSIDAD PO\u00c9TICA. REPRESENTACI\u00d3N DE LAS AVES Y COMPETENCIA ORNITOL\u00d3GICA EN LA POES\u00cdA LATINOAMERICANA<\/strong><\/p>\n\n\n\n<p class=\"has-text-color\" style=\"color:#4c0f0f;font-size:0.8rem\">Referencia: PID2023-150133NB-I00,<br>Proyecto nacional financiado por el Ministerio de Ciencia, Innovaci\u00f3n y Universidades <br>Duraci\u00f3n: 1-09-2024 a 1-09-2027<br>Investigadores principales: Niall Binns y Jes\u00fas Cano Reyes<br>Miembros del Grupo EHCC que participan: Mat\u00edas Barchino P\u00e9rez<\/p>\n\n\n\n<p class=\"has-text-color has-small-font-size\" style=\"color:#4c0f0f\"><strong>FACTUALIDAD Y FAMILIAS TEXTUALES EN LOS RELATOS DE VIAJE ESPA\u00d1OLES CONTEMPOR\u00c1NEOS<\/strong><\/p>\n\n\n\n<p class=\"has-text-color\" style=\"color:#4c0f0f;font-size:0.8rem\"><a href=\"https:\/\/exea.csic.es\/es\/pgpcartoviaje\">https:\/\/exea.csic.es\/es\/pgpcartoviaje<\/a><\/p>\n\n\n\n<p class=\"has-text-color\" style=\"color:#4c0f0f;font-size:0.8rem\">Referencia: PID2003-150409NB-100<br>Proyecto nacional: Proyectos de Generaci\u00f3n de Conocimiento. Agencia Estatal de Investigaci\u00f3n<br>Duraci\u00f3n: 1-09-2024 a 1-09-2028<br>Subvenci\u00f3n: 108.750 \u20ac<br>Investigador principal: Luis Alburquerque (CSIC)<br>Miembros del Grupo EHCC que participan: Asunci\u00f3n Castro D\u00edez<\/p>\n<\/div>\n\n\n\n<div class=\"wp-block-group is-vertical is-layout-flex wp-container-core-group-is-layout-fe9cc265 wp-block-group-is-layout-flex\">\n<p class=\"has-text-color has-small-font-size\" style=\"color:#4c0f0f\"><strong>EL FEN\u00d3MENO TUR\u00cdSTICO: EXPERIENCIA ART\u00cdSTICA Y LITERARIA (1928-2005)<\/strong><\/p>\n\n\n\n<p class=\"has-text-color\" style=\"color:#4c0f0f;font-size:0.8rem\">Referencia: SBPLY\/23\/180225\/000145<br>Proyecto regional: Junta de Comunidades de Castilla-La Mancha.<br>Duraci\u00f3n: 1-05-2024 a 30-04-2027<br>Subvenci\u00f3n: 15000 \u20ac<br>Investigadores principales: Ram\u00f3n Vicente D\u00edaz del Campo y \u00c1lvaro Notario S\u00e1nchez (UCLM)<br>Miembros del Grupo EHCC que participan: Jes\u00fas Mar\u00eda Barraj\u00f3n Mu\u00f1oz, Juli\u00e1n D\u00edaz S\u00e1nchez, Mat\u00edas Barchino P\u00e9rez, Jos\u00e9 Manuel S\u00e1nchez Fern\u00e1ndez, Francisco Jos\u00e9 Cerceda Ca\u00f1izares, Jos\u00e9 Corrales D\u00edaz Pav\u00f3n, \u00c1ngela Mart\u00edn P\u00e9rez<\/p>\n<\/div>\n\n\n\n<div class=\"wp-block-group is-vertical is-layout-flex wp-container-core-group-is-layout-fe9cc265 wp-block-group-is-layout-flex\">\n<p class=\"has-text-color has-small-font-size\" style=\"color:#4c0f0f\"><strong>LA INVERSI\u00d3N DE CAPITALES INDIANOS EN LA MANCHA DURANTE EL SIGLO XIX Y LA MEMORIA DE LA ESCLAVITUD<\/strong><\/p>\n\n\n\n<p class=\"has-text-color\" style=\"color:#4c0f0f;font-size:0.8rem\">Referencia: SBPLY\/21\/180225\/000084<br>Proyecto regional: Junta de Comunidades de Castilla-La Mancha<br>Duraci\u00f3n: 1-5-2024\/30-4-2027<br>Subvenci\u00f3n: 11.500 \u20ac<br>Investigador principal: Juan Antonio Inarejos Mu\u00f1oz (UCLM)<br>Miembros del Grupo EHCC que participan: Juan Antonio Inarejos Mu\u00f1oz<\/p>\n<\/div>\n\n\n\n<div class=\"wp-block-group is-vertical is-layout-flex wp-container-core-group-is-layout-fe9cc265 wp-block-group-is-layout-flex\">\n<p class=\"has-text-color has-small-font-size\" style=\"color:#4c0f0f\"><strong>CAMBIOS SOCIOCULTURALES EN ESPA\u00d1A 1966-1982<\/strong><\/p>\n\n\n\n<p class=\"has-text-color\" style=\"color:#4c0f0f;font-size:0.8rem\">Referencia: 2022-GRIN-34355<br>Proyecto de investigaci\u00f3n aplicada. Plan propio UCLM cofinanciado con Fondos FEDER.<br>Duraci\u00f3n: 1-04-2023 a 31-03-2025.<br>Subvenci\u00f3n: 7673,85 \u20ac<br>Investigadores principales: Asunci\u00f3n Castro D\u00edez y Ram\u00f3n Vicente D\u00edaz del Campo (UCLM)<br>Miembros del Grupo EHCC que participan: todos.<\/p>\n<\/div>\n\n\n\n<div class=\"wp-block-group is-vertical is-layout-flex wp-container-core-group-is-layout-fe9cc265 wp-block-group-is-layout-flex\">\n<p class=\"has-text-color has-small-font-size\" style=\"color:#4c0f0f\">\u00ab<strong>CONOCER ESPA\u00d1A\u201d DURANTE DEL FRANQUISMO (1939-1975). PUBLICACIONES COMERCIALES E INSTITUCIONALES DE CAR\u00c1CTER TUR\u00cdSTICO<\/strong><\/p>\n\n\n\n<p class=\"has-text-color\" style=\"color:#4c0f0f;font-size:0.8rem\">Referencia: (SBPLY\/21\/180501\/000286)<br>Proyecto regional: Junta de Comunidades de Castilla-La Mancha.<br>Duraci\u00f3n: 12-05-2022 a 31-12-2024.<br>Subvenci\u00f3n: 26409,78 \u20ac<br>Investigador principal: Rafael Villena Espinosa (UCLM)<br>Miembros del Grupo EHCC que participan: Asunci\u00f3n Castro D\u00edez y Mar\u00eda Rubio Mart\u00edn.<\/p>\n<\/div>\n\n\n\n<p class=\"has-text-color\" style=\"color:#4c0f0f\"><strong>ANDALUZAS OCULTAS. MEDIO SIGLO MUJERES INTELECTUALES (1900-50)<\/strong><\/p>\n\n\n\n<p class=\"has-text-color\" style=\"color:#4c0f0f;font-size:0.8rem\"><a href=\"https:\/\/investigacion.us.es\/sisius\/sis_proyecto.php?idproy=33315.\">https:\/\/investigacion.us.es\/sisius\/sis_proyecto.php?idproy=33315.<\/a><br>Referencia: US-1381475<br>Proyecto regional: FEDER Junta de Andaluc\u00eda 2014-2020<br>Duraci\u00f3n: 1-01-2022 a 31-05.2023.<br>Investigador principal: Mercedes Arriaga Fl\u00f3rez y Daniele Cerrato (Universidad de Sevilla)<br>Miembros del Grupo EHCC que colaboran: \u00c1ngela Mart\u00edn P\u00e9rez.<\/p>\n\n\n\n<p class=\"has-text-color\" style=\"color:#4c0f0f;font-size:0.8px\"><\/p>\n\n\n\n<p class=\"has-text-color\" style=\"color:#4c0f0f\"><strong>CAT\u00c1LOGO DE VESTIGIOS DE LA GUERRA CIVIL (1936-1939) EN CASTILLA-LA MANCHA: MAPA INTERACTIVO<\/strong>.&nbsp;<\/p>\n\n\n\n<p class=\"has-text-color\" style=\"color:#4c0f0f;font-size:0.8rem\">Referencia:&nbsp;<em>(SBPLY\/19\/180501\/000054).<\/em><br>Proyecto regional: Junta de Comunidades de Castilla-La Mancha.<br>Duraci\u00f3n: 2020-2023<br>Investigadores principales:&nbsp;<em>Angel Ram\u00f3n del Valle Calzado y Francisco Al\u00eda Miranda <\/em><br>Miembros del Grupo EHCC que participan: Mat\u00edas Barchino P\u00e9rez y Anna Scicolone<\/p>\n\n\n\n<p class=\"has-text-color\" style=\"color:#4c0f0f\"><strong>LOS C\u00d3NSULES EXTRANJEROS EN FILIPINAS Y EL MAR DE CHINA, SIGLO XIX<\/strong>&nbsp;<\/p>\n\n\n\n<p class=\"has-text-color\" style=\"color:#4c0f0f;font-size:0.8rem\"><a href=\"https:\/\/www.csic.es\/es\/investigacion\/proyectos-de-investigacion\/los-consules-extranjeros-en-filipinas-y-el-mar-de-china.\">https:\/\/www.csic.es\/es\/investigacion\/proyectos-de-investigacion\/los-consules-extranjeros-en-filipinas-y-el-mar-de-china.<\/a><br>Referencia: PID2019-106311GB-I00<br>Proyecto Nacional: Ministerio de Ciencia e Innovaci\u00f3n<br>Duraci\u00f3n: 1-6-2020 a 31-5-2023&nbsp;&nbsp;&nbsp;&nbsp;&nbsp;&nbsp;&nbsp;<br>Investigador principal: Mar\u00eda Dolores Elizalde P\u00e9rez-Grueso (CSIC)<br>Subvenci\u00f3n: 46.000 euros<br>Miembros del Grupo EHCC que participan: Jos\u00e9 Antonio Inarejos Mu\u00f1oz<\/p>\n\n\n\n<p class=\"has-text-color\" style=\"color:#4c0f0f\"><strong>HISTORIA CONCEPTUAL Y CR\u00cdTICA DE LA MODERNIDAD<\/strong><\/p>\n\n\n\n<p class=\"has-text-color\" style=\"color:#4c0f0f;font-size:0.8rem\"><a href=\"https:\/\/www.uv.es\/uvweb\/servicio-investigacion\/es\/artes-humanidades\/grupo-1285949689715.html?p2=GIUV2013-037.\">https:\/\/www.uv.es\/uvweb\/servicio-investigacion\/es\/artes-humanidades\/grupo-1285949689715.html?p2=GIUV2013-037.<\/a><br>Referencia: (FFI2017-82195-P)<br>Proyecto Nacional: Ministerio de Econom\u00eda, Industria &nbsp;y Competitividad<br>Duraci\u00f3n: 2018-2023<br>Subvenci\u00f3n: 48.400 euros<br>Investigador principal: Faustino Oncina Coves (Universidad de Valencia)<br>Miembros del Grupo EHCC que participan: Jos\u00e9 Manuel S\u00e1nchez Fern\u00e1ndez<\/p>\n\n\n\n<p class=\"has-text-color\" style=\"color:#4c0f0f\"><strong>ROSTROS Y RASTROS EN LAS IDENTIDADES DEL ARTE DEL FRANQUISMO Y DEL EXILIO.<\/strong><\/p>\n\n\n\n<p class=\"has-text-color\" style=\"color:#4c0f0f;font-size:0.8rem\"><a href=\"https:\/\/arte-rriafe.csic.es\/proyectos.cchs.csic.es\/rostrosyrastros\/\">https:\/\/arte-rriafe.csic.es\/proyectos.cchs.csic.es\/rostrosyrastros\/<\/a><br>Referencia: PID 2019-109271GB-100<br>Proyecto Nacional: Ministerio de Ciencia e Innovaci\u00f3n<br>Duraci\u00f3n: 01-06-2020 a 31-5-2023<br>Subvenci\u00f3n: 24.200 euros<br>Investigador Principal: Miguel Caba\u00f1as Bravo (CSIC)<br>Miembros del Grupo EHCC que participan: Juli\u00e1n D\u00edaz Sanchez y \u00c1lvaro Notario S\u00e1nchez<\/p>\n\n\n\n<p class=\"has-text-color\" style=\"color:#4c0f0f\"><strong>LA MODERNIDAD PARAD\u00d3JICA: EXPERIENCIA ART\u00cdSTICA Y TUR\u00cdSTICA EN LA ESPA\u00d1A DESARROLLISTA (1959-1975).<\/strong>&nbsp;<\/p>\n\n\n\n<p class=\"has-text-color\" style=\"color:#4c0f0f;font-size:0.8rem\">Referencia: PID EF: PGC2018-093422-B-I00<br>Proyecto Nacional: Ministerio de Ciencia, Innovaci\u00f3n y Universidades<br>Duraci\u00f3n: 2019-2023<br>Subvenci\u00f3n: 90.750 euros<br>Investigadores principales: Jos\u00e9 D\u00edaz Cuyas (Universidad de La Laguna) y Vicente Jos\u00e9 Benet Ferrando (Universitat Jaume I)<br>Miembros del Grupo EHCC que participan: Ram\u00f3n Vicente D\u00edaz del Campo, Alicia D\u00edez de Balde\u00f3n y Juli\u00e1n D\u00edaz Sanchez<\/p>\n\n\n\n<div class=\"wp-block-group is-layout-flow wp-block-group-is-layout-flow\">\n<div class=\"wp-block-columns is-layout-flex wp-container-core-columns-is-layout-28f84493 wp-block-columns-is-layout-flex\"><\/div>\n<\/div>\n\n\n\n<p class=\"has-text-color\" style=\"color:#4c0f0f\"><strong>CARTOCRONOGRAF\u00cdA DE LOS RELATOS DE RELATOS DE VIAJE ESPA\u00d1OLES CONTEMPOR\u00c1NEOS (SIGLOS XIX Y XX)<\/strong><\/p>\n\n\n\n<p class=\"has-text-color\" style=\"color:#4c0f0f;font-size:0.8rem\"><a href=\"https:\/\/relatodeviajes.com\/\">https:\/\/relatodeviajes.com\/<\/a><br>Referencia: (FFI2017-86040-P)<br>Proyecto Nacional: Ministerio de Econom\u00eda y Competitividad<br>Duraci\u00f3n: 1-01-2018 a 30-09-2022<br>Subvenci\u00f3n: 42.350 euros<br>Investigador Principal: Luis Alburquerque Garc\u00eda (CSIC)<br>Miembros del Grupo EHCC que participan: Asunci\u00f3n Castro D\u00edez y Mar\u00eda Rubio Mart\u00edn.<\/p>\n\n\n\n<p class=\"has-text-color\" style=\"color:#4c0f0f\"><strong>COMUNICACI\u00d3N, EMOCI\u00d3N E IDENTIDAD EN LA ADQUISICI\u00d3N Y APRENDIZAJE DEL ESPA\u00d1OL COMO SEGUNDA LENGUA. SUBPROYECTO: FACTORES EMOCIONALES EN EL APRENDIZAJE DEL ESPA\u00d1OL COMO SEGUNDA LENGUA Y EN LA CONSTRUCCI\u00d3N DE LA IDENTIDAD LING\u00dc\u00cdSTICA Y SOCIOCULTURAL.<\/strong><\/p>\n\n\n\n<p class=\"has-text-color\" style=\"color:#4c0f0f;font-size:0.8rem\"><a href=\"https:\/\/grupoleide.com\/colaboradores-investigadores\/\">https:\/\/grupoleide.com\/colaboradores-investigadores\/<\/a><br>Referencia: FFI2017-83166-C2-1-R<br>Proyecto nacional: Ministerio de Industria, Econom\u00eda y Competitividad dentro del Programa Estatal de I+D+i Orientada a los Retos de la Sociedad-2018.<br>Duraci\u00f3n: 2018-2021.<br>Investigador principal: Ana Blanco Canales (Universidad de Alcal\u00e1)<br>Miembros del Grupo EHCC que colaboran: \u00c1ngela Mart\u00edn P\u00e9rez.<\/p>\n\n\n\n<p class=\"has-text-color\" style=\"color:#4c0f0f\"><strong>EL IMPACTO DE LA GUERRA CIVIL ESPA\u00d1OLA EN LA VIDA INTELECTUAL DE HISPANOAM\u00c9RICA&nbsp;<\/strong><\/p>\n\n\n\n<p class=\"has-text-color\" style=\"color:#4c0f0f;font-size:0.8rem\"><a href=\"https:\/\/www.ucm.es\/impactoguerracivil\">https:\/\/www.ucm.es\/impactoguerracivil<\/a><br>Referencia:&nbsp;<em>(PGC2018-098590-B-I00).<\/em><br>Proyecto nacional: Ministerio de Ciencia, Innovaci\u00f3n y Universidades e Innovaci\u00f3n Duraci\u00f3n: 2019-2021<br>Investigador principal: Niall Binns(UCM)<br>Miembros del Grupo EHCC que participan: Mat\u00edas Barchino P\u00e9rez<\/p>\n\n\n\n<p class=\"has-text-color\" style=\"color:#4c0f0f\"><strong>CONCEPTOS METODOL\u00d3GICOS Y M\u00c9TODOS ACTIVOS DE APRENDIZAJE PARA LA MEJORA DE LAS COMPETENCIAS DOCENTES DEL PROFESORADO<em>&nbsp;<\/em><\/strong><\/p>\n\n\n\n<p class=\"has-text-color\" style=\"color:#4c0f0f;font-size:0.8rem\">Referencia: (PGC2018-094491-B-C33)&nbsp;<br>Proyecto Nacional: Ministerio de Econom\u00eda y Competitividad,<br>Duraci\u00f3n: 1-1-2019 a 31-12-2020<br>Subvenci\u00f3n: 13.310 euros<br>Investigador principal: Pedro Miralles Mart\u00ednez (Universidad de Murcia)<br>Miembros del Grupo EHCC que participan: Jos\u00e9 Antonio Inarejos Mu\u00f1oz<\/p>\n\n\n\n<p class=\"has-text-color\" style=\"color:#4c0f0f\"><strong>MODERNIDADES DESCENTRALIZADAS. ARTE, POL\u00cdTICA Y CONTRACULTURA EN EL EJE TRASATL\u00c1NTICO DURANTE LA GUERRA FR\u00cdA. MODES (2)<\/strong>.&nbsp;<\/p>\n\n\n\n<p class=\"has-text-color\" style=\"color:#4c0f0f;font-size:0.8rem\">Referencia: HAR2017-82755-P<br>Proyecto Nacional: Ministerio de Econom\u00eda y competitividad (MINECO)<br>Duraci\u00f3n: 01-01-2018 a 31-12-2020<br>Subvenci\u00f3n: 60.000 \u20ac &nbsp;<br>Investigadoras principales: Paula Barreiro L\u00f3pez y Mar\u00eda Ruido (Universitat de Barcelona)<br>Miembros del Grupo EHCC que participan: Juli\u00e1n D\u00edaz Sanchez<\/p>\n\n\n\n<p><\/p>\n\n\n\n<p class=\"has-text-color\" style=\"color:#4c0f0f\"><strong>IMPERIALISMO, MERCANTILISMO, LIBERALISMO. LAS EXPERIENCIAS ESPA\u00d1OLA Y FRANCESA DE ACCESO A LOS MERCADOS EXTRA-EUROPEOS (A\u00d1OS 1770-A\u00d1OS 1890)<\/strong><\/p>\n\n\n\n<p class=\"has-text-color\" style=\"color:#4c0f0f;font-size:0.8rem\">Entidad financiadora: Casa de Vel\u00e1zquez\/Universitat Pompeu Fabra (Barcelona)<br>Referencia: Convocatoria Financiaci\u00f3n Proyectos Convenio Casa Vel\u00e1zquez\/UPF<br>Entidades participantes: Casa de Vel\u00e1zquez\/Universitat Pompeu Fabra (Barcelona) y doce investigadores de universidades francesas y espa\u00f1olas<br>Duraci\u00f3n: febrero 2018 a diciembre 2019&nbsp;&nbsp;<br>Subvenci\u00f3n: 8.000 euros<br>Investigador principal: Xavier Huetz de Lemps (Universit\u00e9 C\u00f4te d\u2019Azur), Mart\u00edn Rodrigo (UPF)<br>Miembros del Grupo EHCC que participan: Jos\u00e9 Antonio Inarejos Mu\u00f1oz<\/p>\n\n\n\n<p class=\"has-text-color\" style=\"color:#4c0f0f\"><strong>EL IMPACTO DE LA GUERRA CIVIL ESPA\u00d1OLA EN LA VIDA INTELECTUAL DE HISPANOAM\u00c9RICA<\/strong>&nbsp;<\/p>\n\n\n\n<p class=\"has-text-color\" style=\"color:#4c0f0f;font-size:0.8rem\">Referencia:&nbsp;<em>(FFI2015-65817-P).<br><\/em>Proyecto nacional: MIMECO<br>Duraci\u00f3n: 2016-2018<br>Investigador principal:&nbsp;<em>Niall Binns (UCM)<\/em><br>Miembros del Grupo EHCC que participan: Mat\u00edas Barchino P\u00e9rez<\/p>\n\n\n\n<p class=\"has-text-color\" style=\"color:#4c0f0f\"><strong>HISTORIA DEL TEATRO UNIVERSITARIO ESPA\u00d1OL (TEU). PRIMERA ETAPA (1939-1950)<\/strong>.&nbsp;<\/p>\n\n\n\n<p class=\"has-text-color\" style=\"color:#4c0f0f;font-size:0.8rem\">Referencia: FFI2015-66393-P<br>Proyecto Nacional: MINECO<br>Duraci\u00f3n: &nbsp;2016 a 2018<br>Subvenci\u00f3n: 23500<br>Investigador principal: &nbsp;Javier Huerta Calvo (Universidad Complutense)<br>Miembros del Grupo EHCC que participan: Jes\u00fas Barraj\u00f3n Mu\u00f1oz<\/p>\n\n\n\n<p class=\"has-text-color\" style=\"color:#4c0f0f\"><strong>MODERNIDADES DESCENTRALIZADAS. ARTE, POL\u00cdTICA Y CONTRACULTURA EN EL EJE TRASATL\u00c1NTICO DURANTE LA GUERRA FR\u00cdA.<\/strong>&nbsp;<\/p>\n\n\n\n<p class=\"has-text-color\" style=\"color:#4c0f0f;font-size:0.8rem\">Referencia: HAR2014-53834-P<br>Proyecto Nacional: Ministerio de Econom\u00eda y competitividad (MINECO)<br>Duraci\u00f3n: 01-01-2015 a 31-12-2017<br>Investigador Principal: Paula Barreiro L\u00f3pez (Universitat de Barcelona)<br>Miembros del Grupo EHCC que participan: Juli\u00e1n D\u00edaz Sanchez<\/p>\n\n\n\n<p class=\"has-text-color\" style=\"color:#4c0f0f\"><strong>CRISIS Y CAMBIOS SOCIALES EN LA ESPA\u00d1A DEL SIGLO XX<\/strong>.&nbsp;<\/p>\n\n\n\n<p class=\"has-text-color\" style=\"color:#4c0f0f;font-size:0.8rem\">Referencia: HAR2014-54793-R<br>Proyecto Nacional: Ministerio de Econom\u00eda y competitividad (MINECO)<br>Duraci\u00f3n: &nbsp;2015 a 2018<br>Subvenci\u00f3n: 15000 euros<br>Investigador principal: Jos\u00e9 Antonio Castellanos L\u00f3pez (UCLM)<br>Miembros del Grupo EHCC que participan: Jes\u00fas Barraj\u00f3n Mu\u00f1oz<\/p>\n\n\n\n<p class=\"has-text-color\" style=\"color:#4c0f0f\"><strong>50 A\u00d1OS DE ARTE EN EL SIGLO DE PLATA ESPA\u00d1OL (1931-1981).<\/strong><\/p>\n\n\n\n<p class=\"has-text-color\" style=\"color:#4c0f0f;font-size:0.8rem\">Referencia: HAR2014-53871-P<br>Proyecto Nacional: Ministerio de Econom\u00eda y competitividad (MINECO)<br>Duraci\u00f3n: 2015 a 2018<br>Subvenci\u00f3n: 26.620 \u20ac &nbsp;<br>Investigador Principal: Miguel Caba\u00f1as Bravo (CSIC)<br>Miembros del Grupo EHCC que participan: Juli\u00e1n D\u00edaz Sanchez<\/p>\n\n\n\n<p class=\"has-text-color\" style=\"color:#4c0f0f\"><strong>TRAS LA REP\u00daBLICA. REDES Y CAMINOS DE IDA Y VUELTA EN EL ARTE ESPA\u00d1OL DESDE 1931<\/strong><em>.<\/em>&nbsp;<\/p>\n\n\n\n<p class=\"has-text-color\" style=\"color:#4c0f0f;font-size:0.8rem\">Referencia: HAR2011-25864<br>Proyecto Nacional: Ministerio de Ciencia e Innovaci\u00f3n<br>Duraci\u00f3n: enero de 2012 a junio de 2016<br>Investigador Principal: Miguel Caba\u00f1as Bravo (CSIC)<br>Miembros del Grupo EHCC que participan: Juli\u00e1n D\u00edaz Sanchez<\/p>\n\n\n\n<p class=\"has-text-color\" style=\"color:#4c0f0f\"><strong>EL IMPACTO DE LA GUERRA CIVIL ESPA\u00d1OLA EN LA VIDA INTELECTUAL DE HISPANOAM\u00c9RICA<\/strong>.&nbsp;<\/p>\n\n\n\n<p class=\"has-text-color\" style=\"color:#4c0f0f;font-size:0.8rem\">Referencia:&nbsp;<em>(FFI2011-28618).<\/em><br>Proyecto nacional: Ministerio de Ciencia e Innovaci\u00f3n<br>Duraci\u00f3n: 2012-2015<br>Investigador principal:&nbsp;<em>Niall Binns (UCM)<\/em><br>Miembros del Grupo EHCC que participan: Mat\u00edas Barchino P\u00e9rez<\/p>\n\n\n\n<p class=\"has-text-color\" style=\"color:#4c0f0f\"><strong>HACIA UNA HISTORIA CONCEPTUAL COMPREHENSIVA: GIROS FILOS\u00d3FICOS Y CULTURALES<\/strong>.&nbsp;<\/p>\n\n\n\n<p class=\"has-text-color\" style=\"color:#4c0f0f;font-size:0.8rem\">Referencia: (FFI2011-24473).<br>Proyecto nacional: Ministerio de Ciencia e Innovaci\u00f3n<br>Investigador principal: Faustino Oncina Coves (Universidad de Valencia)<br>Duraci\u00f3n: &nbsp;2012 a 2015.<br>Subvenci\u00f3n: 52,000 euros<br>Miembros del Grupo EHCC que participan: Jos\u00e9 Manuel S\u00e1nchez.<\/p>\n\n\n\n<p class=\"has-text-color\" style=\"color:#4c0f0f\"><strong>EL REPUBLICANISMO RADICAL: ANCLAJES SOCIOL\u00d3GICOS Y SIGNIFICACIONES POPULISTAS 1854-1895<\/strong>.&nbsp;<\/p>\n\n\n\n<p class=\"has-text-color\" style=\"color:#4c0f0f;font-size:0.8rem\">Referencia: HAR2010-16962<br>Proyecto Nacional: Ministerio de Ciencia e Innovaci\u00f3n<br>Duraci\u00f3n: 1-01-2011 a 30-09-2014<br>Investigador Principal: Juan Sisinio P\u00e9rez Garz\u00f3n (UCLM)<br>Miembros del Grupo EHCC que participan: Juan Sisinio P\u00e9rez Garz\u00f3n<\/p>\n","protected":false},"excerpt":{"rendered":"<p>Proyectos de investigaci\u00f3n con participaci\u00f3n de los miembros del grupo EHCC NUEVAS MIRADAS AL MUNDO RURAL: RELATO, PATRIMONIO E IDENTIDADES LOCALES Referencia: 2025-GRIN-38440Proyecto de investigaci\u00f3n aplicada. Plan propio de I+D cofinanciado con Fondos FEDERDuraci\u00f3n: 1-09-2025 a 31-08-2028Investigadores principales: Asunci\u00f3n Castro y Ram\u00f3n Vicente D\u00edaz del CampoMiembros del Grupo EHCC que participan: todos. BIODIVERSIDAD PO\u00c9TICA. REPRESENTACI\u00d3N [&hellip;]<\/p>\n","protected":false},"author":365,"featured_media":0,"parent":0,"menu_order":4,"comment_status":"closed","ping_status":"closed","template":"","meta":{"footnotes":""},"class_list":["post-14","page","type-page","status-publish","hentry"],"_links":{"self":[{"href":"https:\/\/blog.uclm.es\/ehcc\/wp-json\/wp\/v2\/pages\/14","targetHints":{"allow":["GET"]}}],"collection":[{"href":"https:\/\/blog.uclm.es\/ehcc\/wp-json\/wp\/v2\/pages"}],"about":[{"href":"https:\/\/blog.uclm.es\/ehcc\/wp-json\/wp\/v2\/types\/page"}],"author":[{"embeddable":true,"href":"https:\/\/blog.uclm.es\/ehcc\/wp-json\/wp\/v2\/users\/365"}],"replies":[{"embeddable":true,"href":"https:\/\/blog.uclm.es\/ehcc\/wp-json\/wp\/v2\/comments?post=14"}],"version-history":[{"count":61,"href":"https:\/\/blog.uclm.es\/ehcc\/wp-json\/wp\/v2\/pages\/14\/revisions"}],"predecessor-version":[{"id":947,"href":"https:\/\/blog.uclm.es\/ehcc\/wp-json\/wp\/v2\/pages\/14\/revisions\/947"}],"wp:attachment":[{"href":"https:\/\/blog.uclm.es\/ehcc\/wp-json\/wp\/v2\/media?parent=14"}],"curies":[{"name":"wp","href":"https:\/\/api.w.org\/{rel}","templated":true}]}}