{"id":289,"date":"2018-11-15T14:33:36","date_gmt":"2018-11-15T13:33:36","guid":{"rendered":"http:\/\/blog.uclm.es\/eduardovieira\/?page_id=289"},"modified":"2022-12-16T13:29:07","modified_gmt":"2022-12-16T12:29:07","slug":"mecanica-de-medios-continuos-y-ciencia-de-materiales","status":"publish","type":"page","link":"https:\/\/blog.uclm.es\/eduardovieira\/mecanica-de-medios-continuos-y-ciencia-de-materiales\/","title":{"rendered":"MEC\u00c1NICA DE MEDIOS CONTINUOS Y CIENCIA DE MATERIALES"},"content":{"rendered":"<blockquote><p>Anuncio<\/p><\/blockquote>\n<p>Pr\u00e1cticas-Placa adicional (Actualizaci\u00f3n:21\/11\/2011)<\/p>\n<blockquote><p>Organizaci\u00f3n<\/p><\/blockquote>\n<p align=\"left\"><b><span style=\"font-size: medium\">Clases<\/span><\/b><span style=\"font-size: medium\"><b>:<\/b><\/span><\/p>\n<p><span style=\"font-size: medium\">Lunes, 12:00h &#8211; 14:30h<\/span><\/p>\n<p align=\"left\"><b><\/b><span style=\"font-size: medium\"><b><\/b>Martes, 8:30h &#8211; 10:00h<\/span><\/p>\n<p align=\"left\"><b><\/b><span style=\"font-size: medium\"><b><\/b>Jueves, 13:00h &#8211; 14:30h<\/span><\/p>\n<p align=\"left\"><b><\/b><span style=\"font-size: medium\"><b><\/b>Viernes, 11:30h &#8211; 13:00h<\/span><\/p>\n<p><a name=\"Office Hours\"><\/a><b>Tutor\u00eda<\/b>\u00a0<a name=\"Office Hours\"><\/a><\/p>\n<p align=\"left\"><b><\/b><span style=\"font-size: medium\"><b><\/b>Gonzalo Ruiz:<\/span><\/p>\n<p align=\"left\"><b><\/b><span style=\"font-size: medium\"><b><\/b>Rena Yu:<\/span><\/p>\n<p align=\"left\"><b><\/b><span style=\"font-size: medium\"><b><\/b>Eduardo W.V. Chaves: Cualquier hora<\/span><\/p>\n<blockquote><p>Referencias<\/p><\/blockquote>\n<p style=\"font-weight: 400\"><strong>VALIENTE, A. (2000)<\/strong>, Curso de Comportamiento Mec\u00e1nico de Materiales, Elasticidad y Viscoelasticidad. Servicio de Publicaciones de la E.T.S. de Ingenieros de Caminos, C. y P. de la Universidad Polit\u00e9cnica de Madrid, Madrid.<\/p>\n<p style=\"font-weight: 400\"><strong>OLIVER, X. &amp; AGELET DE SARAC\u00cdBAR, C. (2000).<\/strong>\u00a0Mec\u00e1nica de Medios Continuos para Ingenieros. Edicions de la Universitat Polit\u00e8cnica de Catalunya, Barcelona.<\/p>\n<p style=\"font-weight: 400\"><strong>S\u00c1NCHEZ G\u00c1LVEZ, V. (1999).<\/strong>\u00a0 Curso de Comportamiento Pl\u00e1stico de Materiales. Servicio de Publicaciones de la E.T.S. de Ingenieros de Caminos, C. y P. de la Universidad Polit\u00e9cnica de Madrid, Madrid.<\/p>\n<p style=\"font-weight: 400\"><strong>ELICES, M. (2000).<\/strong>\u00a0Mec\u00e1nica de la Fractura Aplicada a S\u00f3lidos El\u00e1sticos Bidimensionales. Servicio de Publicaciones de la E.T.S. de Ingenieros de Caminos, C. y P. de la Universidad Polit\u00e9cnica de Madrid, Madrid.<\/p>\n<p style=\"font-weight: 400\"><strong>CALLISTER, W.D. (1995).<\/strong>\u00a0Introducci\u00f3n a la Ciencia e Ingenier\u00eda de los Materiales. Revert\u00e9, Barcelona.<\/p>\n<p style=\"font-weight: 400\"><strong>MIRAVETE, A. (2000).<\/strong>\u00a0Materiales Compuestos. Servicio de Publicaciones de la Universidad de Zaragoza (Centro Polit\u00e9cnico Superior), Zaragoza.<\/p>\n<p style=\"font-weight: 400\"><strong><a href=\"http:\/\/www.cimne.com\/tiendaCIMNE\/ver_libro.asp?id_prod=1294\">CHAVES, E.W.V.<\/a>\u00a0(2007).\u00a0<\/strong><em>\u00ab<a href=\"http:\/\/www.cimne.com\/tiendaCIMNE\/ver_libro.asp?id_prod=1294\">Mec\u00e1nica del Medio Continuo. Conceptos B\u00e1sicos<\/a>\u00ab.\u00a0<\/em>Centro Internacional de M\u00e9todos Num\u00e9ricos en Ingenier\u00eda (CIMNE), Barcelona<em>, ISBN: 978-84-96736-38-2<\/em>.<\/p>\n<p style=\"font-weight: 400\"><strong><a href=\"http:\/\/www.cimne.com\/tiendacimne\/ver_libro.asp?id_prod=1787\">CHAVES, E.W.V.<\/a>\u00a0(2009).\u00a0<\/strong><em>\u00ab<a href=\"http:\/\/www.cimne.com\/tiendacimne\/ver_libro.asp?id_prod=1787\">Mec\u00e1nica del Medio Continuo: Modelos Constitutivos<\/a>\u00ab.\u00a0<\/em>Centro Internacional de M\u00e9todos Num\u00e9ricos en Ingenier\u00eda (CIMNE), Barcelona<em>, ISBN: 978-84-96736-68-9<\/em>.<\/p>\n<blockquote><p>Evaluaci\u00f3n<\/p><\/blockquote>\n<p align=\"justify\">Las oportunidades de evaluaci\u00f3n a lo largo del curso ser\u00e1n tres, dos de las cuales tendr\u00e1n el car\u00e1cter de ex\u00e1menes finales y la tercera el de evaluaci\u00f3n por curso.<\/p>\n<p>Los ex\u00e1menes finales consistir\u00e1n en una prueba \u00fanica que abarcar\u00e1 toda la materia impartida; se evaluar\u00e1n de 0 a 10 puntos, siendo necesario alcanzar una nota igual o superior a 5 puntos para superar la asignatura. En el examen final de la convocatoria ordinaria los alumnos pueden optar por examinarse s\u00f3lo de aquellas partes que tengan suspensas. En el examen final de la convocatoria extraordinaria los alumnos se examinar\u00e1n de toda la materia impartida.La evaluaci\u00f3n por curso consta de 6 notas. Las tres primeras corresponden a tres pruebas escritas excluyentes, puntuadas de 0 a 10 puntos, siendo necesario alcanzar un m\u00ednimo de 5,0 en cada una de ellas para poder superar la asignatura por curso. La cuarta nota corresponde a la nota de pr\u00e1cticas de laboratorio, puntuada de 0 a 10 puntos, siendo necesario obtener 5 o m\u00e1s puntos para poder superar la asignatura por curso. La quinta nota corresponde a la actividad desarrollada por el alumno en clase y ser\u00e1 evaluada por el profesor de 0 a 1 puntos. La sexta nota corresponde a las entregas de ejercicios a lo largo del curso, y ser\u00e1 evaluada por el profesor de 0 a 2 puntos. La asignatura se habr\u00e1 superado por curso cuando la suma de las seis notas sea igual o superior a 20 puntos, cumpliendo los m\u00ednimos de puntuaci\u00f3n indicados para las pruebas escritas y la evaluaci\u00f3n de pr\u00e1cticas. Las notas de las pruebas escritas iguales o superiores a 3.5 puntos se conservan en el examen final de la convocatoria ordinaria, sin perjuicio de que el alumno pueda presentarse para mejorar nota.<\/p>\n<p><a href=\"https:\/\/blog.uclm.es\/eduardovieira\/wp-content\/uploads\/sites\/127\/2018\/11\/image020.gif\"><img loading=\"lazy\" decoding=\"async\" class=\"alignnone size-full wp-image-293\" src=\"https:\/\/blog.uclm.es\/eduardovieira\/wp-content\/uploads\/sites\/127\/2018\/11\/image020.gif\" alt=\"\" width=\"573\" height=\"878\" \/><\/a><\/p>\n<blockquote><p>Ejercicio y pr\u00e1cticas<\/p><\/blockquote>\n<p>]<b><span style=\"font-size: medium\"><u>Curso 2011-2012<\/u><\/span><\/b><\/p>\n<p><span style=\"font-family: Trebuchet MS, Arial, Helvetica\"><span style=\"font-family: Trebuchet MS, Arial, Helvetica\"><a href=\"https:\/\/previa.uclm.es\/profesorado\/evieira\/asignatura\/mmc\/practicas2011.htm\">Relaci\u00f3n de Grupos y Fechas de Ensayo de Laboratorio<\/a><\/span><\/span><\/p>\n<p><b><span style=\"font-size: medium\"><u>Presentaci\u00f3n de Introducci\u00f3n a Elementos Finitos<\/u><\/span><\/b><\/p>\n<p><span style=\"font-family: Trebuchet MS, Arial, Helvetica\"><span style=\"font-family: Trebuchet MS, Arial, Helvetica\"><a href=\"https:\/\/previa.uclm.es\/profesorado\/evieira\/asignatura\/mmc\/presentacion\/introduccion_20092.htm\">Presentaci\u00f3n de Introducci\u00f3n a Elementos Finitos<\/a><\/span><\/span><\/p>\n<p><span style=\"font-family: Trebuchet MS, Arial, Helvetica\">Objetivos<\/span><\/p>\n<hr \/>\n<p>Determinaci\u00f3n anal\u00edtica, num\u00e9rica y experimental de la l\u00ednea de rotura en el ensayo de una placa rectangular Figura 1(a) solicitada por una carga puntual en su centro geom\u00e9trico, y apoyada de forma continua en un lado y de forma puntual en el otro lado como indicado en la Figura 1(b)<\/p>\n<p><a href=\"https:\/\/blog.uclm.es\/eduardovieira\/wp-content\/uploads\/sites\/127\/2018\/11\/placa.gif\"><img loading=\"lazy\" decoding=\"async\" class=\"alignnone size-full wp-image-296\" src=\"https:\/\/blog.uclm.es\/eduardovieira\/wp-content\/uploads\/sites\/127\/2018\/11\/placa.gif\" alt=\"\" width=\"623\" height=\"201\" \/><\/a><\/p>\n<p>&amp;nb&gt;<span style=\"font-size: medium\"><u>Presentaci\u00f3n de Introducci\u00f3n a Elementos Finitos<\/u><\/span><\/p>\n<p><span style=\"font-family: Trebuchet MS, Arial, Helvetica\"><span style=\"font-family: Trebuchet MS, Arial, Helvetica\"><a href=\"https:\/\/previa.uclm.es\/profesorado\/evieira\/asignatura\/mmc\/presentacion\/introduccion_20092.htm\">Presentaci\u00f3n de Introducci\u00f3n a Elementos Finitos<\/a><\/span><\/span><\/p>\n<p><span style=\"font-family: Trebuchet MS, Arial, Helvetica\">Objetivos<\/span><\/p>\n<hr \/>\n<p>Determinaci\u00f3n anal\u00edtica, num\u00e9rica y experimental de la l\u00ednea de rotura en el ensayo de una placa rectangular Figura 1(a) solicitada por una carga puntual en su centro geom\u00e9trico, y apoyada de forma continua en un lado y de forma puntual en el otro lado como indicado en la Figura 1(b)<\/p>\n<p><a href=\"https:\/\/blog.uclm.es\/eduardovieira\/wp-content\/uploads\/sites\/127\/2018\/11\/placa.gif\"><img loading=\"lazy\" decoding=\"async\" class=\"alignnone size-full wp-image-296\" src=\"https:\/\/blog.uclm.es\/eduardovieira\/wp-content\/uploads\/sites\/127\/2018\/11\/placa.gif\" alt=\"\" width=\"623\" height=\"201\" \/><\/a><\/p>\n<p><strong>Descripci\u00f3n de la pr\u00e1ctica<\/strong><\/p>\n<p>Con un ensayo de tracci\u00f3n se obtienen la curva s-e y las propiedades mec\u00e1nicas del material con que se han fabricado las placas (lat\u00f3n, material compuesto por cobre y zinc). Se utiliza una probeta con forma de hueso, con una secci\u00f3n de , ver Figura 2. El coeficiente de Poisson del lat\u00f3n es 0.35.<\/p>\n<p><a href=\"https:\/\/blog.uclm.es\/eduardovieira\/wp-content\/uploads\/sites\/127\/2018\/11\/traccion.gif\"><img loading=\"lazy\" decoding=\"async\" class=\"alignnone size-full wp-image-297\" src=\"https:\/\/blog.uclm.es\/eduardovieira\/wp-content\/uploads\/sites\/127\/2018\/11\/traccion.gif\" alt=\"\" width=\"280\" height=\"274\" \/><\/a><\/p>\n<p>Se ensayan dos placas rectangulares de las siguientes dimensiones: la placa 1 mide (ancho largo espesor), y la placa 2, , (dimensiones a medir en laboratorio). Las placas se apoyan en un dispositivo de flexi\u00f3n compuesto por un bastidor r\u00edgido sobre el que se montan los soportes a la distancia deseada. En el ensayo se miden la carga aplicada, P, y el desplazamiento bajo el punto de carga, d.<\/p>\n<p>Asimismo, se realizan c\u00e1lculos de la geometr\u00eda ensayada utilizando dos procedimientos: el m\u00e9todo anal\u00edtico de las l\u00edneas de rotura; y el programa comercial de elementos finitos ANSYS.<\/p>\n<p>1. Medir las dimensiones de la geometr\u00eda de las probetas.<\/p>\n<p>2. Realizar el ensayo de tracci\u00f3n. Realizar el ensayo de rotura de placas.<\/p>\n<p>3. Realizar un informe en el que figure:<\/p>\n<p>\u00b7 Descripci\u00f3n del ensayo, tablas de datos tomados en laboratorio, incidencias.<\/p>\n<p>\u00b7 An\u00e1lisis de los resultados: gr\u00e1fico de las curvas s-e y P-d. Estudio de la influencia de la geometr\u00eda en las curvas P-d y en los mecanismos de rotura.<\/p>\n<p>\u00b7 Aplicaci\u00f3n de la teor\u00eda simplificada de c\u00e1lculo de placas en estado l\u00edmite a las placas ensayadas. Estudio anal\u00edtico de la transici\u00f3n entre los posibles mecanismos de rotura. Comparaci\u00f3n entre los valores de carga m\u00e1xima te\u00f3ricos y los experimentales.<\/p>\n<p>\u00b7 Estudio num\u00e9rico de los dos casos ensayados utilizando el programa ANSYS. Gr\u00e1fico de las curvas P-d num\u00e9ricas comparadas con las correspondientes curvas experimentales.<\/p>\n<p>\u00b7 Estudio comparativo del colapso de la placa propuesta a cada grupo por ambos m\u00e9todos (l\u00edneas de rotura y ANSYS).<\/p>\n<p>Download: Practica.pdf<\/p>\n<p>Introducci\u00f3n al ANSYS sp;<\/p>\n<p><strong>Descripci\u00f3n de la pr\u00e1ctica<\/strong><\/p>\n<p>Con un ensayo de tracci\u00f3n se obtienen la curva s-e y las propiedades mec\u00e1nicas del material con que se han fabricado las placas (lat\u00f3n, material compuesto por cobre y zinc). Se utiliza una probeta con forma de hueso, con una secci\u00f3n de , ver Figura 2. El coeficiente de Poisson del lat\u00f3n es 0.35.<\/p>\n<p><a href=\"https:\/\/blog.uclm.es\/eduardovieira\/wp-content\/uploads\/sites\/127\/2018\/11\/traccion.gif\"><img loading=\"lazy\" decoding=\"async\" class=\"alignnone size-full wp-image-297\" src=\"https:\/\/blog.uclm.es\/eduardovieira\/wp-content\/uploads\/sites\/127\/2018\/11\/traccion.gif\" alt=\"\" width=\"280\" height=\"274\" \/><\/a><\/p>\n<h6>Se ensayan dos placas rectangulares de las siguientes dimensiones: la placa 1 mide (ancho largo espesor), y la placa 2, , (dimensiones a medir en laboratorio). Las placas se apoyan en un dispositivo de flexi\u00f3n compuesto por un bastidor r\u00edgido sobre el que se montan los soportes a la distancia deseada. En el ensayo se miden la carga aplicada, P, y el desplazamiento bajo el punto de carga, d.<\/h6>\n<h6>Asimismo, se realizan c\u00e1lculos de la geometr\u00eda ensayada utilizando dos procedimientos: el m\u00e9todo anal\u00edtico de las l\u00edneas de rotura; y el programa comercial de elementos finitos ANSYS.<\/h6>\n<h6>1. Medir las dimensiones de la geometr\u00eda de las probetas.<\/h6>\n<h6>2. Realizar el ensayo de tracci\u00f3n. Realizar el ensayo de rotura de placas.<\/h6>\n<h6>3. Realizar un informe en el que figure:<\/h6>\n<h6>\u00b7 Descripci\u00f3n del ensayo, tablas de datos tomados en laboratorio, incidencias.<\/h6>\n<h6>\u00b7 An\u00e1lisis de los resultados: gr\u00e1fico de las curvas s-e y P-d. Estudio de la influencia de la geometr\u00eda en las curvas P-d y en los mecanismos de rotura.<\/h6>\n<h6>\u00b7 Aplicaci\u00f3n de la teor\u00eda simplificada de c\u00e1lculo de placas en estado l\u00edmite a las placas ensayadas. Estudio anal\u00edtico de la transici\u00f3n entre los posibles mecanismos de rotura. Comparaci\u00f3n entre los valores de carga m\u00e1xima te\u00f3ricos y los experimentales.<\/h6>\n<h6>\u00b7 Estudio num\u00e9rico de los dos casos ensayados utilizando el programa ANSYS. Gr\u00e1fico de las curvas P-d num\u00e9ricas comparadas con las correspondientes curvas experimentales.<\/h6>\n<h6>\u00b7 Estudio comparativo del colapso de la placa propuesta a cada grupo por ambos m\u00e9todos (l\u00edneas de rotura y ANSYS).<\/h6>\n<h6>Download: <a href=\"https:\/\/blog.uclm.es\/eduardovieira\/wp-content\/uploads\/sites\/127\/2018\/11\/placas.pdf\">Practica.pdf<\/a><\/h6>\n<h6><a href=\"https:\/\/blog.uclm.es\/eduardovieira\/wp-content\/uploads\/sites\/127\/2018\/11\/ansys9.pdf\">Introducci\u00f3n al ANSYS<\/a><\/h6>\n<blockquote><p>Apuntes<\/p><\/blockquote>\n<p><b><span style=\"font-size: medium\"><u>Presentaci\u00f3n de Introducci\u00f3n a Elementos Finitos<\/u><\/span><\/b><\/p>\n<p><span style=\"font-family: Trebuchet MS, Arial, Helvetica\"><a href=\"https:\/\/previa.uclm.es\/profesorado\/evieira\/asignatura\/mmc\/presentacion\/introduccion_20092.htm\">Presentaci\u00f3n de Introducci\u00f3n a Elementos Finitos<\/a><\/span><\/p>\n<p><span style=\"color: #000080;font-family: Arial\">Download: <a href=\"https:\/\/blog.uclm.es\/eduardovieira\/wp-content\/uploads\/sites\/127\/2018\/11\/placas.pdf\">Practica.pdf<\/a><\/span><\/p>\n<p><span style=\"color: #000080;font-family: Arial;font-size: small\"><b> <a href=\"https:\/\/blog.uclm.es\/eduardovieira\/wp-content\/uploads\/sites\/127\/2018\/11\/ansys9.pdf\">Introducci\u00f3n al ANSYS<\/a><\/b><b>\u00a0<\/b>\u00a0\u00a0<\/span><\/p>\n<p><span style=\"color: #000080;font-family: Arial;font-size: small\"><b>\u00a0<\/b>\u00a0M\u00e9todo Anal\u00edtico<b>\u00a0\u00a0<\/b><\/span><\/p>\n<h3>OBJETIVOS<\/h3>\n<p>Los objetivos cognoscitivos de la \u00abMec\u00e1nica de Medios Continuos y Ciencia de Materiales\u00bb est\u00e1n descritos por el Plan de Estudios de la Escuela de Caminos, y so: \u00abEcuaciones Constitutivas, Elasticidad y Viscoelasticidad, Plasticidad y Viscoplasticidad, Mec\u00e1nica de la Fractura, Ciencia de Materiales\u00bb. Como se ve a trav\u00e9s de los descriptores, la asignatura aborda la Mec\u00e1nica de S\u00f3lidos bas\u00e1ndose en la Ciencia de Materiales y centr\u00e1ndose en el comportamiento de los materiales de inter\u00e9s en ingenier\u00eda civil. Es continuaci\u00f3n natural de \u00abF\u00edsica I\u00bb y de \u00abAmpliaci\u00f3n de Mec\u00e1nica\u00bb. Asimismo, amplia y desarrolla conceptos de \u00abCiencia y Tecnolog\u00eda de Materiales\u00bb.<\/p>\n<h3>CONTENIDO DE LA ASIGNATURA<\/h3>\n<h3>Bloque I: Elasticidad y Viscoelasticidad<\/h3>\n<h3>I.A Comportamiento el\u00e1stico<\/h3>\n<p>Micromec\u00e1nica del comportamiento el\u00e1stico. Elasticidad cl\u00e1sica: el material hookeano. Energ\u00eda el\u00e1stica. El problema el\u00e1stico. Elproblema el\u00e1stico en el plano. Termoelasticidad. El problema termoel\u00e1stico. Materiales el\u00e1stico-lineales anis\u00f3tropos. Materiales el\u00e1stico-lineales ort\u00f3tropos y tranversalmente is\u00f3tropos. Elasticidad no lineal.<\/p>\n<h3>I.B Comportamiento viscoel\u00e1stico<\/h3>\n<p>Viscoelasticidad lineal: el material de Boltzmann. Ecuaciones constitutivas del material de Boltzmann. Modelos mec\u00e1nicos. El problema\u00a0viscoel\u00e1stico.<\/p>\n<h3>Bloque\u00a0II: Plasticidad y Viscoplasticidad<\/h3>\n<h3>II.A Comportamiento pl\u00e1stico<\/h3>\n<p>Introducci\u00f3n al comportamiento pl\u00e1stico. Criterios de plastificaci\u00f3n. Ecuaciones constitutivas de la Plasticidad. Teoremas generales. El\u00a0problema\u00a0 pl\u00e1stico.\u00a0 Deformaci\u00f3n\u00a0 plana.\u00a0 L\u00edneas de deslizamiento.\u00a0\u00a0 Plastificaci\u00f3n de vigas y p\u00f3rticos.\u00a0\u00a0 Plastificaci\u00f3n de\u00a0 placas. Plastificaci\u00f3n de tubos. Teor\u00eda de dislocaciones. Endurecimiento de metales y aleaciones.<\/p>\n<h3>II.B Comportamiento viscopl\u00e1stico<\/h3>\n<p>Viscoplasticidad. Fluencia y relajaci\u00f3n.<\/p>\n<h3>Bloque III:\u00a0Mec\u00e1nica de la Fractura<\/h3>\n<h3>III.A Criterios de rotura: planteamiento global<\/h3>\n<p>Planteamiento global. Funciones G y R. C\u00e1lculo de la energ\u00eda disponible para la fractura G. Medida de la resistencia a la fractura R.<\/p>\n<h3>III.B Criterios de rotura: planteamiento local<\/h3>\n<p>Planteamiento local. Funciones K y K<sub>c<\/sub>. C\u00e1lculo del factor de intensidad de tensiones K. Medida de la tenacidad de fractura KI<sub>c<\/sub>.<\/p>\n<h3>III.C\u00a0 Fisuras subcr\u00edticas<\/h3>\n<p>Crecimiento de fisuras por fatiga. Fatiga con amplitud de carga constante. Fatiga con amplitud de carga variable. Crecimiento de fisuras\u00a0por corrosi\u00f3n bajo tensi\u00f3n. Crecimiento de fisuras por corrosi\u00f3n-fatiga. Crecimiento de fisuras por fluencia.<\/p>\n<h3>Bloque IV: Materiales Compuestos<\/h3>\n<p>Introducci\u00f3n a los materiales compuestos. Propiedades de los materiales compuestos. Criterios de rotura de materiales compuestos.<\/p>\n<h3>Pr\u00e1cticas de laboratorio<\/h3>\n<p>Pr\u00e1ctica 1: Influencia de la velocidad de solicitaci\u00f3n en un ensayo de tracci\u00f3n directa.<\/p>\n<p>Pr\u00e1ctica 2: Ensayo de plastificaci\u00f3n de placas.<\/p>\n<p>Pr\u00e1ctica 3: Medida de la energ\u00eda espec\u00edfica de fractura R.<\/p>\n<p style=\"font-weight: 400\">Pr\u00e1ctica 4: Simulaci\u00f3n del comportamiento mec\u00e1nico de s\u00f3lidos mediante el M\u00e9todo de los Elementos Finitos.<\/p>\n","protected":false},"excerpt":{"rendered":"<p>Anuncio Pr\u00e1cticas-Placa adicional (Actualizaci\u00f3n:21\/11\/2011) Organizaci\u00f3n Clases: Lunes, 12:00h &#8211; 14:30h Martes, 8:30h &#8211; 10:00h Jueves, 13:00h &#8211; 14:30h Viernes, 11:30h &#8211; 13:00h Tutor\u00eda\u00a0 Gonzalo Ruiz: Rena Yu: Eduardo W.V. Chaves: Cualquier hora Referencias VALIENTE, A. (2000), Curso de Comportamiento Mec\u00e1nico de Materiales, Elasticidad y Viscoelasticidad. Servicio de Publicaciones de la E.T.S. de Ingenieros de Caminos, &hellip; <a href=\"https:\/\/blog.uclm.es\/eduardovieira\/mecanica-de-medios-continuos-y-ciencia-de-materiales\/\" class=\"more-link\">Seguir leyendo <span class=\"screen-reader-text\">MEC\u00c1NICA DE MEDIOS CONTINUOS Y CIENCIA DE MATERIALES<\/span> <span class=\"meta-nav\">&rarr;<\/span><\/a><\/p>\n","protected":false},"author":6,"featured_media":0,"parent":0,"menu_order":0,"comment_status":"closed","ping_status":"closed","template":"","meta":{"footnotes":""},"class_list":["post-289","page","type-page","status-publish","hentry"],"_links":{"self":[{"href":"https:\/\/blog.uclm.es\/eduardovieira\/wp-json\/wp\/v2\/pages\/289","targetHints":{"allow":["GET"]}}],"collection":[{"href":"https:\/\/blog.uclm.es\/eduardovieira\/wp-json\/wp\/v2\/pages"}],"about":[{"href":"https:\/\/blog.uclm.es\/eduardovieira\/wp-json\/wp\/v2\/types\/page"}],"author":[{"embeddable":true,"href":"https:\/\/blog.uclm.es\/eduardovieira\/wp-json\/wp\/v2\/users\/6"}],"replies":[{"embeddable":true,"href":"https:\/\/blog.uclm.es\/eduardovieira\/wp-json\/wp\/v2\/comments?post=289"}],"version-history":[{"count":2,"href":"https:\/\/blog.uclm.es\/eduardovieira\/wp-json\/wp\/v2\/pages\/289\/revisions"}],"predecessor-version":[{"id":1248,"href":"https:\/\/blog.uclm.es\/eduardovieira\/wp-json\/wp\/v2\/pages\/289\/revisions\/1248"}],"wp:attachment":[{"href":"https:\/\/blog.uclm.es\/eduardovieira\/wp-json\/wp\/v2\/media?parent=289"}],"curies":[{"name":"wp","href":"https:\/\/api.w.org\/{rel}","templated":true}]}}