{"id":126,"date":"2017-12-13T12:37:45","date_gmt":"2017-12-13T11:37:45","guid":{"rendered":"http:\/\/blogdev.uclm.es\/eduardovieira\/?page_id=126"},"modified":"2022-12-16T12:49:22","modified_gmt":"2022-12-16T11:49:22","slug":"mecanica-computacional-en-la-ingenieria","status":"publish","type":"page","link":"https:\/\/blog.uclm.es\/eduardovieira\/mecanica-computacional-en-la-ingenieria\/","title":{"rendered":"MEC\u00c1NICA COMPUTACIONAL EN LA INGENIER\u00cdA"},"content":{"rendered":"<blockquote><p>Anuncios<\/p><\/blockquote>\n<p><b>Anuncios<\/b><b>:\u00a0<a href=\"https:\/\/campusvirtual.uclm.es\/login\/index.php\" target=\"_blank\" rel=\"noopener noreferrer\">(ver Moodle)<\/a><\/b><\/p>\n<blockquote><p>Organizaci\u00f3n<\/p><\/blockquote>\n<p align=\"left\"><b><span style=\"font-size: medium\">Clases<\/span><\/b><span style=\"font-size: medium\"><b>:<\/b>\u00a0Mi\u00e9rcoles, 16:00 &#8211; 19:30h<\/span><\/p>\n<p align=\"left\"><b>Tutor\u00eda<\/b>\u00a0Cualquier hora.<\/p>\n<blockquote>\n<p align=\"left\">Referencia<\/p>\n<\/blockquote>\n<p align=\"left\">Notas de Clase (Ver Secci\u00f3n Apuntes)<\/p>\n<p style=\"font-weight: 400\"><strong>Libros de Elementos Finitos &amp; Mec\u00e1nica del Medio Continuo<\/strong><\/p>\n<p style=\"font-weight: 400\">BATHE, K.-J. (1996).\u00a0<em>Finite Element Procedures<\/em>. Prentice-Hall, Inc., Englewood Cliffs, New Jersey, USA.<\/p>\n<p style=\"font-weight: 400\">COOK, R. D. ,\u00a0MALKUS, D. S. &amp;\u00a0PLESHA, M.E. (1989).\u00a0<em>Concepts and Applications of Finite Element Analysis<\/em>. John\u00a0Wiley &amp; Sons, Inc.<\/p>\n<p style=\"font-weight: 400\">CRISFIELD, M.A. (1997).<em>\u00a0Non-Linear Finite Element Analysis of Solids and Structures<\/em>, volume 1,2. John Wiley and Sons, New York, USA.<\/p>\n<p style=\"font-weight: 400\">HUGHES, T.J.R. (1987).\u00a0<em>The Finite Element Method<\/em>. Prentice may, Englewood Cliffs, NJ.<\/p>\n<p style=\"font-weight: 400\">MALVERN, L.E. (1969<em>). Introduction to the mechanics of a continuous medium<\/em>. Prentice-Hall, Inc. New Jersey.<\/p>\n<p style=\"font-weight: 400\">MASE, G.E. (1977).\u00a0<em>Mec\u00e1nica del Medio Continuum<\/em>. McGraw-Hill, USA.<\/p>\n<p style=\"font-weight: 400\">ODEN, J.T.; BELYTSCHKO, T.; BABUSKA, I. &amp; HUGHES, T.J.R. (2003).\u00a0<em>Research directions in computational mechanics.\u00a0<\/em>Computer methods in applied mechanics and enginering, Vol. 192 pag.913-922, Elsevier.<\/p>\n<p style=\"font-weight: 400\">OLIVER, J. &amp;\u00a0AGELET\u00a0de\u00a0SARAC\u00cdBAR, C. (2000).\u00a0<em>Mec\u00e1nica de medios continuos para ingenieros<\/em>. Ediciones UPC,\u00a0Barcelona, Espa\u00f1a.<\/p>\n<p style=\"font-weight: 400\">O\u00d1ATE, E. (1992).\u00a0<em>C\u00e1lculo de Estructuras por el M\u00e9todo de Elementos Finitos<\/em>. Centro Internacional de M\u00e9todos\u00a0Num\u00e9ricos en Ingenier\u00eda, Barcelona, Espa\u00f1a.<\/p>\n<p style=\"font-weight: 400\">OWEN, D.R.J. &amp;\u00a0HINTON, E. (1980<em>).<\/em>\u00a0<em>Finite Elements in Plasticity: Theory and Practice<\/em>. Pineridge Press Limited UK.<\/p>\n<p style=\"font-weight: 400\">OWEN, D.R.J. &amp;\u00a0HINTON, E. (1984).\u00a0<em>Finite Element Software for Plates and Shells<\/em>. Pineridge Press Limited UK.<\/p>\n<p style=\"font-weight: 400\">RAO, S.S. (1989<em>). The Finite Element Method in Engineering<\/em>. Pergamon Press, UK.<\/p>\n<p style=\"font-weight: 400\">SIMO, J. &amp;\u00a0HUGHES, T.J.R. (1998).\u00a0<em>Computational Inelasticity<\/em>. Spriner-Verlag, New York.<\/p>\n<p style=\"font-weight: 400\">ZIENKIEWICS, O.C. &amp;\u00a0TAYLOR, R.L. (1994a).\u00a0<em>El m\u00e9todo de los elementos finitos<\/em>. Volumen 1: Formulaci\u00f3n b\u00e1sica y problemas lineales.\u00a0CIMNE, Barcelona, 4\u00aa edition.<\/p>\n<p style=\"font-weight: 400\">ZIENKIEWICS, O.C. &amp;\u00a0TAYLOR, R.L. (1994b).\u00a0<em>El m\u00e9todo de los elementos finitos<\/em>. Volumen 2: Mec\u00e1nica de s\u00f3lidos y fluidos. Din\u00e1mica y no<em>\u00a0<\/em>linealidad. CIMNE, Barcelona, 4\u00aa edition.<\/p>\n<blockquote><p>Evaluaci\u00f3n<\/p><\/blockquote>\n<p align=\"justify\">La evaluaci\u00f3n ser\u00e1 continuada y flexible, mediante aplicaciones pr\u00e1cticas que ser\u00e1n desarrolladas en clase, valorando la dedicaci\u00f3n del alumno y su actitud.<\/p>\n<p align=\"justify\">La evaluaci\u00f3n\u00a0 se completar\u00e1 con la entrega de un trabajo final del grupo (constituido por 3 personas como m\u00e1ximo) y su defensa en p\u00fablico.<\/p>\n<blockquote><p>Ejercicio y Practicas<\/p><\/blockquote>\n<p align=\"left\"><b><span style=\"font-family: Arial;font-size: medium\"><a href=\"https:\/\/pruebasaluuclm-my.sharepoint.com\/:u:\/r\/personal\/eduardo_vieira_uclm_es\/Documents\/ftp\/MATLAB.rar?csf=1&amp;web=1&amp;e=1w8zBT\" target=\"_blank\" rel=\"noopener noreferrer\">Subroutinas en MATLAB (Actualizaci\u00f3n: 11\/03\/2010)<\/a><\/span><\/b><\/p>\n<p align=\"left\"><b><span style=\"font-family: Arial;font-size: medium\"><a href=\"http:\/\/blog.uclm.es\/eduardovieira\/subrutinas-de-fortran\/\" target=\"_blank\" rel=\"noopener noreferrer\">Subroutinas en FORTRAN (Actualizaci\u00f3n: 11\/03\/2010)<\/a><\/span><\/b><\/p>\n<p align=\"left\"><span style=\"font-family: Arial;font-size: small\"><b>Presa en Arco (Escalere -Italia)<\/b><\/span><\/p>\n<p align=\"left\"><span style=\"font-family: Arial;font-size: small\">C\u00e1lculo de las tensiones, desplazamientos debido a la presi\u00f3n hidrost\u00e1tica<\/span><\/p>\n<p align=\"left\"><a href=\"https:\/\/blog.uclm.es\/eduardovieira\/wp-content\/uploads\/sites\/127\/2018\/11\/escalere.gif\"><img loading=\"lazy\" decoding=\"async\" class=\"alignnone size-full wp-image-209\" src=\"https:\/\/blog.uclm.es\/eduardovieira\/wp-content\/uploads\/sites\/127\/2018\/11\/escalere.gif\" alt=\"\" width=\"300\" height=\"203\" \/><\/a><\/p>\n<p align=\"left\"><b>C\u00e1lculo de la distribuci\u00f3n de temperatura<\/b><\/p>\n<p align=\"left\"><a href=\"https:\/\/blog.uclm.es\/eduardovieira\/wp-content\/uploads\/sites\/127\/2018\/11\/presatemp2.gif\"><img loading=\"lazy\" decoding=\"async\" class=\"alignnone size-full wp-image-231\" src=\"https:\/\/blog.uclm.es\/eduardovieira\/wp-content\/uploads\/sites\/127\/2018\/11\/presatemp2.gif\" alt=\"\" width=\"400\" height=\"200\" \/><\/a><\/p>\n<p align=\"left\"><a href=\"https:\/\/blog.uclm.es\/eduardovieira\/wp-content\/uploads\/sites\/127\/2018\/11\/presatemp1.gif\"><img loading=\"lazy\" decoding=\"async\" class=\"alignnone size-full wp-image-230\" src=\"https:\/\/blog.uclm.es\/eduardovieira\/wp-content\/uploads\/sites\/127\/2018\/11\/presatemp1.gif\" alt=\"\" width=\"400\" height=\"208\" \/><\/a><\/p>\n<p align=\"left\"><b>C\u00e1lculo de las tensi\u00f3n en una torre de alta tensi\u00f3n<\/b><\/p>\n<p align=\"left\"><a href=\"https:\/\/blog.uclm.es\/eduardovieira\/wp-content\/uploads\/sites\/127\/2018\/11\/torre3D.gif\"><img loading=\"lazy\" decoding=\"async\" class=\"alignnone size-full wp-image-243\" src=\"https:\/\/blog.uclm.es\/eduardovieira\/wp-content\/uploads\/sites\/127\/2018\/11\/torre3D.gif\" alt=\"\" width=\"250\" height=\"292\" \/><\/a><\/p>\n<blockquote><p>Apuntes<\/p><\/blockquote>\n<p align=\"JUSTIFY\"><b><span style=\"color: #000080;font-family: Arial;font-size: small\">CHAVES, E.W.V.<\/span><\/b><span style=\"color: #000080;font-family: Arial;font-size: small\"><b>\u00a0&amp; M\u00cdNGUEZ, R. (2009).<\/b><\/span><span style=\"font-family: Arial;font-size: small\">\u00a0<\/span><i><span style=\"color: #000080;font-family: Arial;font-size: small\">\u00bb\u00a0<a href=\"https:\/\/pruebasaluuclm-my.sharepoint.com\/:b:\/g\/personal\/eduardo_vieira_uclm_es\/ERFUc_jHK29Ps6TRSOz19GsBFX9apUD9RAaP6Bpbwdn14g?e=n0s8vG\" target=\"_blank\" rel=\"noopener noreferrer\"><span style=\"color: #666666\">Mec\u00e1nica Computacional en la Ingenier\u00eda con Aplicaciones en MATLAB<\/span><\/a>\u00a0\u00ab. Editorial UCLM , ISBN:978-84-692-8273-1.\u00a0<\/span><\/i><span style=\"color: #000080;font-family: Arial;font-size: small\">(in Spanish).<\/span><i><\/i><\/p>\n<p align=\"left\"><b><span style=\"font-family: Arial;font-size: medium\"><a href=\"https:\/\/pruebasaluuclm-my.sharepoint.com\/:u:\/g\/personal\/eduardo_vieira_uclm_es\/EZtyn-s7DuxAmE2WXzfvpN4BSkTajguPP9QgL9eixwaTMw?e=fH3kfc\" target=\"_blank\" rel=\"noopener noreferrer\">Subroutinas en MATLAB (Actualizaci\u00f3n: 11\/03\/2010)<\/a><\/span><\/b><\/p>\n<p align=\"left\"><b><span style=\"font-family: Arial;font-size: medium\"><a href=\"http:\/\/blog.uclm.es\/eduardovieira\/subrutinas-de-fortran\/\" target=\"_blank\" rel=\"noopener noreferrer\">Subroutinas en FORTRAN (Actualizaci\u00f3n: 11\/03\/2010)<\/a><\/span><\/b><\/p>\n<h1><\/h1>\n<h1>INTRODUCCI\u00d3N<\/h1>\n<p>La Mec\u00e1nica es la ciencia aplicada que estudia el comportamiento de fluidos, s\u00f3lidos y materiales complejos bajo la acci\u00f3n de fuerzas. La Mec\u00e1nica Computacional es la sub-disciplina de la Mec\u00e1nica que, utilizando herramientas y m\u00e9todos computacionales, estudia problemas gobernados por los principios de la Mec\u00e1nica, Oden\u00a0<em>et al.<\/em>(2003).<\/p>\n<p>El M\u00e9todo de los Elementos Finitos (MEF) es una de las herramientas m\u00e1s poderosa de la mec\u00e1nica computacional. Problemas tales\u00a0como la simulaci\u00f3n de tejido humano, simulaci\u00f3n de trenes de alta velocidad, colisi\u00f3n de veh\u00edculos, proceso de embutici\u00f3n de chapas, proceso de excavaci\u00f3n de t\u00faneles, y obtenci\u00f3n de esfuerzos en estructuras, son algunos ejemplos que frecuentemente necesitan de la t\u00e9cnica de los Elementos Finitos (EF) para una adecuada soluci\u00f3n.<\/p>\n<h1>OBJETIVOS DOCENTES<\/h1>\n<p>Conocimiento del M\u00e9todo de los Elementos Finitos para resolver problemas basados en ecuaciones en derivadas parciales dentro del contexto de la mec\u00e1nica de los medios continuos, con dos finalidades primordiales: 1) que el alumno consiga la capacidad cr\u00edtica suficiente para utilizar cualquier programa comercial basado en la t\u00e9cnica de los elementos finitos; y 2) habilitar al alumno de t\u00e9cnicas de programaci\u00f3n para resolver diferentes problemas ingenieriles mediante el MEF.<\/p>\n<h1>CONTENIDO DE LA ASIGNATURA<\/h1>\n<p><strong>Introducci\u00f3n\u00a0<\/strong><\/p>\n<p>Introducci\u00f3n\u00a0a la mec\u00e1nica computacional; Introducci\u00f3n al MEF; Aspectos hist\u00f3ricos; Descripci\u00f3n general del m\u00e9todo.<\/p>\n<p><strong>\u00a0Revisi\u00f3n de An\u00e1lisis Matricial y T\u00e9cnicas de Integraci\u00f3n\u00a0<\/strong><\/p>\n<p>Notaci\u00f3n matricial; Revisi\u00f3n de \u00e1lgebra; T\u00e9cnicas de resoluci\u00f3n de sistemas de ecuaciones lineales; y m\u00e9todos de integraci\u00f3n (f\u00f3rmulas\u00a0de cuadratura). Implementaci\u00f3n de los distintos m\u00e9todos en MATLAB.<\/p>\n<p><strong>T\u00e9cnicas de Interpolaci\u00f3n. Funciones de Forma<\/strong><\/p>\n<p>Polinomio\u00a0interpolador\u00a0de Lagrange. Funciones de forma: elementos unidimensionales, bidimensionales, y tridimensionales.<\/p>\n<p><strong>\u00a0Elementos Finitos Unidimensional (Tipo Barra) \u00a0<\/strong><\/p>\n<p>Concepto\u00a0b\u00e1sico\u00a0de discretizaci\u00f3n; Matriz de rigidez; Ensamblaje de la matriz de rigidez; Implementaci\u00f3n de un c\u00f3digo de EF en MATLAB para problemas bi y tridimensionales; Pr\u00e1ctica \u2013 Celos\u00eda espacial (torre de alta tensi\u00f3n).<\/p>\n<p><strong>\u00a0<\/strong><strong>Mec\u00e1nica de S\u00f3lidos. Problemas El\u00e1stico-Lineales<\/strong><\/p>\n<p>Revisi\u00f3n\u00a0de\u00a0la teor\u00eda de la Elasticidad Lineal; Programaci\u00f3n de un c\u00f3digo en MEF para problemas de Estado de Deformaci\u00f3n Plana y de Tensi\u00f3n Plana; Pr\u00e1ctica \u2013 Sensibilidad de la malla de una viga de gran canto utilizando varios elementos y distintas densidades de mallado.<\/p>\n<p>Programaci\u00f3n\u00a0de un c\u00f3digo en MEF para problemas tridimensionales; Pr\u00e1ctica \u2013 Presa en arco.<\/p>\n<p><strong>\u00a0<\/strong><strong>Soluci\u00f3n de Forjados utilizando el MEF\u00a0<\/strong><\/p>\n<p>Revisi\u00f3n\u00a0de\u00a0Teor\u00eda de Placas a flexi\u00f3n; Revisi\u00f3n del problema de flexi\u00f3n de Vigas; Implementaci\u00f3n del c\u00f3digo en EF (Placas-Vigas); Pr\u00e1ctica \u2013 Resoluci\u00f3n e interpretaci\u00f3n de resultados para forjados.<\/p>\n<p><strong>\u00a0Problemas de Campo. Ecuaciones de Poisson y de Laplace\u00a0<\/strong><\/p>\n<p>Aplicaci\u00f3n\u00a0del MEF para la resoluci\u00f3n de problemas de campo gobernados por las ecuaciones de Laplace y Poisson: Transmisi\u00f3n de calor; Torsi\u00f3n; Flujo subterr\u00e1neo. Implementaci\u00f3n de un c\u00f3digo de Elementos Finitos en 2-D y 3-D para su resoluci\u00f3n.<\/p>\n<p>Conocimiento\u00a0extensivo del M\u00e9todo de los Elementos Finitos con dos finalidades primordiales: 1) que el alumno obtenga la capacidad cr\u00edtica suficiente para utilizar cualquier programa comercial basado en la t\u00e9cnica de los Elementos Finitos; 2) habilitar al alumno de t\u00e9cnicas de programaci\u00f3n para resolver diferentes problemas ingenieriles mediante el MEF.<\/p>\n<h1>FORMA DOCENTE<\/h1>\n<p><u>Te\u00f3rica<\/u>\u00a0<u>(20 horas)<\/u><\/p>\n<p>Se\u00a0desarrollar\u00e1n\u00a0clases te\u00f3ricas exponiendo los conocimientos b\u00e1sicos necesarios para el desarrollo de las clases pr\u00e1cticas.<\/p>\n<p>Pr\u00e1ctica<u>\u00a0(40 horas)<\/u><\/p>\n<p>Implementaci\u00f3n\u00a0de un c\u00f3digo de elementos finitos para realizar la simulaci\u00f3n num\u00e9rica de un problema de ingenier\u00eda. El lenguaje de programaci\u00f3n para la elaboraci\u00f3n del c\u00f3digo de EF podr\u00e1 ser MATLAB o FORTRAN.<\/p>\n<h1>EVALUACI\u00d3N<\/h1>\n<p>La evaluaci\u00f3n ser\u00e1 continuada y flexible, mediante aplicaciones pr\u00e1cticas que ser\u00e1n desarrolladas en clase, valorando la dedicaci\u00f3n del alumno y su actitud. La evaluaci\u00f3n se completar\u00e1 con la entrega de trabajos a lo largo del curso y su defensa en p\u00fablico.<\/p>\n","protected":false},"excerpt":{"rendered":"<p>Anuncios Anuncios:\u00a0(ver Moodle) Organizaci\u00f3n Clases:\u00a0Mi\u00e9rcoles, 16:00 &#8211; 19:30h Tutor\u00eda\u00a0Cualquier hora. Referencia Notas de Clase (Ver Secci\u00f3n Apuntes) Libros de Elementos Finitos &amp; Mec\u00e1nica del Medio Continuo BATHE, K.-J. (1996).\u00a0Finite Element Procedures. Prentice-Hall, Inc., Englewood Cliffs, New Jersey, USA. COOK, R. D. ,\u00a0MALKUS, D. S. &amp;\u00a0PLESHA, M.E. (1989).\u00a0Concepts and Applications of Finite Element Analysis. John\u00a0Wiley &amp; &hellip; <a href=\"https:\/\/blog.uclm.es\/eduardovieira\/mecanica-computacional-en-la-ingenieria\/\" class=\"more-link\">Seguir leyendo <span class=\"screen-reader-text\">MEC\u00c1NICA COMPUTACIONAL EN LA INGENIER\u00cdA<\/span> <span class=\"meta-nav\">&rarr;<\/span><\/a><\/p>\n","protected":false},"author":45,"featured_media":0,"parent":0,"menu_order":0,"comment_status":"closed","ping_status":"closed","template":"","meta":{"footnotes":""},"class_list":["post-126","page","type-page","status-publish","hentry"],"_links":{"self":[{"href":"https:\/\/blog.uclm.es\/eduardovieira\/wp-json\/wp\/v2\/pages\/126","targetHints":{"allow":["GET"]}}],"collection":[{"href":"https:\/\/blog.uclm.es\/eduardovieira\/wp-json\/wp\/v2\/pages"}],"about":[{"href":"https:\/\/blog.uclm.es\/eduardovieira\/wp-json\/wp\/v2\/types\/page"}],"author":[{"embeddable":true,"href":"https:\/\/blog.uclm.es\/eduardovieira\/wp-json\/wp\/v2\/users\/45"}],"replies":[{"embeddable":true,"href":"https:\/\/blog.uclm.es\/eduardovieira\/wp-json\/wp\/v2\/comments?post=126"}],"version-history":[{"count":2,"href":"https:\/\/blog.uclm.es\/eduardovieira\/wp-json\/wp\/v2\/pages\/126\/revisions"}],"predecessor-version":[{"id":1241,"href":"https:\/\/blog.uclm.es\/eduardovieira\/wp-json\/wp\/v2\/pages\/126\/revisions\/1241"}],"wp:attachment":[{"href":"https:\/\/blog.uclm.es\/eduardovieira\/wp-json\/wp\/v2\/media?parent=126"}],"curies":[{"name":"wp","href":"https:\/\/api.w.org\/{rel}","templated":true}]}}