{"id":36,"date":"2020-03-30T14:14:09","date_gmt":"2020-03-30T13:14:09","guid":{"rendered":"http:\/\/blog.uclm.es\/eduardodemetrio\/?page_id=36"},"modified":"2022-12-12T16:55:14","modified_gmt":"2022-12-12T16:55:14","slug":"congresos-y-seminarios","status":"publish","type":"page","link":"https:\/\/blog.uclm.es\/eduardodemetrio\/congresos-y-seminarios\/","title":{"rendered":"Congresos y seminarios"},"content":{"rendered":"\n<div class=\"wp-block-columns is-layout-flex wp-container-core-columns-is-layout-9d6595d7 wp-block-columns-is-layout-flex\">\n<div class=\"wp-block-column is-layout-flow wp-block-column-is-layout-flow\" style=\"flex-basis:33.33%\">\n<figure class=\"wp-block-image size-full\"><img loading=\"lazy\" decoding=\"async\" width=\"217\" height=\"313\" src=\"https:\/\/blog.uclm.es\/eduardodemetrio\/wp-content\/uploads\/sites\/145\/2021\/06\/INVITATION_MIAS_170521V3_page-0001-1.jpg\" alt=\"\" class=\"wp-image-954\" srcset=\"https:\/\/blog.uclm.es\/eduardodemetrio\/wp-content\/uploads\/sites\/145\/2021\/06\/INVITATION_MIAS_170521V3_page-0001-1.jpg 217w, https:\/\/blog.uclm.es\/eduardodemetrio\/wp-content\/uploads\/sites\/145\/2021\/06\/INVITATION_MIAS_170521V3_page-0001-1-208x300.jpg 208w\" sizes=\"auto, (max-width: 217px) 100vw, 217px\" \/><\/figure>\n<\/div>\n\n\n\n<div class=\"wp-block-column is-layout-flow wp-block-column-is-layout-flow\" style=\"flex-basis:66.66%\">\n<figure class=\"wp-block-table has-small-font-size\"><table><thead><tr><th>Derecho Penal y comportamiento humano: estudio del caso de Phineas Gage<\/th><\/tr><\/thead><tbody><tr><td>Ciclo de Conferencias Online<br><strong>Disertantes<\/strong>: Eduardo Demetrio Crespo &amp; Eric Garc\u00eda L\u00f3pez &amp; Cristina Garc\u00eda Nombela.<br><strong>Fecha<\/strong>:\u00a0Lunes 17 de mayo de 2021<br><strong>Hora<\/strong>:\u00a017h-18h<\/td><\/tr><\/tbody><\/table><\/figure>\n<\/div>\n<\/div>\n\n\n\n<hr class=\"wp-block-separator has-alpha-channel-opacity\" \/>\n\n\n\n<figure class=\"wp-block-table\"><table><thead><tr><th><strong>Discapacidad intelectual, Derecho penal y acceso a la justicia<\/strong><\/th><\/tr><\/thead><tbody><tr><td>Seminario<br><strong>Directores<\/strong>:\u00a0Eduardo Demetrio Crespo\u00a0&amp; Rebeca Arce Mart\u00ednez &amp; M\u00aa Luisa Escudero Serrano.\u00a0 \u00a0 \u00a0 \u00a0 \u00a0 \u00a0 \u00a0 \u00a0 \u00a0 \u00a0 \u00a0 \u00a0 \u00a0 \u00a0 \u00a0 \u00a0 \u00a0 \u00a0 \u00a0 \u00a0 \u00a0 \u00a0 \u00a0 \u00a0 \u00a0 \u00a0 \u00a0 \u00a0 \u00a0 \u00a0 \u00a0 \u00a0 \u00a0 \u00a0 \u00a0 \u00a0 \u00a0 \u00a0 \u00a0 \u00a0 \u00a0 \u00a0 \u00a0 \u00a0 \u00a0 \u00a0 \u00a0 \u00a0 \u00a0 \u00a0 \u00a0 \u00a0 \u00a0 \u00a0 \u00a0 \u00a0 \u00a0 \u00a0\u00a0<br><strong>Coordinaci\u00f3n<\/strong>:\u00a0M\u00f3nica de la Cuerda Mart\u00edn\u00a0&amp;\u00a0Faustino Garc\u00eda de la Torre Garc\u00eda<br><strong>Marco<\/strong>: Proyecto de investigaci\u00f3n\u00a0\u201cCrisis del Derecho Penal del Estado de Derecho: Manifestaciones y tendencias\u201d (SBPLY\/17\/18501\/000223)\u00a0y Proyecto de investigaci\u00f3n\u00a0<a href=\"https:\/\/blog.uclm.es\/proyectodpch\/\" target=\"_blank\" rel=\"noreferrer noopener\">\u201cDerecho penal y comportamiento humano\u201d (RTI2018-097838-B-100)<\/a>.\u00a0<br>Lugar:\u00a0Facultad de Ciencias jur\u00eddicas y sociales de Toledo (Aula Magna)<br>Fecha: 19\/02\/2020\u00a0<br><a href=\"https:\/\/blog.uclm.es\/eduardodemetrio\/wp-content\/uploads\/sites\/145\/2022\/12\/Triptico_discapacidad.pdf\" target=\"_blank\" rel=\"noreferrer noopener\">Descargar el Tr\u00edptico<\/a><\/td><\/tr><\/tbody><\/table><\/figure>\n\n\n\n<figure class=\"wp-block-table\"><table><thead><tr><th><strong>La europeizaci\u00f3n del Derecho Penal<\/strong><\/th><\/tr><\/thead><tbody><tr><td>Organizaci\u00f3n de Seminario<br><strong>Autor<\/strong>:\u00a0Eduardo Demetrio Crespo (Dir.) \/\u00a0Manuel Maroto Calatayud (Coord.)<br><strong>Marco<\/strong>:\u00a0Seminario internacional \u201cLa europeizaci\u00f3n del Derecho Penal\u201d<br><strong>Lugar<\/strong>: Facultad de Ciencias jur\u00eddicas y sociales de Toledo.<br><strong>Fecha<\/strong>: 20\/07\/2015<\/td><\/tr><\/tbody><\/table><\/figure>\n\n\n\n<figure class=\"wp-block-table\"><table><thead><tr><th><strong>Conmemoraci\u00f3n del 250 aniversario de la publicaci\u00f3n de \u201cDe los delitos y de las penas\u201d<\/strong><\/th><\/tr><\/thead><tbody><tr><td>Organizaci\u00f3n de Seminario<br><strong>Autor<\/strong>:\u00a0Eduardo Demetrio Crespo (Dir.) \/\u00a0Manuel Maroto Calatayud (Coord.).<br><strong>Marco<\/strong>:\u00a0Seminario en conmemoraci\u00f3n del 250 aniversario de la publicaci\u00f3n de \u201cDe los delitos y de las penas\u201d<br><strong>Lugar<\/strong>: Facultad de Ciencias jur\u00eddicas y sociales de Toledo.<br><strong>Fecha<\/strong>: 01\/12\/2014<\/td><\/tr><\/tbody><\/table><\/figure>\n\n\n\n<figure class=\"wp-block-table\"><table><thead><tr><th><strong>La democratizaci\u00f3n del Derecho penal; por German Aller\u00a0<\/strong><\/th><\/tr><\/thead><tbody><tr><td>Organizaci\u00f3n de Conferencia<br><strong>Autor<\/strong>:\u00a0Eduardo Demetrio Crespo (Dir.) \/\u00a0Manuel Maroto Calatayud (Coord.)<br><strong>Lugar<\/strong>: Facultad de Ciencias jur\u00eddicas y sociales de Toledo.<br><strong>Fecha<\/strong>: 20\/12\/2013.<\/td><\/tr><\/tbody><\/table><\/figure>\n\n\n\n<figure class=\"wp-block-table\"><table><thead><tr><th><strong>Neurociencia y Derecho Penal<\/strong><\/th><\/tr><\/thead><tbody><tr><td>Organizaci\u00f3n de Seminario<br><strong>Autor<\/strong>:\u00a0Eduardo Demetrio Crespo (Dir.) \/\u00a0Manuel Maroto Calatayud (Coord.)<br><strong>Marco<\/strong>: III Seminario internacional \u201cNeurociencia y Derecho Penal\u201d;\u00a0Proyecto Neurociencia y Derecho Penal: Nuevas Perspectivas en el Ambito de la Culpabilidad y Tratamiento Juridico-Penal de la Peligrosidad (MICINN \/ DER2009-09868)<br><strong>Lugar<\/strong>: Facultad de Ciencias jur\u00eddicas y sociales de Toledo.<br><strong>Fecha<\/strong>: 29-30\/09\/2011<\/td><\/tr><\/tbody><\/table><\/figure>\n\n\n\n<figure class=\"wp-block-table\"><table><thead><tr><th><strong>Neurociencia y Derecho Penal<\/strong><\/th><\/tr><\/thead><tbody><tr><td>Organizaci\u00f3n de Seminario<br><strong>Autor<\/strong>: Mirentzu Corcoy Bidasolo &amp;\u00a0Eduardo Demetrio Crespo (Dir.).<br><strong>Marco<\/strong>:\u00a0<a href=\"https:\/\/blog.uclm.es\/eduardodemetrio\/wp-content\/uploads\/sites\/145\/2022\/12\/Seminario_internacional_neurociencia.pdf\" target=\"_blank\" rel=\"noreferrer noopener\">II Seminario Internacional \u201cDerecho Penal y Neurociencia, Criminal Law and Neuroscience Strafrecht und Neurowissenschaft\u201d;\u00a0Proyecto Neurociencia y Derecho Penal: Nuevas Perspectivas en el Ambito de la Culpabilidad y Tratamiento Juridico-Penal de la Peligrosidad (MICINN \/ DER2009-09868)<\/a><br><strong>Lugar<\/strong>: Universidad de Barcelona.<br><strong>Fecha<\/strong>: 30-31\/10\/2010<\/td><\/tr><\/tbody><\/table><\/figure>\n\n\n\n<figure class=\"wp-block-table\"><table><thead><tr><th><strong>Symposium Strafrecht und Neurowissenschaft Derecho Penal y Neurociencia Criminal Law and Neuroscience<\/strong><\/th><\/tr><\/thead><tbody><tr><td>Organizaci\u00f3n de Seminario<br><strong>Autor<\/strong>:\u00a0Eduardo Demetrio Crespo &amp; Grischa Merkel (Dir.)<br><strong>Marco<\/strong>: Proyecto Neurociencia y Derecho Penal: Nuevas Perspectivas en el Ambito de la Culpabilidad y Tratamiento Juridico-Penal de la Peligrosidad (MICINN \/ DER2009-09868).<br><strong>Lugar<\/strong>:\u00a0\u00a0Hanse-Wissenschaftskolleg \u2013\u00a0Institute for Advanced Study<br><strong>Fecha<\/strong>: 04-05\/06\/2010<br><\/td><\/tr><\/tbody><\/table><\/figure>\n\n\n\n<figure class=\"wp-block-table\"><table><thead><tr><th><strong>Terrorismo y Estado de Derecho<\/strong><\/th><\/tr><\/thead><tbody><tr><td>Organizaci\u00f3n de Seminario<br><strong>Autor<\/strong>: Jos\u00e9 Ram\u00f3n Serrano-Piedecasas &amp;\u00a0Eduardo Demetrio Crespo (Dir.)<br><strong>Marco<\/strong>:\u00a0<a href=\"https:\/\/blog.uclm.es\/eduardodemetrio\/wp-content\/uploads\/sites\/145\/2022\/12\/Triptico_terrorismo.pdf\" target=\"_blank\" rel=\"noreferrer noopener\">\u201cTerrorismo y Estado de Derecho: Seminario Internacional de Derecho Comparado\u201d<\/a><br><strong>Fecha<\/strong>: 11\/09\/2008<br><img loading=\"lazy\" decoding=\"async\" width=\"900\" height=\"675\" class=\"wp-image-1066\" style=\"width: 150px\" src=\"https:\/\/blog.uclm.es\/eduardodemetrio\/wp-content\/uploads\/sites\/145\/2022\/04\/IMG-20220417-WA0003.jpg\" alt=\"\" srcset=\"https:\/\/blog.uclm.es\/eduardodemetrio\/wp-content\/uploads\/sites\/145\/2022\/04\/IMG-20220417-WA0003.jpg 900w, https:\/\/blog.uclm.es\/eduardodemetrio\/wp-content\/uploads\/sites\/145\/2022\/04\/IMG-20220417-WA0003-300x225.jpg 300w, https:\/\/blog.uclm.es\/eduardodemetrio\/wp-content\/uploads\/sites\/145\/2022\/04\/IMG-20220417-WA0003-768x576.jpg 768w\" sizes=\"auto, (max-width: 706px) 89vw, (max-width: 767px) 82vw, 740px\" \/><\/td><\/tr><\/tbody><\/table><\/figure>\n\n\n\n<figure class=\"wp-block-table\"><table><thead><tr><th><strong>Delitos de peligro y moderno derecho penal; por Hans Joachim Hirsch<\/strong><\/th><\/tr><\/thead><tbody><tr><td>Organizaci\u00f3n de Conferencia<br><strong>Autor<\/strong>:\u00a0Eduardo Demetrio Crespo<br><strong>Lugar<\/strong>: Facultad de Ciencias jur\u00eddicas y sociales de Toledo.<br><strong>Fecha<\/strong>: 08\/05\/2008<\/td><\/tr><\/tbody><\/table><\/figure>\n\n\n\n<figure class=\"wp-block-table\"><table><thead><tr><th><strong>El estado de necesidad justificante considerado en el marco pr\u00e1ctico de los buzones para beb\u00e9s\/ Die Grenzen der Strafbarkeit des Anwalts wegen Strafvereitelung durch Strafverteidigung; por Werner Beulke<\/strong><\/th><\/tr><\/thead><tbody><tr><td>Organizaci\u00f3n de Conferencia<br><strong>Autor<\/strong>:\u00a0Eduardo Demetrio Crespo<br><strong>Lugar<\/strong>: Facultad de Ciencias jur\u00eddicas y sociales de Toledo.<br><strong>Fecha<\/strong>: 2004<\/td><\/tr><\/tbody><\/table><\/figure>\n","protected":false},"excerpt":{"rendered":"<p>Derecho Penal y comportamiento humano: estudio del caso de Phineas Gage Ciclo de Conferencias OnlineDisertantes: Eduardo Demetrio Crespo &amp; Eric Garc\u00eda L\u00f3pez &amp; Cristina Garc\u00eda Nombela.Fecha:\u00a0Lunes 17 de mayo de 2021Hora:\u00a017h-18h Discapacidad intelectual, Derecho penal y acceso a la justicia SeminarioDirectores:\u00a0Eduardo Demetrio Crespo\u00a0&amp; Rebeca Arce Mart\u00ednez &amp; M\u00aa Luisa Escudero Serrano.\u00a0 \u00a0 \u00a0 \u00a0 \u00a0 &hellip; <\/p>\n<p class=\"link-more\"><a href=\"https:\/\/blog.uclm.es\/eduardodemetrio\/congresos-y-seminarios\/\" class=\"more-link\">Continuar leyendo<span class=\"screen-reader-text\"> \u00abCongresos y seminarios\u00bb<\/span><\/a><\/p>\n","protected":false},"author":132,"featured_media":0,"parent":0,"menu_order":0,"comment_status":"closed","ping_status":"closed","template":"","meta":{"footnotes":""},"class_list":["post-36","page","type-page","status-publish","hentry"],"_links":{"self":[{"href":"https:\/\/blog.uclm.es\/eduardodemetrio\/wp-json\/wp\/v2\/pages\/36","targetHints":{"allow":["GET"]}}],"collection":[{"href":"https:\/\/blog.uclm.es\/eduardodemetrio\/wp-json\/wp\/v2\/pages"}],"about":[{"href":"https:\/\/blog.uclm.es\/eduardodemetrio\/wp-json\/wp\/v2\/types\/page"}],"author":[{"embeddable":true,"href":"https:\/\/blog.uclm.es\/eduardodemetrio\/wp-json\/wp\/v2\/users\/132"}],"replies":[{"embeddable":true,"href":"https:\/\/blog.uclm.es\/eduardodemetrio\/wp-json\/wp\/v2\/comments?post=36"}],"version-history":[{"count":4,"href":"https:\/\/blog.uclm.es\/eduardodemetrio\/wp-json\/wp\/v2\/pages\/36\/revisions"}],"predecessor-version":[{"id":1339,"href":"https:\/\/blog.uclm.es\/eduardodemetrio\/wp-json\/wp\/v2\/pages\/36\/revisions\/1339"}],"wp:attachment":[{"href":"https:\/\/blog.uclm.es\/eduardodemetrio\/wp-json\/wp\/v2\/media?parent=36"}],"curies":[{"name":"wp","href":"https:\/\/api.w.org\/{rel}","templated":true}]}}