{"id":75,"date":"2015-06-14T14:40:44","date_gmt":"2015-06-14T14:40:44","guid":{"rendered":"https:\/\/diegopedregaluclm.wordpress.com\/?page_id=75"},"modified":"2025-07-18T07:50:07","modified_gmt":"2025-07-18T06:50:07","slug":"conference-papers","status":"publish","type":"page","link":"https:\/\/blog.uclm.es\/diegopedregal\/conference-papers\/","title":{"rendered":"Conference papers"},"content":{"rendered":"<hr \/>\n<ol>\n<li>Trapero, JR, Pedregal, DJ, (2025), Overcoming Stockout Bias: A Multi-Frequency Forecasting Approach for Inventory Optimization, 11th International conference on Time Series and Forecasting ITISE 2025, 16-18 July, Gran Canaria, Spain.<\/li>\n<li>Pedregal DJ, (2024), Anal\u00edtica predictiva censurada, no confundamos ventas con demanda, 4\u00aa edici\u00f3n del Congreso R4EDI: R para Empresa, Docencia e Investigaci\u00f3n, 3-4 october, Albacete, Spain.<\/li>\n<li>Pedregal DJ, Trapero JR, (2024), \u201cNew Approaches in Demand Forecasting: Tobit Exponential Smoothing with Time Aggregation Constraints\u201d, 10<sup>th<\/sup> International Conference on Time Series and Forecasting, ITISE 2024, 15-17 July, Gran Canaria, Spain.<\/li>\n<li>Pedregal DJ, Trapero JR, (2024), \u201cEnhancing Inventory Management through Tobit Exponential Smoothing and Time Aggregation\u201d, 44<sup>th<\/sup> International Symposium on Forecasting, ISF 2024, 30<sup>th<\/sup> June \u2013 2<sup>nd<\/sup> July, Dijon, France.<\/li>\n<li>Pedregal, DJ, (2023), \u201cUn libro Quarto y un paquete de R para aprender anal\u00edtica predictiva y explotarla despu\u00e9s\u201d, 3\u00aa edici\u00f3n del Congreso R4EDI: R para Empresa, Docencia e Investigaci\u00f3n, 19-20 october, Almagro, Spain.<\/li>\n<li>Trapero, JR, Pedregal, DJ, Holgado, E, (2023), \u201cApplications of Tobit Censored Exponential Smoothing to inventory management\u201d, 9<sup>th<\/sup> International Conference on Time Series and Forecasting, ITISE 2023, 12-14 July, Gran Canaria, Spain.<\/li>\n<li>Trapero, JR, Holgado, E, Pedregal, DJ, Babiloni, E, Guijarro, E, (2023), \u201cA novel classification of demand forecasting techniques under a lost-sales context\u201d, The 17<sup>th<\/sup> International Conference on Industrial Engineering and Industrial Management y 27<sup>th<\/sup> Congreso de Ingenier\u00eda de Organizaci\u00f3n, CIO 2023. 6-7 Julio, Barcelona, Spain.<\/li>\n<li>Pedregal, DJ, Trapero, JR, Holgado, E (2023), \u201cCensored Exponential Smoothing for supply chain forecasting\u201d, The 17<sup>th<\/sup> International Conference on Industrial Engineering and Industrial Management y 27<sup>th<\/sup> Congreso de Ingenier\u00eda de Organizaci\u00f3n, CIO 2023. 6-7 Julio, Barcelona, Spain.<\/li>\n<li>Babiloni, E, Guijarro, E, Pedregal, DJ, Trapero, JR (2022), \u201cImpact of Backordering on the Demand Forecasting Process\u201d, The 16<sup>th<\/sup> International Conference on Industrial Engineering and Industrial Management y 26<sup>th<\/sup> Congreso de Ingenier\u00eda de Organizaci\u00f3n, CIO 2022. 7-8 Julio, Toledo, Spain.<\/li>\n<li>Pedregal, D.J., Trapero, J.R., Holgado, E. (2022), Censored Exponential smoothing to solve lost-sales demand forecasting problems, 16th International Conference on Computational and Financial Econometrics, CFE 2022, 16-18 December, London, England.<\/li>\n<li>Pedregal, D.J. (2022), Avances recientes en predicci\u00f3n anal\u00edtica con R, 2\u00ba Congreso praa Empresa, Docencia e Investigaci\u00f3n, R4EDI, 10-11 Noviembre, Pastrana (Espa\u00f1a).<\/li>\n<li>Pedregal, D.J., Trapero, J.R., Holgado, E. (2022), Development of censored ExponenTial Smoothing models for lost-sales demand forecasting, 42th International Symposium on Forecasting, ISF 2022, 10-13 July, Oxford, England.<\/li>\n<li>Pedregal, D.J., Trapero, J.R., Holgado, E. (2022), Demand forecasting under lost-sales stock policies with Tobit Exponential Smoothing, 8th International Conference on Time Series and Forecasting, ITISE 2022, 27-30 June, Gran Canaria, Spain.<\/li>\n<li>Trapero, J.R., Babiloni, M.E., Guijarro, E, Pedregal, D.J. (2022), Supply chain demand forecasting under a backordering context, 42th International Symposium on Forecasting, ISF 2022, 10-13 July, Oxford, England.<\/li>\n<li>Trapero, J.R., Babiloni, M.E., Guijarro, E, Pedregal, D.J. (2022), Impact of backordering on the demand forecasting process, 16th International Conference on Industrial Engineering and Industrial Management, ICIEIM 2022, 7-8 July, Toledo, Spain.<\/li>\n<li>Pedregal, D.J. (2021), New methods for the identification of Structural Time Series Models, 7th International Conference on Time Series and Forecasting, ITISE 2021, 19-21 July, Gran Canaria, Spain.<\/li>\n<li>Trapero, J.R., Holgado de Frutos, E., Pedregal, D.J., (2021), Demand forecasting under lost-sales stock policies, 41st International Symposium on Forecasting, ISF 2021, 27-30 June, virtual.<\/li>\n<li>Pedregal, D.J., Trapero, J.R. (2021), A novel forecasting system for medium term solar irradiance, 41st International Symposium on Forecasting, ISF 2021, 27-30 June, virtual.<\/li>\n<li>Pedregal, DJ, (2021), Componentes no observables autom\u00e1ticos, R4EDI. 16 Junio, Facultad de Ciencias Jur\u00eddicas y Sociales de Toledo, Universidad de Castilla-La Mancha, Spain.<\/li>\n<li>Proietti, T, Pedregal, DJ, (2020), Periodic features and seasonality in high-frequency data. 14th International Conference on Computational and Financial Econometrics, CFE 2020. 18-21 December, Virtual.<\/li>\n<li>Pedregal, DJ (2020), Workshop \u201cModern State Space methods: a workshop for practitioners\u201d. 40th International Symposium on Forecasting, ISF 2020. 29 October, Virtual.<\/li>\n<li>Pedregal, DJ (2020), Comprehensive automatic identification of Unobserved Components models. 40th International Symposium on Forecasting, ISF 2020. 26-28 October, Virtual.<\/li>\n<li>Pedregal, DJ, Trapero, JR, (2019), Fast solution to the automatic identification of Unobserved Components models. 13th International Conference on Computational and Financial Econometrics, CFE 2019. 14-16 December, London (UK).<\/li>\n<li>Trapero, JR, Holgado, E, Ramos, F, Pedregal, DJ (2019), GPU forecasting for big data problems. ITISE 2019. 24-27 September, Granada (Spain).<\/li>\n<li>Pedregal, DJ, Trapero, JR, (2019), On the automatic identification of Unobserved Components Models. ITISE 2019. 24-27 September, Granada (Spain).<\/li>\n<li>Pedregal DJ, Trapero JR, Villegas MA, Villegas D (2019), Automatic Forecasting of Unobserved Components Models with the UComp Toolbox for MATLAB, 39<sup>th<\/sup> International Conference on Time Series and Forecasting. 16-19, June, Thessaloniki, Greece.<\/li>\n<li>Trapero, JR, Holgado, E, Pedregal, DJ (2019), Impact of demand volatility forecasting on inventory systems, 39<sup>th<\/sup> International Conference on Time Series and Forecasting. 16-19, June, Thessaloniki, Greece.<\/li>\n<li>Pedregal, D.J., Villegas, M.A., Villegas, D.A., Trapero, J.R. (2018), Time series modelling with MATLAB: the SSpace toolbox, 5<sup>th<\/sup> International Conference on Time Series and Forecasting. 19-21 September, Granada, Spain.<\/li>\n<li>Pedregal, D.J., Villegas, M.A., Villegas, D.A. (2018), \u00abAutomatic forecasting support system for business analytics applications based on unobserved components models\u00bb,\u00a029th European Conference on Operational Research. 9-11\u00a0 July, Valencia, Spain.<\/li>\n<li>Trapero, J.R., Villegas, M.A., Pedregal, D.J. (2018), \u00abImplementation of exponential smoothing forecasting method in a GPU for big data problems\u00bb,\u00a029th European Conference on Operational Research. 9-11\u00a0 July, Valencia, Spain.<\/li>\n<li>L\u00f3pez, L., Castro, M., Castillo, J.I., Pedregal, D.J. (2017), \u201cMeasuring the LCC effect on charter airlines in the Spanish airport system\u201d, International Conference on Regional Science. 15-17 November, Sevilla<\/li>\n<li>Villegas, M.A., Pedregal, D.J., Trapero, J.R. (2017), \u00abDemand Forecasting model selection. A support vector machine approach\u00bb, 11th Interational Conference on Industriale Engineering and Industrial Management, 5-6 July, Valencia.<\/li>\n<li>Trapero, J.R., Monta\u00f1ola, C., Villegas, M.A., \u00a0\u00a0Pedregal, D.J. (2016), \u201cAn\u00e1lisis de t\u00e9cnicas de clasificaci\u00f3n de series temporales en funci\u00f3n de sus componentes no observables\u201d, XXXVI congreso nacional de estad\u00edstica e investigaci\u00f3n operativa, 5-7 septiembre 2016, Toledo.<\/li>\n<li>Pedregal, D.J., Villegas, M.A., Trapero, J.R. (2016), \u201cModelizaci\u00f3n y predicci\u00f3n de series temporales con SSpace\u201d, XXXVI congreso nacional de estad\u00edstica e investigaci\u00f3n operativa, 5-7 septiembre 2016, Toledo.<\/li>\n<li>Pedregal, D.J., Villegas, M.A., Castillo, J.I., L\u00f3pez, L., Castro, M., (2016), \u201cFlexible time series modelling with SSpace\u201d, 36th International Symposium on Forecasting, 19-22 Junio, Santander.<\/li>\n<li>Pedregal, Diego J., Castillo, Jos\u00e9 I., Castro M., L\u00f3pez L. (2016), \u201cNetwork carriers versus charters versus low cost carriers: battling it out in the Spanish skies\u201d, XIX Applied Economics Meeting, Sevilla. 9 y 10 de Junio.<\/li>\n<li>Castillo, Jos\u00e9 I., del Pozo, R. y Pedregal, Diego J. (2015), \u201cEvaluando la gesti\u00f3n de las grandes infraestructuras de transporte en Espa\u00f1a durante la crisis\u201d, XVIII Applied Economics Meeting, Alicante. 4 y 5 de Junio.<\/li>\n<li>Pedregal, Diego J. y Trapero, Juan R. (2015), \u201cBullwhip effect in promotional sales. New evidence based on time-varying measurements\u201d, 27<sup>th<\/sup> European conference on Operational Research. 12-15 July, University of Strathclyde, Glasgow (Reino Unido).<\/li>\n<li>Villegas, Marco A. y Pedregal, Diego J. (2015), \u201cSSpace: a toolbox for all seasons\u201d, 27<sup>th<\/sup> European conference on Operational Research. 12-15 July, University of Strathclyde, Glasgow (Reino Unido).<\/li>\n<li>Castillo, Jos\u00e9 I., del Pozo, R. y Pedregal, Diego J. (2015), \u201cEvaluando la gesti\u00f3n de las grandes infraestructuras de transporte en Espa\u00f1a durante la crisis\u201d, XVIII Applied Economics Meeting, Alicante. 4 y 5 de Junio.<\/li>\n<li>Pedregal, Diego J., P\u00e9rez, Javier J., S\u00e1nchez-Fuentes, Antonio J. (2014), \u00abA toolkit to strengthen government budget surveillance\u00bb, 77<sup>th<\/sup> International Atlantic Economic Society Conference, Madrid, 02\/04\/2014.<\/li>\n<li>Pedregal, Diego J., P\u00e9rez, Javier J., S\u00e1nchez-Fuentes, Antonio J. (2014), \u00abA toolkit to strengthen government budget surveillance\u00bb, XXI Encuentro de Econom\u00eda P\u00fablica, Gerona, 30-31\/01\/2014.<\/li>\n<li>Pedregal, Diego J. (2013), \u00abThe enhanced SSpace Matlab toolbox\u00bb, 7th Computational and Financial Econometrics, 14-16 December. London, Great Britain.<\/li>\n<li>Pedregal, Diego J. (2013), \u00abRegeneraci\u00f3n de la econom\u00eda\u00bb, Jornada \u00abHacia una \u00e9tica universal, \u00bfes posible? \u00bfes deseable?\u00bb, 18\/Octubre\/2013. Albacete.<\/li>\n<li>Castro, M., Castillo, J.I., Pedregal, D.J. (2013), &#8216;The speed limits debate: is effective a temporary change? the case of Spain&#8217;, 53rd European Regional Science Association Congress, Palermo, Italia.<\/li>\n<li>Castillo, J.I., Castro, M., Pedregal, D.J. (2013), &#8216;Estimaci\u00f3n econom\u00e9trica del impacto de la modificaci\u00f3n de los l\u00edmites de velocidad en Espa\u00f1a&#8217;, XVI Applied Economics Meeting, Junio, Granada.<\/li>\n<li>Trapero, J.R., Fildes, R., Pedregal, D.J., (2012), &#8216;On the identification of forecasting models in he presence of promotions&#8217;, 32nd International Symposium on Forecasting, June, Boston, US.<\/li>\n<li>Trapero, J.R. and Pedregal, D.J. (2011), &#8216;Supply Chain Demand Forecasting: Towards and Integrated Approach&#8217;, 5<sup>th<\/sup> International Conference on Industrial Engineering and Industrial Management, September, Cartagena, Spain.<\/li>\n<li>Pedregal, D.J. and Trapero, J.R. (2011), &#8216;The power of ECOTOOL MATLAB toolbox&#8217;, 5<sup>th<\/sup> International Conference on Industrial Engineering and Industrial Management, September, Cartagena, Spain.<\/li>\n<li>Trapero, J.R., Pedregal, D.J., Fildes, R. and Weller, M., (2011), &#8216;Analysis of judgmental adjustments in presence of promotions&#8217;, 31<sup>st<\/sup> International Symposium on Forecasting, June, Prague, Czech Republic.<\/li>\n<li>Pedregal, D.J., Castillo, J.I., Castro, M. (2011), &#8216;Evaluando el miedo a volar tras un accidente a\u00e9reo&#8217;, XIV Encuentro de Econom\u00eda Aplicada, Junio, Huelva.<\/li>\n<li>Pedregal, D.J., Castillo, J.I. (2011), &#8216;El impacto de la llegada de las aerol\u00edneas de bajo coste al sistema aeroportuario espa\u00f1ol. El efecto Ryanair&#8217;, XIV Encuentro de Econom\u00eda Aplicada, Junio, Huelva.<\/li>\n<li>Castillo, J.I., Pedregal, D.J., (2010), &#8216;\u00bfPuede el miedo a ir a la c\u00e1rcel disminuir los accidentes de carretera?&#8217;, XIII Encuentro de Econom\u00eda Aplicada, 10 y 11 de Junio, Universidad Pablo de Ol\u00e1vide, Sevilla.<\/li>\n<li>Sivatte, I., Pedregal, D.J., Guadamillas, F. (2010), \u2018Work-life benefits and work-family culture perceptions of employees with and without supervisory responsibilities\u2019, <em>30<sup>th<\/sup> Annual International Conference of the Strategic Management Society<\/em>, Roma (Italia).<\/li>\n<li>Sivatte, I., Guadamillas, F., Pedregal, D.J. (2010), \u2018Antecedents and consequences of implementing work-life initiatives in Spanish organizations\u2019, <em>25<sup>th<\/sup> anniversary workshop on strategic human resource management<\/em>, Barcelona.<\/li>\n<li>Pedregal, D.J., Castillo, J.I., Castro, M. (2009), &#8216;An econometric analysis of the effects of the Penalty Points System License in Spain&#8217;, II Workshop on Transport and Urban Economics, Universidad de Sevilla.<\/li>\n<li>Pedregal, D.J., P\u00e9rez, J.J. (2009), \u2018Should quarterly government finance statistics be used for fiscal surveillance in Europe?\u2019, First Macroeconomic Forecasting Conference. Roma, Italia.<\/li>\n<li>Deju\u00e1n, O, G\u00f3mez, N., Pedregal, D.J., Tobarra, M.A., Zafrilla, J. (2008), \u00abAn energy AGE model. Forecasting energy demand in Spain\u00bb, Input Output Meeting on Managing the Environment, Sevilla.<\/li>\n<li>Sivatte, I., Guadamillas, F., Pedregal, D.J. (2008), \u2018The measurement of work-life benefits and culture\u2019, 23<sup>rd<\/sup> Workshop on Strategic Human Resource Management. Bled, Slovenia.<\/li>\n<li>Trapero, J.R., Pedregal, D.J. (2007), \u2018An\u00e1lisis del ciclo econ\u00f3mico basado en filtros adaptativos de ranura\u2019, <em>XI Congreso de Ingenier\u00eda de Organizaci\u00f3n<\/em>. Madrid.<\/li>\n<li>P\u00e9rez, J.J., Pedregal, D.J. (2007), \u2018Fiscal forecasting with mixed frequency data:forecasting euro area government deficit\u2019, <em>27<sup>th<\/sup> International Symposium on Forecasting<\/em>. New York.<\/li>\n<li>Onorante, L., P\u00e9rez, J.J., Signorini, S., Pedregal, D.J. (2007), \u2018Short-term public finance indicators for fiscal surveillance in Europe\u2019, <em>27<sup>th<\/sup> International Symposium on Forecasting<\/em>. New York.<\/li>\n<li>Sivatte, I., Guadamillas, F., Pedregal, D.J. (2007), \u2018The importance of a corporate culture which supports work-life benefits and its impact on firm performance\u2019, VI International Wokshop on Human Resource Management, Jerez de la Frontera.<\/li>\n<li>Garc\u00eda, F.P., Pedregal, D.J., Roberts, C. (2007), &#8216;New methods for the Condition Monitoring of Level Crossings Registration Status&#8217;, <em>5th International Conference on Quality and Reliability<\/em>, Chiang Mai (Tailandia).<\/li>\n<li>Rivas, R., Feliu, V., S\u00e1nchez, L., Pedregal, D.J., Linares, A., Aguilar, J.V., Langarita, P. (2007), \u2018System Identification of Aragon\u2019s Imperial Irrigation Main Canal\u2019, <em>8th IFAC Symposium on Cost Oriented Automation<\/em>, Ciudad de La Habana (Cuba).<\/li>\n<li>Rivas, R., Feliu, V., S\u00e1nchez, L., Pedregal, D.J., Linares, A., Aguilar, J.V., Langarita, P. (2007), \u2018Fractional PI Control of an Irrigation Main Canal\u2019, <em>8th IFAC Symposium on Cost Oriented Automation<\/em>, Ciudad de La Habana (Cuba).<\/li>\n<li>Trapero, J.R., Pedregal, D.J. (2006), \u2018M\u00e9todos en el dominio de la frecuencia aplicados a mercados el\u00e9ctricos\u2019, <em>X Congreso de Ingenier\u00eda de Organizaci\u00f3n<\/em>. Valencia.<\/li>\n<li>Pedregal, D.J., Trapero, J.R. (2006), \u2018Electricity markets forecasting based on Frequency Domain Methods\u2019, <em>26<sup>th<\/sup> International Symposium on Forecasting<\/em>. Santander.<\/li>\n<li>Garc\u00eda, F.P., Pedregal, D.J., (2006), \u2018An algorithm for detecting faults in railway point mechanisms\u2019, <em>SAFEPROCESS 2006<\/em>. September. Beijing (China).<\/li>\n<li>Garc\u00eda, F.P., Roberts, C., Pedregal, D.J., (2006), \u2018An algorithm approach to maintenance management\u2019, <em>APMOD 2006<\/em>. Madrid.<\/li>\n<li>Garc\u00eda, F.P., Pedregal, D.J., Roberts, C. (2006), \u2018Failure analysis using condition monitoring systems: a case study\u2019, <em>ICEFA II<\/em>. Toronto (Canad\u00e1).<\/li>\n<li>Trapero, J.R., Pedregal, D.J., Garc\u00eda, F.P. (2005), \u2018Predicci\u00f3n de precios y demandas de energ\u00eda el\u00e9ctrica basada en modelos de regresi\u00f3n arm\u00f3nica din\u00e1mica\u2019, <em>IX Congreso de Ingenier\u00eda de Organizaci\u00f3n<\/em>. Gij\u00f3n.<\/li>\n<li>Garc\u00eda, F.P., Trapero, J.R., Pedregal, D.J. (2005), \u2018La mejora de la seguridad y fiabilidad del transporte ferroviario mediante RCM<sup>2<\/sup>\u2019, <em>IX Congreso de Ingenier\u00eda de Organizaci\u00f3n<\/em>. Gij\u00f3n.<\/li>\n<li>Trapero, J.R., Pereira, E., Pedregal, D.J., Feliu, V. (2005), \u2018Identificaci\u00f3n del modelo de un brazo de robot flexible de un eslab\u00f3n mediante modelos Box-Jenkins\u2019, <em>XXVI Jornadas de Autom\u00e1tica<\/em>. Alicante.<\/li>\n<li>Garc\u00eda, F.P., Pedregal, D.J. (2005), \u2018A digital filter based approach to the remote condition monitoring\u2019, <em>Conference of the<\/em> <em>International Federation of Operational Research Societies 2005<\/em>. Honolulu (USA).<\/li>\n<li>Pedregal, D.J., Young, P.C. (2005), \u2018Forecasting telephone call demand at a Barclaycard plc. Call centre in Great Britain: An Unobserved Components approach\u2019, 13<em><sup>th<\/sup> INFORMS Applied Probability Conference<\/em>. Ottawa (Canad\u00e1).<\/li>\n<li>Pedregal, D.J., P\u00e9rez, J.J., Leal, T. (2005), \u2018Forecasting the General Government deficit: the role of leading indicators\u2019, <em>25th International Symposium on Forecasting<\/em>. San Antonio (Texas, EEUU).<\/li>\n<li>Pedregal. D.J., Castillo, J.I. (2004), \u2018An\u00e1lisis del sistema aeroportuario espa\u00f1ol mediante modelos SVAR\u2019, Workshop de Econom\u00eda del Transporte, centrA, Sevilla.<\/li>\n<li>Pedregal, D.J. (2004), \u2018Matlab toolboxes for the analysis of Time Series\u2019, Workshop on Recent Advances in Time Series Modelling and Forecasting, Sevilla. Fundaci\u00f3n Centro de Estudios Andaluces.<\/li>\n<li>\u00a0Pedregal, D.J., P\u00e9rez, J.J. (2003), \u2018A fiscal indicator for the Euro Area\u2019, Workshop on Monitoring and Forecasting Public Finances. Sevilla. Fundaci\u00f3n Centro de Estudios Andaluces.<\/li>\n<li>Pedregal, D.J., P\u00e9rez, J.J., Toro, J. (2002), \u2018Leading fiscal indicators for the Euro area government deficit\u2019, Workshop on Monitoring and Forecasting Public Finances. Sevilla. Fundaci\u00f3n Centro de Estudios Andaluces.<\/li>\n<li>Pedregal, D.J. (2002), \u2018Filter design and model based an\u00e1lisis of economic cycles\u2019, II Congreso Internacional sobre Ciclos Econ\u00f3micos. Madrid.<\/li>\n<li>Conde, L.J., Pedregal, D.J., Conde, J. (2000), \u2018A New class of Unobserved Components Models for the analysis of Economic Cycles\u2019, <em>I Congreso Internacional sobre Ciclos Econ\u00f3micos<\/em>. Orense.<\/li>\n<li>Conde, J., Pedregal, D.J. (2000), \u2018Modelizaci\u00f3n Flexible de Sistemas Din\u00e1micos\u2019, <em>I Workshop de Ingenier\u00eda de Organizaci\u00f3n<\/em>. Bilbao.<\/li>\n<li>Pedregal, D.J., Young, P.C. (2000), \u2018Alternative Seasonal Models for the Analysis of Non-stationary Time Series\u2019, <em>20th International Symposium on Forecasting<\/em>. Lisboa.<\/li>\n<li>Pedregal, D.J., Tych, W., Young, P.C. (1998), \u2018A Software Package for Multi-Rate Unobserved Component Forecasting of Telephone Call Demand\u2019, <em>Eighteenth International Symposium on Forecasting.<\/em> Edimburgo.<\/li>\n<li>Pedregal, D.J., Young, P.C. (1998), \u2018Adaptive Electricity Demand Forecasting Using a Novel Non-Linear, Unobserved Components Model Estimated in the Frequency Domain\u2019, <em>Colloquium on Electricity Demand Forecasting<\/em>. London Business School. Londres (Reino Unido).<\/li>\n<li>Pedregal, D.J., Young, P.C. (1997), \u2018Dynamic Harmonic Regression: An Unobserved Components Model for Signal Extraction and Forecasting of Nonstationary Time Series\u2019. Econometric Forecasting Theory Workshop. Universidad de Oxford (Reino Unido).<\/li>\n<li>Young, P.C., Pedregal, D.J. (1997), \u2018Macroeconomic Relativity: Government Spending, Private Investment and Unemployment in the USA\u2019, Econometric Forecasting Practice Workshop. Universidad de Oxford (Reino Unido).<\/li>\n<li>Young, P.C., Pedregal, D.J., Tych, W. (1997), \u2018Recent Advances in Unobserved Components Modelling\u2019, <em>Seventeenth International Symposium on Forecasting.<\/em> Barbados.<\/li>\n<li>Pedregal, D.J., Young, P.C., Infield, D., Watson, S. (1997), \u2018Adaptive Unobserved Components Models and Electricity Demand Forecasting\u2019, <em>Colloquium on Electricity Demand Forecasting<\/em>. London Business School. Londres (Reino Unido).<\/li>\n<li>Pedregal, D.J., Young, P.C. (1996), \u2018Adaptive Forecasting of Electricity Load Demand in the United Kingdom\u2019, <em>Sixteenth International Symposium on Financial Markets and Forecasting<\/em>. Estambul.<\/li>\n<li>Pedregal, D.J., Young, P.C. (1995), \u2018Adaptive Forecasting of Electricity Load Demand\u2019, Quadrenniel Meeting of the Centre for Research on Environmental Systems and Statistics (CRES).<\/li>\n<\/ol>\n","protected":false},"excerpt":{"rendered":"<p>Trapero, JR, Pedregal, DJ, (2025), Overcoming Stockout Bias: A Multi-Frequency Forecasting Approach for Inventory Optimization, 11th International conference on Time Series and Forecasting ITISE 2025, 16-18 July, Gran Canaria, Spain. Pedregal DJ, (2024), Anal\u00edtica predictiva censurada, no confundamos ventas con demanda, 4\u00aa edici\u00f3n del Congreso R4EDI: R para Empresa, Docencia e Investigaci\u00f3n, 3-4 october, Albacete, &hellip; <\/p>\n<p class=\"link-more\"><a href=\"https:\/\/blog.uclm.es\/diegopedregal\/conference-papers\/\" class=\"more-link\">Continuar leyendo<span class=\"screen-reader-text\"> \u00abConference papers\u00bb<\/span><\/a><\/p>\n","protected":false},"author":340,"featured_media":0,"parent":0,"menu_order":0,"comment_status":"open","ping_status":"open","template":"","meta":{"footnotes":""},"class_list":["post-75","page","type-page","status-publish","hentry"],"_links":{"self":[{"href":"https:\/\/blog.uclm.es\/diegopedregal\/wp-json\/wp\/v2\/pages\/75","targetHints":{"allow":["GET"]}}],"collection":[{"href":"https:\/\/blog.uclm.es\/diegopedregal\/wp-json\/wp\/v2\/pages"}],"about":[{"href":"https:\/\/blog.uclm.es\/diegopedregal\/wp-json\/wp\/v2\/types\/page"}],"author":[{"embeddable":true,"href":"https:\/\/blog.uclm.es\/diegopedregal\/wp-json\/wp\/v2\/users\/340"}],"replies":[{"embeddable":true,"href":"https:\/\/blog.uclm.es\/diegopedregal\/wp-json\/wp\/v2\/comments?post=75"}],"version-history":[{"count":8,"href":"https:\/\/blog.uclm.es\/diegopedregal\/wp-json\/wp\/v2\/pages\/75\/revisions"}],"predecessor-version":[{"id":732,"href":"https:\/\/blog.uclm.es\/diegopedregal\/wp-json\/wp\/v2\/pages\/75\/revisions\/732"}],"wp:attachment":[{"href":"https:\/\/blog.uclm.es\/diegopedregal\/wp-json\/wp\/v2\/media?parent=75"}],"curies":[{"name":"wp","href":"https:\/\/api.w.org\/{rel}","templated":true}]}}