{"id":115,"date":"2022-10-20T06:32:39","date_gmt":"2022-10-20T06:32:39","guid":{"rendered":"https:\/\/blog.uclm.es\/dep-epa\/?page_id=115"},"modified":"2022-10-20T10:58:11","modified_gmt":"2022-10-20T10:58:11","slug":"docencia","status":"publish","type":"page","link":"https:\/\/blog.uclm.es\/dep-epa\/docencia\/","title":{"rendered":"Docencia"},"content":{"rendered":"\n<div class=\"wp-block-columns alignfull is-layout-flex wp-container-core-columns-is-layout-28f84493 wp-block-columns-is-layout-flex\">\n<div class=\"wp-block-column is-layout-flow wp-block-column-is-layout-flow\">\n<div class=\"wp-block-group has-foreground-color has-text-color has-small-font-size is-content-justification-center is-layout-flex wp-container-core-group-is-layout-b53a0a10 wp-block-group-is-layout-flex\" style=\"padding-top:10px;padding-right:10px;padding-bottom:10px;padding-left:10px\">\n<div class=\"wp-block-buttons is-content-justification-center is-layout-flex wp-container-core-buttons-is-layout-c124d1c4 wp-block-buttons-is-layout-flex\">\n<div class=\"wp-block-button has-custom-font-size has-small-font-size\"><a class=\"wp-block-button__link has-foreground-color has-background-background-color has-text-color has-background\" href=\"https:\/\/blog.uclm.es\/dep-epa\/equipo-de-direccion-y-gestion\/\">Equipo de Direcci\u00f3n y Gesti\u00f3n<\/a><\/div>\n\n\n\n<div class=\"wp-block-button has-custom-font-size has-small-font-size\"><a class=\"wp-block-button__link has-foreground-color has-background-background-color has-text-color has-background\" href=\"https:\/\/blog.uclm.es\/dep-epa\/el-departamento\/\">El Departamento<\/a><\/div>\n\n\n\n<div class=\"wp-block-button has-custom-font-size has-small-font-size\"><a class=\"wp-block-button__link has-foreground-color has-background-background-color has-text-color has-background\" href=\"https:\/\/blog.uclm.es\/dep-epa\/personal-docente-e-investigador\/\">Personal Docente e Investigador<\/a><\/div>\n\n\n\n<div class=\"wp-block-button has-custom-font-size has-small-font-size\"><a class=\"wp-block-button__link has-foreground-color has-background-background-color has-text-color has-background\" href=\"https:\/\/blog.uclm.es\/dep-epa\/docencia\/\">Docencia<\/a><\/div>\n\n\n\n<div class=\"wp-block-button has-custom-font-size has-small-font-size\"><a class=\"wp-block-button__link has-foreground-color has-background-background-color has-text-color has-background\" href=\"https:\/\/blog.uclm.es\/dep-epa\/investigacion\/\">Investigaci\u00f3n<\/a><\/div>\n\n\n\n<div class=\"wp-block-button has-custom-font-size has-small-font-size\"><a class=\"wp-block-button__link has-foreground-color has-background-background-color has-text-color has-background\" href=\"https:\/\/blog.uclm.es\/dep-epa\/novedades\/\">Novedades<\/a><\/div>\n\n\n\n<div class=\"wp-block-button has-custom-font-size has-small-font-size\"><a class=\"wp-block-button__link has-foreground-color has-background-background-color has-text-color has-background\" href=\"https:\/\/blog.uclm.es\/dep-epa\/buzon-de-sugerencias\/\">Buz\u00f3n<\/a><\/div>\n<\/div>\n<\/div>\n<\/div>\n<\/div>\n\n\n\n<div class=\"wp-block-columns alignwide is-layout-flex wp-container-core-columns-is-layout-28f84493 wp-block-columns-is-layout-flex\">\n<div class=\"wp-block-column is-layout-flow wp-block-column-is-layout-flow\" style=\"flex-basis:33.33%\">\n<p><strong>Docencia en Grado<\/strong><\/p>\n\n\n\n<h2 class=\"has-background-color has-vivid-red-background-color has-text-color has-background wp-block-heading\" style=\"font-size:36px\">Grado y dobles grados<\/h2>\n<\/div>\n\n\n\n<div class=\"wp-block-column is-layout-flow wp-block-column-is-layout-flow\" style=\"flex-basis:66.66%\">\n<div style=\"height:20px\" aria-hidden=\"true\" class=\"wp-block-spacer\"><\/div>\n\n\n\n<ul class=\"wp-block-list\"><li>Doble Grado en ADE-Estudios Internacionales (<a rel=\"noreferrer noopener\" href=\"https:\/\/www.uclm.es\/toledo\/fcjs\/Titulaciones\/Grados\/doblegradoadeeeii\" target=\"_blank\">Toledo<\/a>)<\/li><li>Doble Grado en Econom\u00eda-Derecho (<a rel=\"noreferrer noopener\" href=\"https:\/\/ftaadcee-ab.uclm.es\/grado-ecoderecho-presentacion\/\" target=\"_blank\">Albacete<\/a>)<\/li><li>Doble Grado en Derecho-ADE&nbsp;(<a rel=\"noreferrer noopener\" href=\"http:\/\/fdcs.uclm.es\/pagina.aspx?p=derecho-administracion\" target=\"_blank\">Ciudad Real<\/a>,&nbsp;<a rel=\"noreferrer noopener\" href=\"https:\/\/www.uclm.es\/cuenca\/csociales\/titulaciones\/doble-grado-derecho-ade\" target=\"_blank\">Cuenca<\/a>,&nbsp;<a rel=\"noreferrer noopener\" href=\"https:\/\/www.uclm.es\/toledo\/fcjs\/Titulaciones\/Grados\/Doblegrado2018\" target=\"_blank\">Toledo<\/a>)<\/li><li>Doble Grado ADE-Turismo (<a rel=\"noreferrer noopener\" href=\"https:\/\/www.uclm.es\/cuenca\/csociales\/titulaciones\/doble-grado-ade-turismo\" target=\"_blank\">Cuenca<\/a>)<\/li><li>Grado en Criminolog\u00eda (<a rel=\"noreferrer noopener\" href=\"https:\/\/www.uclm.es\/es\/Departamentos\/epa\/Grado%20en%20Econom%C3%ADa%20(Albacete)\" target=\"_blank\">Albacete<\/a>)&nbsp;<\/li><li>Grado en Econom\u00eda&nbsp;(<a rel=\"noreferrer noopener\" href=\"http:\/\/ftaadcee-ab.uclm.es\/grado-economia-presentacion\/\" target=\"_blank\">Albacete<\/a>)&nbsp;<\/li><li>Grado en Administraci\u00f3n y Direcci\u00f3n de Empresas (<a rel=\"noreferrer noopener\" href=\"http:\/\/ftaadcee-ab.uclm.es\/grado-ade-presentacion\/\" target=\"_blank\">Albacete<\/a>,&nbsp;<a rel=\"noreferrer noopener\" href=\"https:\/\/www.uclm.es\/ciudad-real\/derecho-ccsociales\/queestudiar\/gradoade\" target=\"_blank\">Ciudad Real<\/a>,&nbsp;<a rel=\"noreferrer noopener\" href=\"https:\/\/www.uclm.es\/cuenca\/csociales\/titulaciones\/grado-administracion-y-direccion-de-empresas\" target=\"_blank\">Cuenca<\/a>,&nbsp;<a rel=\"noreferrer noopener\" href=\"https:\/\/www.uclm.es\/toledo\/fcjs\/Titulaciones\/Grados\/GradoADE\" target=\"_blank\">Toledo<\/a>,&nbsp;<a rel=\"noreferrer noopener\" href=\"https:\/\/www.uclm.es\/toledo\/fcsociales\/grado-ade\" target=\"_blank\">Talavera de la Reina<\/a>)<\/li><li>Grado en Derecho (<a rel=\"noreferrer noopener\" href=\"http:\/\/abderecho.uclm.es\/index.php\/porque3-grado-derecho\" target=\"_blank\">Albacete<\/a>,&nbsp;<a href=\"http:\/\/fdcs.uclm.es\/pagina.aspx?p=derecho\">Ciudad Real<\/a>,&nbsp;<a rel=\"noreferrer noopener\" href=\"https:\/\/www.uclm.es\/cuenca\/csociales\/titulaciones\/grado-derecho\" target=\"_blank\">Cuenca<\/a>,&nbsp;<a rel=\"noreferrer noopener\" href=\"https:\/\/www.uclm.es\/toledo\/fcjs\/titulaciones\/grados\/gradoderecho\" target=\"_blank\">Toledo<\/a>,)<\/li><li>Grado en Estudios Internacionales (<a rel=\"noreferrer noopener\" href=\"https:\/\/www.uclm.es\/toledo\/fcjs\/titulaciones\/grados\/gradoestudiosinternacionales\" target=\"_blank\">Toledo<\/a>)<\/li><li>Grado en Trabajo Social (<a href=\"https:\/\/www.uclm.es\/es\/Departamentos\/epa\/Docencia\/trabajosocial\">Cuenca<\/a>)<\/li><li>Grado en Turismo (<a href=\"https:\/\/www.uclm.es\/es\/estudios\/grados\/turismo\">Cuenca<\/a>)<\/li><\/ul>\n<\/div>\n<\/div>\n\n\n\n<div class=\"wp-block-columns alignwide is-layout-flex wp-container-core-columns-is-layout-28f84493 wp-block-columns-is-layout-flex\">\n<div class=\"wp-block-column is-layout-flow wp-block-column-is-layout-flow\" style=\"flex-basis:33.33%\">\n<p><strong>Docencia en Grado<\/strong><\/p>\n\n\n\n<h2 class=\"has-background-color has-vivid-red-background-color has-text-color has-background wp-block-heading\" style=\"font-size:36px\">M\u00e1steres<\/h2>\n<\/div>\n\n\n\n<div class=\"wp-block-column is-layout-flow wp-block-column-is-layout-flow\" style=\"flex-basis:66.66%\">\n<div style=\"height:22px\" aria-hidden=\"true\" class=\"wp-block-spacer\"><\/div>\n\n\n\n<ul class=\"wp-block-list\"><li>Master Universitario en Auditor\u00eda de Cuentas (<a rel=\"noreferrer noopener\" href=\"https:\/\/www.uclm.es\/es\/Estudios\/masteres\/master-auditoria-cuentas\" target=\"_blank\">Ciudad Real<\/a>)<\/li><li>Master Universitario en Auditor\u00eda de P\u00fablica (<a rel=\"noreferrer noopener\" href=\"https:\/\/www.uclm.es\/es\/Estudios\/masteres\/master-auditoria-publica\" target=\"_blank\">Ciudad Real<\/a>)<\/li><li>M\u00e1ster Universitario en Consultor\u00eda y Asesor\u00eda Financiera y Fiscal (<a rel=\"noreferrer noopener\" href=\"https:\/\/www.uclm.es\/Estudios\/masteres\/master-consultoria-financiera\" target=\"_blank\">web del m\u00e1ster<\/a>)<\/li><li>M\u00e1ster Universitario en Crecimiento y Desarrollo Sostenible (<a rel=\"noreferrer noopener\" href=\"https:\/\/www.uclm.es\/Estudios\/masteres\/master-crecimiento-desarrollo-sostenible\" target=\"_blank\">web del m\u00e1ster<\/a>)<\/li><li>M\u00e1ster Universitario en Direcci\u00f3n de Empresas Tur\u00edsticas (<a rel=\"noreferrer noopener\" href=\"https:\/\/www.uclm.es\/Estudios\/masteres\/master-direccion-empresas-turisticas\" target=\"_blank\">web del m\u00e1ster<\/a>)<\/li><li>M\u00e1ster Universitario en Iniciativa Empresarial: An\u00e1lisis y Estrategias (<a rel=\"noreferrer noopener\" href=\"https:\/\/www.uclm.es\/Estudios\/masteres\/master-iniciativa-empresarial\" target=\"_blank\">web del m\u00e1ster<\/a>)<\/li><li>M\u00e1ster Universitario en Investigaci\u00f3n Sociosanitaria (<a rel=\"noreferrer noopener\" href=\"https:\/\/www.uclm.es\/Estudios\/masteres\/master-investigacion-sociosanitaria\" target=\"_blank\">web del m\u00e1ster<\/a>)<\/li><li>M\u00e1ster Universitario en Profesor de Educaci\u00f3n Secundaria Obligatoria y Bachillerato, Formaci\u00f3n Profesional y Ense\u00f1anza de Idiomas&nbsp;(<a href=\"https:\/\/www.uclm.es\/Estudios\/masteres\/master-secundaria-fp-idiomas\">web del m\u00e1ster<\/a>)<\/li><\/ul>\n<\/div>\n<\/div>\n\n\n\n<div class=\"wp-block-columns alignwide is-layout-flex wp-container-core-columns-is-layout-28f84493 wp-block-columns-is-layout-flex\">\n<div class=\"wp-block-column is-layout-flow wp-block-column-is-layout-flow\" style=\"flex-basis:33.33%\">\n<p><strong>Docencia en Grado<\/strong><\/p>\n\n\n\n<h2 class=\"has-background-color has-vivid-red-background-color has-text-color has-background wp-block-heading\" style=\"font-size:32px\">Doctorados<\/h2>\n<\/div>\n\n\n\n<div class=\"wp-block-column is-layout-flow wp-block-column-is-layout-flow\" style=\"flex-basis:66.66%\">\n<div style=\"height:22px\" aria-hidden=\"true\" class=\"wp-block-spacer\"><\/div>\n\n\n\n<ul class=\"wp-block-list\"><li>Doctorado en Econom\u00eda y Empresa (<a rel=\"noreferrer noopener\" href=\"https:\/\/www.uclm.es\/estudios\/doctorados\/economia-empresa\" target=\"_blank\">web del programa<\/a>)<\/li><li>Doctorado en Investigaci\u00f3n Sociosanitaria y de la Actividad F\u00edsica (<a rel=\"noreferrer noopener\" href=\"https:\/\/www.uclm.es\/Estudios\/Doctorados\/Investigacion-Sociosanitaria-Actividad-Fisica\" target=\"_blank\">web del programa<\/a>)<\/li><\/ul>\n<\/div>\n<\/div>\n\n\n\n<div class=\"wp-block-columns alignwide is-layout-flex wp-container-core-columns-is-layout-28f84493 wp-block-columns-is-layout-flex\">\n<div class=\"wp-block-column is-layout-flow wp-block-column-is-layout-flow\" style=\"flex-basis:33.33%\">\n<div style=\"height:20px\" aria-hidden=\"true\" class=\"wp-block-spacer\"><\/div>\n\n\n\n<p><strong>Docencia en Grado<\/strong><\/p>\n\n\n\n<h2 class=\"has-background-color has-vivid-red-background-color has-text-color has-background wp-block-heading\" style=\"font-size:32px\">T\u00edtulos Propios<\/h2>\n<\/div>\n\n\n\n<div class=\"wp-block-column is-layout-flow wp-block-column-is-layout-flow\" style=\"flex-basis:66.66%\">\n<div style=\"height:22px\" aria-hidden=\"true\" class=\"wp-block-spacer\"><\/div>\n\n\n\n<div style=\"height:22px\" aria-hidden=\"true\" class=\"wp-block-spacer\"><\/div>\n\n\n\n<ul class=\"wp-block-list\"><li>M\u00e1ster en comercio internacional y sus t\u00e9cnicas (<a rel=\"noreferrer noopener\" href=\"https:\/\/www.uclm.es\/es\/estudios\/Propios\/master-comercio-internacional-tecnicas\" target=\"_blank\">web del m\u00e1ster<\/a>)<\/li><li>Experto en Entorno Empresarial de Espa\u00f1a y de la Uni\u00f3n Europea (<a rel=\"noreferrer noopener\" href=\"http:\/\/www.eeeoe-9.posgrado.uclm.es\/default.aspx\" target=\"_blank\">web del t\u00edtulo propio<\/a>)<\/li><\/ul>\n<\/div>\n<\/div>\n\n\n\n<div style=\"height:100px\" aria-hidden=\"true\" class=\"wp-block-spacer\"><\/div>\n","protected":false},"excerpt":{"rendered":"<p>Docencia en Grado Grado y dobles grados Doble Grado en ADE-Estudios Internacionales (Toledo) Doble Grado en Econom\u00eda-Derecho (Albacete) Doble Grado en Derecho-ADE&nbsp;(Ciudad Real,&nbsp;Cuenca,&nbsp;Toledo) Doble Grado ADE-Turismo (Cuenca) Grado en Criminolog\u00eda (Albacete)&nbsp; Grado en Econom\u00eda&nbsp;(Albacete)&nbsp; Grado en Administraci\u00f3n y Direcci\u00f3n de Empresas (Albacete,&nbsp;Ciudad Real,&nbsp;Cuenca,&nbsp;Toledo,&nbsp;Talavera de la Reina) Grado en Derecho (Albacete,&nbsp;Ciudad Real,&nbsp;Cuenca,&nbsp;Toledo,) Grado en Estudios Internacionales [&hellip;]<\/p>\n","protected":false},"author":259,"featured_media":0,"parent":0,"menu_order":0,"comment_status":"closed","ping_status":"closed","template":"page-no-separators","meta":{"footnotes":""},"class_list":["post-115","page","type-page","status-publish","hentry"],"_links":{"self":[{"href":"https:\/\/blog.uclm.es\/dep-epa\/wp-json\/wp\/v2\/pages\/115","targetHints":{"allow":["GET"]}}],"collection":[{"href":"https:\/\/blog.uclm.es\/dep-epa\/wp-json\/wp\/v2\/pages"}],"about":[{"href":"https:\/\/blog.uclm.es\/dep-epa\/wp-json\/wp\/v2\/types\/page"}],"author":[{"embeddable":true,"href":"https:\/\/blog.uclm.es\/dep-epa\/wp-json\/wp\/v2\/users\/259"}],"replies":[{"embeddable":true,"href":"https:\/\/blog.uclm.es\/dep-epa\/wp-json\/wp\/v2\/comments?post=115"}],"version-history":[{"count":6,"href":"https:\/\/blog.uclm.es\/dep-epa\/wp-json\/wp\/v2\/pages\/115\/revisions"}],"predecessor-version":[{"id":216,"href":"https:\/\/blog.uclm.es\/dep-epa\/wp-json\/wp\/v2\/pages\/115\/revisions\/216"}],"wp:attachment":[{"href":"https:\/\/blog.uclm.es\/dep-epa\/wp-json\/wp\/v2\/media?parent=115"}],"curies":[{"name":"wp","href":"https:\/\/api.w.org\/{rel}","templated":true}]}}