{"id":51,"date":"2013-12-11T11:11:29","date_gmt":"2013-12-11T10:11:29","guid":{"rendered":"http:\/\/blog.uclm.es\/davidsanchezramos\/?page_id=51"},"modified":"2022-10-14T09:20:38","modified_gmt":"2022-10-14T09:20:38","slug":"teia-contenidos","status":"publish","type":"page","link":"https:\/\/blog.uclm.es\/davidsanchezramos\/teia-contenidos\/","title":{"rendered":"T.E.I.A. &#8211; Contenidos"},"content":{"rendered":"<h1>1\u00a0\u00a0 <a href=\"https:\/\/blog.uclm.es\/davidsanchezramos\/wp-content\/uploads\/sites\/48\/2013\/12\/2_Normativa_EA-Resumen1.pdf\">Normativa de Evaluaci\u00f3n Ambiental<\/a><\/h1>\n<h1>2\u00a0\u00a0 <a href=\"https:\/\/blog.uclm.es\/davidsanchezramos\/wp-content\/uploads\/sites\/48\/2013\/12\/3_Analisis_Proyecto-Resumen3.pdf\">An\u00e1lisis de proyecto y alternativas<\/a><\/h1>\n<h1>3\u00a0\u00a0 Inventario ambiental<\/h1>\n<h2>\u00a0\u00a0\u00a0\u00a0\u00a0\u00a0\u00a0 3.1\u00a0\u00a0 <a href=\"https:\/\/blog.uclm.es\/davidsanchezramos\/wp-content\/uploads\/sites\/48\/2013\/12\/4_InventarioAmbiental_MedioFisico-Resumen.pdf\">Medio F\u00edsico<\/a><\/h2>\n<h2>\u00a0\u00a0\u00a0\u00a0\u00a0\u00a0\u00a0 3.2\u00a0\u00a0 <a href=\"https:\/\/blog.uclm.es\/davidsanchezramos\/wp-content\/uploads\/sites\/48\/2013\/12\/5_InventarioAmbiental_MedioHumano-Resumen.pdf\">Medio Socioecon\u00f3mico y Paisaje<\/a><\/h2>\n<h1>4\u00a0\u00a0 <a href=\"https:\/\/blog.uclm.es\/davidsanchezramos\/wp-content\/uploads\/sites\/48\/2013\/12\/6_MEIA_I-resumen.pdf\">Identificaci\u00f3n de impactos<\/a><\/h1>\n<h1>5\u00a0\u00a0 <a href=\"https:\/\/blog.uclm.es\/davidsanchezramos\/wp-content\/uploads\/sites\/48\/2013\/12\/7_MEIA_II-Resumen.pdf\">Valoraci\u00f3n de la gravedad de los impactos<\/a><\/h1>\n<h1>6\u00a0\u00a0 <a href=\"https:\/\/blog.uclm.es\/davidsanchezramos\/wp-content\/uploads\/sites\/48\/2013\/12\/8_MEIA_III-Resumen.pdf\">Agregaci\u00f3n de impactos y comparaci\u00f3n de alternativas<\/a><\/h1>\n<h1>7\u00a0\u00a0 <a href=\"https:\/\/blog.uclm.es\/davidsanchezramos\/wp-content\/uploads\/sites\/48\/2013\/12\/9_MedidasPyC_resumen.pdf\">Medidas Preventivas, Correctoras y Compensatorias<\/a><\/h1>\n<h1>8\u00a0\u00a0 <a href=\"https:\/\/blog.uclm.es\/davidsanchezramos\/wp-content\/uploads\/sites\/48\/2013\/12\/10_PVA_resumen.pdf\">Programa de Vigilancia Ambiental<\/a><\/h1>\n<h1>9\u00a0\u00a0 <a href=\"https:\/\/blog.uclm.es\/davidsanchezramos\/wp-content\/uploads\/sites\/48\/2013\/12\/10_PVA_resumen.pdf\">Documento de S\u00edntesis<\/a><\/h1>\n<h1>\u00b7\u00a0\u00a0\u00a0 <a href=\"https:\/\/blog.uclm.es\/davidsanchezramos\/wp-content\/uploads\/sites\/48\/2013\/12\/TEIA_Biblio.pdf\">Bibliograf\u00eda <\/a><\/h1>\n<p><a href=\"http:\/\/creativecommons.org\/licenses\/by-sa\/4.0\/\" rel=\"license\"><img decoding=\"async\" style=\"border-width: 0\" src=\"http:\/\/i.creativecommons.org\/l\/by-sa\/4.0\/88x31.png\" alt=\"Licencia Creative Commons\" \/><\/a><br \/>\nT\u00c9CNICAS DE EVALUACI\u00d3N DE IMPACTO AMBIENTAL (2014) por David S\u00e1nchez Ramos se distribuye bajo una <a href=\"http:\/\/creativecommons.org\/licenses\/by-sa\/4.0\/\" rel=\"license\">Licencia Creative Commons Atribuci\u00f3n-CompartirIgual 4.0 Internacional<\/a>.<\/p>\n","protected":false},"excerpt":{"rendered":"<p>1\u00a0\u00a0 Normativa de Evaluaci\u00f3n Ambiental 2\u00a0\u00a0 An\u00e1lisis de proyecto y alternativas 3\u00a0\u00a0 Inventario ambiental \u00a0\u00a0\u00a0\u00a0\u00a0\u00a0\u00a0 3.1\u00a0\u00a0 Medio F\u00edsico \u00a0\u00a0\u00a0\u00a0\u00a0\u00a0\u00a0 3.2\u00a0\u00a0 Medio Socioecon\u00f3mico y Paisaje 4\u00a0\u00a0 Identificaci\u00f3n de impactos 5\u00a0\u00a0 Valoraci\u00f3n de la gravedad de los impactos 6\u00a0\u00a0 Agregaci\u00f3n de impactos y comparaci\u00f3n de alternativas 7\u00a0\u00a0 Medidas Preventivas, Correctoras y Compensatorias 8\u00a0\u00a0 Programa de Vigilancia Ambiental &hellip; <a href=\"https:\/\/blog.uclm.es\/davidsanchezramos\/teia-contenidos\/\" class=\"more-link\">Seguir leyendo <span class=\"screen-reader-text\">T.E.I.A. &#8211; Contenidos<\/span> <span class=\"meta-nav\">&rarr;<\/span><\/a><\/p>\n","protected":false},"author":47,"featured_media":0,"parent":0,"menu_order":0,"comment_status":"closed","ping_status":"closed","template":"","meta":{"footnotes":""},"class_list":["post-51","page","type-page","status-publish","hentry"],"_links":{"self":[{"href":"https:\/\/blog.uclm.es\/davidsanchezramos\/wp-json\/wp\/v2\/pages\/51","targetHints":{"allow":["GET"]}}],"collection":[{"href":"https:\/\/blog.uclm.es\/davidsanchezramos\/wp-json\/wp\/v2\/pages"}],"about":[{"href":"https:\/\/blog.uclm.es\/davidsanchezramos\/wp-json\/wp\/v2\/types\/page"}],"author":[{"embeddable":true,"href":"https:\/\/blog.uclm.es\/davidsanchezramos\/wp-json\/wp\/v2\/users\/47"}],"replies":[{"embeddable":true,"href":"https:\/\/blog.uclm.es\/davidsanchezramos\/wp-json\/wp\/v2\/comments?post=51"}],"version-history":[{"count":3,"href":"https:\/\/blog.uclm.es\/davidsanchezramos\/wp-json\/wp\/v2\/pages\/51\/revisions"}],"predecessor-version":[{"id":313,"href":"https:\/\/blog.uclm.es\/davidsanchezramos\/wp-json\/wp\/v2\/pages\/51\/revisions\/313"}],"wp:attachment":[{"href":"https:\/\/blog.uclm.es\/davidsanchezramos\/wp-json\/wp\/v2\/media?parent=51"}],"curies":[{"name":"wp","href":"https:\/\/api.w.org\/{rel}","templated":true}]}}