{"id":29,"date":"2013-12-11T10:54:48","date_gmt":"2013-12-11T09:54:48","guid":{"rendered":"http:\/\/blog.uclm.es\/davidsanchezramos\/?page_id=29"},"modified":"2026-03-23T10:17:50","modified_gmt":"2026-03-23T10:17:50","slug":"publicaciones","status":"publish","type":"page","link":"https:\/\/blog.uclm.es\/davidsanchezramos\/publicaciones\/","title":{"rendered":"PUBLICACIONES"},"content":{"rendered":"<p>Mu\u00f1oz-Morales, M., Sanchez-Ramos, D., Medina-D\u00edaz, H.L., L\u00f3pez-Bellido, F.J., Alonso-Azc\u00e1rate, J., Fern\u00e1ndez-Morales, F.J., Rodr\u00edguez, L. 2025. Are abandoned mine tailings a valuable resource for recovering Rare Earth Elements? Life cycle assessment and cost analysis. <em>Journal of Cleaner Production<\/em> 518. DOI: <a href=\"https:\/\/doi.org\/10.1016\/j.jclepro.2025.145828\">10.1016\/j.jclepro.2025.145828<\/a><\/p>\n<p>S\u00e1nchez-Emeterio, G., Honrubia, C., G\u00f3mez, A., Sanchez-Ramos, D. 2025. Transfer in Teacher Training: Integrating Socio-Environmental Issues Through an Educational Trail. <em>Sustainability<\/em> 17. DOI: <a href=\"https:\/\/doi.org\/10.3390\/su17188098\">10.3390\/su17188098<\/a><\/p>\n<p>S\u00e1nchez-Emeterio, G., Sanchez-Ramos, D., Aragones, D.G., Do\u00f1a, C.,<br \/>\nCamacho, A. 2024. Influence of the spatial resolution of Digital Elevation Models on water-balance estimations in temporary shallow lakes. <em>Journal of Hydrology<\/em> 634. DOI: <a href=\"https:\/\/doi.org\/10.1016\/j.jhydrol.2024.131098\">10.1016\/j.jhydrol.2024.131098<\/a><\/p>\n<p>Sanchez-Ramos, D., L\u00f3pez-Bellido, F.J., Acosta, I.,\u00a0 Rodr\u00edguez, L.,<br \/>\nVillase\u00f1or, J., Fern\u00e1ndez-Morales, F.J. 2023. Sustainable use of wastes as reactive material in permeable reactive barrier for remediation of acid mine drainage: Batch and continuous studies. <em>Journal of Environmental Management<\/em> 345. DOI: <a href=\"https:\/\/doi.org\/10.1016\/j.jenvman.2023.118765\">10.1016\/j.jenvman.2023.118765<\/a><\/p>\n<p>Aragones, D.G., Sanchez-Ramos, D.,\u00a0 Calvo, G.F. 2020. <span id=\"work.title\">SURFWET: A biokinetic model for surface flow constructed wetlands. <\/span><em>Science of the Total Environment <\/em>723. DOI: <a href=\"https:\/\/doi.org\/10.1016\/j.scitotenv.2020.137650\">10.1016\/j.scitotenv.2020.137650<\/a><\/p>\n<p>Sanchez-Ramos, D., Aragones, D.G., Flor\u00edn, M. 2019. Effects of flooding regime and meteorological variability on the removal efficiency of treatment wetlands under a Mediterranean climate. <em>Science of the Total Environment <\/em>668: 577-591. DOI:\u00a0<a class=\"truncate-anchor inline\" href=\"https:\/\/doi.org\/10.1016\/j.scitotenv.2019.03.006\" target=\"orcid.blank\" rel=\"noopener noreferrer\">10.1016\/j.scitotenv.2019.03.006<\/a><\/p>\n<p>Ballesteros, B.J., Camu\u00f1as, C., Mej\u00edas, M., Camacho, A., Rochera, C., Sanchez-Ramos, D., Albacete, L. 2018. Lagunas mesetarias de La Mancha: funcionamiento hidrol\u00f3gico, cultura y medio ambiente. Instituto Geol\u00f3gico y Minero de Espa\u00f1a. ISBN: <a href=\"http:\/\/www.igme.es\/Publicaciones\/publiFree\/Lagunas%20mesetarias%20de%20La%20Mancha\/mobile\/index.html\">978-84-9138-070-2<\/a><\/p>\n<p>Sanchez-Ramos, D., Sanchez Emeterio, G., Florin, M. 2018. Humedales de tratamiento y reutilizaci\u00f3n de aguas residuales. Estudio sobre Efectos Constatados y Percepci\u00f3n del Cambio Clim\u00e1tico en el Medio Rural de Castilla-La Mancha. Propuestas de Medidas de Adaptaci\u00f3n. En G\u00f3mez Cantero, J., Rodr\u00edguez-Torres, A., Bustillo Holgado, E. y Rodr\u00edguez Bustamante, P. (Coord.). Estudio sobre Efectos Constatados y Percepci\u00f3n del Cambio Clim\u00e1tico en el Medio Rural de Castilla-La Mancha. Propuestas de Medidas de Adaptaci\u00f3n. Junta de Comunidades de Catilla-La Mancha. ISBN: <a href=\"https:\/\/www.castillalamancha.es\/sites\/default\/files\/ documentos\/pdf\/20180911\/segundo_informe_efectos_cambio_climatico-clm.pdf\" data-wplink-url-error=\"true\">TO 512-2018<\/a><\/p>\n<p>Sanchez Emeterio, G., Gosalvez Rey, R.U., Sanchez-Ramos, D., Chicote, A., Florin, M. 2018. Cambio clim\u00e1tico en los humedales. Ocurrencia de superc\u00e9lula en Salicor. En G\u00f3mez Cantero, J., Rodr\u00edguez-Torres, A., Bustillo Holgado, E. y Rodr\u00edguez Bustamante, P. (Coord.). Estudio sobre Efectos Constatados y Percepci\u00f3n del Cambio Clim\u00e1tico en el Medio Rural de Castilla-La Mancha. Propuestas de Medidas de Adaptaci\u00f3n. Junta de Comunidades de Catilla-La Mancha. ISBN: <a href=\"https:\/\/www.castillalamancha.es\/sites\/default\/files\/ documentos\/pdf\/20180911\/segundo_informe_efectos_cambio_climatico-clm.pdf\" data-wplink-url-error=\"true\">TO 512-2018<\/a><\/p>\n<p>Sanchez-Ramos, D., Agull\u00f3, N., Sams\u00f3, R., Garc\u00eda, J. 2017. Effect of key design parameters on bacteria community and effluent pollutant concentrations in constructed wetlands using mathematical models. <em>Science of the Total Environment <\/em>584-585: 374-380. DOI:\u00a0<a class=\"truncate-anchor inline\" href=\"https:\/\/doi.org\/10.1016\/j.scitotenv.2017.01.014\" target=\"orcid.blank\" rel=\"noopener noreferrer\">10.1016\/j.scitotenv.2017.01.014<\/a><\/p>\n<p>Garf\u00ed, A., Cadena, E., Sanchez-Ramos, D., Ferrer, I. 2016. Life cycle assessment of drinking water: Comparing conventional water treatment, reverse osmosis and mineral water in glass and plastic bottles. <em>Journal of Cleaner Production <\/em>137: 997-1003. DOI:\u00a0<a class=\"truncate-anchor inline\" href=\"https:\/\/doi.org\/10.1016\/j.jclepro.2016.07.218\" target=\"orcid.blank\" rel=\"noopener noreferrer\">http:\/\/dx.doi.org\/10.1016\/j.jclepro.2016.07.218<\/a><\/p>\n<p>Sanchez-Ramos, D., Sanchez Emeterio, G., Flor\u00edn Beltr\u00e1n, M. 2016. Changes in water quality of Treated Sewage Effluents by their receiving environments in Tablas de Daimiel National Park, Spain. <em>Environmental Science and Pollution Research <\/em>23(7): 6082-6090. DOI: <a href=\"https:\/\/link.springer.com\/article\/10.1007\/s11356-015-4660-y\">10.1007\/s11356-015-4660-y<\/a><\/p>\n<div class=\"row\">\n<div class=\"col-md-9 col-sm-9 col-xs-7\">\n<p class=\"workspace-title leftBuffer\"><span id=\"work.title\">Sanchez-Ramos, D., Sanchez Emeterio, G., de la Hoz, E., Perez de los Reyes, C., <\/span>Rodriguez Benitez, L., Garrido, I. 2016. Educational potential of Development Cooperation: a University-NGO collaborative experience. <em>10th International Technology, Education and Development Conference Proceedings<\/em>. pp. 2271 &#8211; 2278. (Espa\u00f1a): IATED, 2016. ISBN: <a href=\"https:\/\/library.iated.org\/publications\/INTED2016\">978-84-608-5617-7<\/a><\/p>\n<p class=\"workspace-title leftBuffer\">Mburu, N., Sanchez-Ramos, D., Rousseau, D.P.L., van Bruggen, J.J.A., Thumbi, G., Stein, O.R., Hook, P.B., Lens, P.N.L. 2012. Simulation of carbon, nitrogen and sulphur conversion in batch-operated experimental wetland mesocosms. <em>Ecological Engineering<\/em> 42: 304-315. DOI:\u00a0<a class=\"truncate-anchor inline\" href=\"https:\/\/doi.org\/10.1016\/j.ecoleng.2012.02.003\" target=\"orcid.blank\" rel=\"noopener noreferrer\">10.1016\/j.ecoleng.2012.02.003<\/a><\/p>\n<\/div>\n<\/div>\n<p>Sanchez Emeterio, G., Sanchez-Ramos, D., Villarroel, V. 2012. The Use of Information and Communication Technologies to Strengthen Democratic Governance and Decentralization: The Case of the Willay Program in Peru. <em>Regional Development Dialogue<\/em> 33(1): 123 &#8211; 142. United Nations Centre for Regional Development. ISSN <a href=\"https:\/\/www.uncrd.or.jp\/content\/documents\/233rdd33_1_contents_and_editorial_introduction.pdf\">0250-6505<\/a><\/p>\n<p>Garcia Fernandez, B., Sanchez Emeterio, G., Sanchez-Ramos, D. 2012. <span id=\"work.title\">Didactic transposition of wetlands research<\/span>. <em>Estudios Sobre el Mensaje Periodistico<\/em> 18: 347-356. DOI:\u00a0<a class=\"truncate-anchor inline\" href=\"https:\/\/doi.org\/10.5209\/rev-esmp.2012.v18.40988\" target=\"orcid.blank\" rel=\"noopener noreferrer\">10.5209\/rev-ESMP.2012.v18.40988<\/a><\/p>\n<p>Navarro, V., Garc\u00eda, B., Sanchez-Ramos, D., Asensio, L. 2011. An evaluation of the application of treated sewage effluents in Las Tablas de Daimiel National Park, Central Spain. <em>Journal of Hydrology<\/em> 401: 53-64. DOI:\u00a0<a class=\"truncate-anchor inline\" href=\"https:\/\/doi.org\/10.1016\/j.jhydrol.2011.02.008\" target=\"orcid.blank\" rel=\"noopener noreferrer\">10.1016\/j.jhydrol.2011.02.008<\/a><\/p>\n","protected":false},"excerpt":{"rendered":"<p>Mu\u00f1oz-Morales, M., Sanchez-Ramos, D., Medina-D\u00edaz, H.L., L\u00f3pez-Bellido, F.J., Alonso-Azc\u00e1rate, J., Fern\u00e1ndez-Morales, F.J., Rodr\u00edguez, L. 2025. Are abandoned mine tailings a valuable resource for recovering Rare Earth Elements? Life cycle assessment and cost analysis. Journal of Cleaner Production 518. DOI: 10.1016\/j.jclepro.2025.145828 S\u00e1nchez-Emeterio, G., Honrubia, C., G\u00f3mez, A., Sanchez-Ramos, D. 2025. Transfer in Teacher Training: Integrating Socio-Environmental &hellip; <a href=\"https:\/\/blog.uclm.es\/davidsanchezramos\/publicaciones\/\" class=\"more-link\">Seguir leyendo <span class=\"screen-reader-text\">PUBLICACIONES<\/span> <span class=\"meta-nav\">&rarr;<\/span><\/a><\/p>\n","protected":false},"author":47,"featured_media":0,"parent":0,"menu_order":0,"comment_status":"closed","ping_status":"open","template":"","meta":{"footnotes":""},"class_list":["post-29","page","type-page","status-publish","hentry"],"_links":{"self":[{"href":"https:\/\/blog.uclm.es\/davidsanchezramos\/wp-json\/wp\/v2\/pages\/29","targetHints":{"allow":["GET"]}}],"collection":[{"href":"https:\/\/blog.uclm.es\/davidsanchezramos\/wp-json\/wp\/v2\/pages"}],"about":[{"href":"https:\/\/blog.uclm.es\/davidsanchezramos\/wp-json\/wp\/v2\/types\/page"}],"author":[{"embeddable":true,"href":"https:\/\/blog.uclm.es\/davidsanchezramos\/wp-json\/wp\/v2\/users\/47"}],"replies":[{"embeddable":true,"href":"https:\/\/blog.uclm.es\/davidsanchezramos\/wp-json\/wp\/v2\/comments?post=29"}],"version-history":[{"count":2,"href":"https:\/\/blog.uclm.es\/davidsanchezramos\/wp-json\/wp\/v2\/pages\/29\/revisions"}],"predecessor-version":[{"id":321,"href":"https:\/\/blog.uclm.es\/davidsanchezramos\/wp-json\/wp\/v2\/pages\/29\/revisions\/321"}],"wp:attachment":[{"href":"https:\/\/blog.uclm.es\/davidsanchezramos\/wp-json\/wp\/v2\/media?parent=29"}],"curies":[{"name":"wp","href":"https:\/\/api.w.org\/{rel}","templated":true}]}}