{"id":16,"date":"2013-12-11T10:52:12","date_gmt":"2013-12-11T09:52:12","guid":{"rendered":"http:\/\/blog.uclm.es\/davidsanchezramos\/?page_id=16"},"modified":"2026-03-23T09:59:53","modified_gmt":"2026-03-23T09:59:53","slug":"cv","status":"publish","type":"page","link":"https:\/\/blog.uclm.es\/davidsanchezramos\/cv\/","title":{"rendered":"CV"},"content":{"rendered":"<p><span class=\"SpellE\"><i>Curriculum Vitae de David S\u00e1nchez Ramos<\/i><\/span><\/p>\n<div class=\"Section1\">\n<p class=\"MsoNormal\" style=\"text-align: justify\"><span style=\"font-size: 11.0pt;font-family: Calibri\">Profesor Contratado Doctor del \u00e1rea de Tecnolog\u00edas del Medio Ambiente.<\/span><\/p>\n<p class=\"MsoNormal\" style=\"text-align: justify\"><span style=\"font-size: 11.0pt;font-family: Calibri\">Ingeniero de Caminos por la Universidad de Castilla-La Mancha (2006), habiendo realizado un curso en la <span class=\"SpellE\"><i>\u00c9cole<\/i><\/span><i> <span class=\"SpellE\">Nationale<\/span><\/i><i> des <span class=\"SpellE\">Ponts<\/span> et <span class=\"SpellE\">Chauss\u00e9es<\/span><\/i> (Par\u00eds) dentro del Programa <span class=\"SpellE\">Erasmus<\/span>. <\/span><\/p>\n<p class=\"MsoNormal\" style=\"text-align: justify\"><span style=\"font-size: 11.0pt;font-family: Calibri\">Complet\u00f3 su formaci\u00f3n con un <span class=\"SpellE\">M\u00e1ster<\/span> en Proyecto del Territorio, Medio Ambiente, Paisaje y Sostenibilidad (2008) de la UCLM, mientras iniciaba su carrera investigadora como contratado a cargo de proyectos de investigaci\u00f3n y m\u00e1s tarde con una beca FPU del Ministerio de Educaci\u00f3n para la realizaci\u00f3n de la tesis doctoral.<\/span><\/p>\n<p class=\"MsoNormal\" style=\"text-align: justify\"><span style=\"font-size: 11.0pt;font-family: Calibri\">Es profesor de la Escuela de Caminos de la UCLM desde 2008, con docencia en temas relacionados con el agua y el medio ambiente principalmente. Tras realizar dos estancias de investigaci\u00f3n en el <i>UNESCO-IHE <span class=\"SpellE\">Institute<\/span> <span class=\"SpellE\">for<\/span> <span class=\"SpellE\">Water<\/span> <span class=\"SpellE\">Education<\/span><\/i> (<span class=\"SpellE\">Delft<\/span>) en 2010 y en la <span class=\"SpellE\"><i>University<\/i><\/span><i> <span class=\"SpellE\">of<\/span> Natural <span class=\"SpellE\">Resources<\/span> <span class=\"SpellE\">and<\/span> <span class=\"SpellE\">Applied<\/span> <span class=\"SpellE\">Life<\/span> <span class=\"SpellE\">Sciences<\/span><\/i> (Viena) en 2012, complet\u00f3 la tesis doctoral en 2013, sobre el uso de humedales de tratamiento para mejorar la depuraci\u00f3n de aguas residuales, aplicada en el entorno del Parque Nacional de las Tablas de Daimiel. Posteriormente realiz\u00f3 una estancia postdoctoral en el <em>Group of Environmental Engineering and Microbiology<\/em> (GEMMA) de la <em>Universitat Polit\u00e8cnica de Catalunya<\/em>.<\/span><\/p>\n<p class=\"MsoNormal\" style=\"text-align: justify\"><span style=\"font-size: 11.0pt;font-family: Calibri\">Actualmente es el Secretario acad\u00e9mico de la Escuela de Ingenier\u00eda de Caminos, y sigue trabajando en la aplicaci\u00f3n de la Ingenier\u00eda Ecol\u00f3gica para el tratamiento y reutilizaci\u00f3n de aguas y la restauraci\u00f3n ecol\u00f3gica, as\u00ed como en temas de cooperaci\u00f3n al desarrollo relacionados con el agua.<\/span><\/p>\n<\/div>\n<p><a href=\"https:\/\/blog.uclm.es\/davidsanchezramos\/wp-content\/uploads\/sites\/48\/2013\/12\/DSC0643.jpg\"><img loading=\"lazy\" decoding=\"async\" class=\"aligncenter size-medium wp-image-77\" src=\"https:\/\/blog.uclm.es\/davidsanchezramos\/wp-content\/uploads\/sites\/48\/2013\/12\/DSC0643-225x300.jpg\" alt=\"_DSC0643\" width=\"225\" height=\"300\" srcset=\"https:\/\/blog.uclm.es\/davidsanchezramos\/wp-content\/uploads\/sites\/48\/2013\/12\/DSC0643-225x300.jpg 225w, https:\/\/blog.uclm.es\/davidsanchezramos\/wp-content\/uploads\/sites\/48\/2013\/12\/DSC0643-768x1024.jpg 768w, https:\/\/blog.uclm.es\/davidsanchezramos\/wp-content\/uploads\/sites\/48\/2013\/12\/DSC0643-1152x1536.jpg 1152w, https:\/\/blog.uclm.es\/davidsanchezramos\/wp-content\/uploads\/sites\/48\/2013\/12\/DSC0643.jpg 1256w\" sizes=\"auto, (max-width: 225px) 100vw, 225px\" \/><\/a><\/p>\n","protected":false},"excerpt":{"rendered":"<p>Curriculum Vitae de David S\u00e1nchez Ramos Profesor Contratado Doctor del \u00e1rea de Tecnolog\u00edas del Medio Ambiente. Ingeniero de Caminos por la Universidad de Castilla-La Mancha (2006), habiendo realizado un curso en la \u00c9cole Nationale des Ponts et Chauss\u00e9es (Par\u00eds) dentro del Programa Erasmus. Complet\u00f3 su formaci\u00f3n con un M\u00e1ster en Proyecto del Territorio, Medio Ambiente, &hellip; <a href=\"https:\/\/blog.uclm.es\/davidsanchezramos\/cv\/\" class=\"more-link\">Seguir leyendo <span class=\"screen-reader-text\">CV<\/span> <span class=\"meta-nav\">&rarr;<\/span><\/a><\/p>\n","protected":false},"author":47,"featured_media":0,"parent":0,"menu_order":0,"comment_status":"closed","ping_status":"closed","template":"","meta":{"footnotes":""},"class_list":["post-16","page","type-page","status-publish","hentry"],"_links":{"self":[{"href":"https:\/\/blog.uclm.es\/davidsanchezramos\/wp-json\/wp\/v2\/pages\/16","targetHints":{"allow":["GET"]}}],"collection":[{"href":"https:\/\/blog.uclm.es\/davidsanchezramos\/wp-json\/wp\/v2\/pages"}],"about":[{"href":"https:\/\/blog.uclm.es\/davidsanchezramos\/wp-json\/wp\/v2\/types\/page"}],"author":[{"embeddable":true,"href":"https:\/\/blog.uclm.es\/davidsanchezramos\/wp-json\/wp\/v2\/users\/47"}],"replies":[{"embeddable":true,"href":"https:\/\/blog.uclm.es\/davidsanchezramos\/wp-json\/wp\/v2\/comments?post=16"}],"version-history":[{"count":2,"href":"https:\/\/blog.uclm.es\/davidsanchezramos\/wp-json\/wp\/v2\/pages\/16\/revisions"}],"predecessor-version":[{"id":319,"href":"https:\/\/blog.uclm.es\/davidsanchezramos\/wp-json\/wp\/v2\/pages\/16\/revisions\/319"}],"wp:attachment":[{"href":"https:\/\/blog.uclm.es\/davidsanchezramos\/wp-json\/wp\/v2\/media?parent=16"}],"curies":[{"name":"wp","href":"https:\/\/api.w.org\/{rel}","templated":true}]}}