{"id":48,"date":"2021-07-26T13:34:03","date_gmt":"2021-07-26T12:34:03","guid":{"rendered":"https:\/\/blog.uclm.es\/davidmolina\/?page_id=48"},"modified":"2022-10-17T16:07:27","modified_gmt":"2022-10-17T16:07:27","slug":"contacto-cva","status":"publish","type":"page","link":"https:\/\/blog.uclm.es\/davidmolina\/contacto-cva\/","title":{"rendered":"Contacto \/ CVA"},"content":{"rendered":"<p><strong>Mi despacho es el 3.27 de la Facultad de Educaci\u00f3n de Ciudad Real. <\/strong><\/p>\n<p>Mi correo electr\u00f3nico es <a href=\"mailto:david.molina@uclm.es\">david.molina@uclm.es<\/a><\/p>\n<p>Puedes encontrar mi Curr\u00edculum Vitae Abreviado (CVA), actualizado a Abril de 2021, en el siguiente <a href=\"https:\/\/blog.uclm.es\/davidmolina\/wp-content\/uploads\/sites\/83\/2021\/07\/20210407-CVA_DavidMolinaGarci\u0301a_Abril2021_English.pdf\">enlace.<\/a><\/p>\n","protected":false},"excerpt":{"rendered":"<p>Mi despacho es el 3.27 de la Facultad de Educaci\u00f3n de Ciudad Real. Mi correo electr\u00f3nico es david.molina@uclm.es Puedes encontrar mi Curr\u00edculum Vitae Abreviado (CVA), actualizado a Abril de 2021, en el siguiente enlace.<\/p>\n","protected":false},"author":155,"featured_media":0,"parent":0,"menu_order":0,"comment_status":"closed","ping_status":"closed","template":"","meta":{"footnotes":""},"class_list":["post-48","page","type-page","status-publish","hentry"],"_links":{"self":[{"href":"https:\/\/blog.uclm.es\/davidmolina\/wp-json\/wp\/v2\/pages\/48","targetHints":{"allow":["GET"]}}],"collection":[{"href":"https:\/\/blog.uclm.es\/davidmolina\/wp-json\/wp\/v2\/pages"}],"about":[{"href":"https:\/\/blog.uclm.es\/davidmolina\/wp-json\/wp\/v2\/types\/page"}],"author":[{"embeddable":true,"href":"https:\/\/blog.uclm.es\/davidmolina\/wp-json\/wp\/v2\/users\/155"}],"replies":[{"embeddable":true,"href":"https:\/\/blog.uclm.es\/davidmolina\/wp-json\/wp\/v2\/comments?post=48"}],"version-history":[{"count":2,"href":"https:\/\/blog.uclm.es\/davidmolina\/wp-json\/wp\/v2\/pages\/48\/revisions"}],"predecessor-version":[{"id":63,"href":"https:\/\/blog.uclm.es\/davidmolina\/wp-json\/wp\/v2\/pages\/48\/revisions\/63"}],"wp:attachment":[{"href":"https:\/\/blog.uclm.es\/davidmolina\/wp-json\/wp\/v2\/media?parent=48"}],"curies":[{"name":"wp","href":"https:\/\/api.w.org\/{rel}","templated":true}]}}

<p><strong>Mi despacho es el 3.27 de la Facultad de Educación de Ciudad Real. </strong></p>
<p>Mi correo electrónico es <a href="mailto:david.molina@uclm.es">david.molina@uclm.es</a></p>
<p>Puedes encontrar mi Currículum Vitae Abreviado (CVA), actualizado a Abril de 2021, en el siguiente <a href="https://blog.uclm.es/davidmolina/wp-content/uploads/sites/83/2021/07/20210407-CVA_DavidMolinaGarcía_Abril2021_English.pdf">enlace.</a></p>

<p>Mi despacho es el 3.27 de la Facultad de Educación de Ciudad Real. Mi correo electrónico es david.molina@uclm.es Puedes encontrar mi Currículum Vitae Abreviado (CVA), actualizado a Abril de 2021, en el siguiente enlace.</p>
