{"id":4,"date":"2021-07-22T10:01:25","date_gmt":"2021-07-22T10:01:25","guid":{"rendered":"https:\/\/blog.uclm.es\/davidmolina\/?page_id=2"},"modified":"2022-10-17T16:08:08","modified_gmt":"2022-10-17T16:08:08","slug":"pagina-ejemplo-2","status":"publish","type":"page","link":"https:\/\/blog.uclm.es\/davidmolina\/pagina-ejemplo-2\/","title":{"rendered":"Docencia\/Teaching"},"content":{"rendered":"<p><strong>Curso 2021-2022<\/strong><\/p>\n<ul>\n<li><strong>Did\u00e1ctica de los N\u00fameros y la Estoc\u00e1stica. <\/strong><br \/>\n1\u00ba de Grado de Maestro en Educaci\u00f3n Primaria (Grupo B) &#8211; 9 ECTS.<\/li>\n<li><strong>Did\u00e1ctica de la Geometr\u00eda y la Medida. <\/strong><br \/>\n2\u00ba de Grado de Maestro en Educaci\u00f3n Primaria (Grupo D) &#8211; 9 ECTS.<\/li>\n<\/ul>\n<p><strong>Curso 2020-2021<\/strong><\/p>\n<ul>\n<li><strong>Did\u00e1ctica de los N\u00fameros y la Estoc\u00e1stica. <\/strong><br \/>\n1\u00ba de Grado de Maestro en Educaci\u00f3n Primaria (Grupo B) &#8211; 9 ECTS.<\/li>\n<li><strong>Did\u00e1ctica de la Geometr\u00eda y la Medida. <\/strong><br \/>\n2\u00ba de Grado de Maestro en Educaci\u00f3n Primaria (Grupo D) &#8211; 9 ECTS.<\/li>\n<\/ul>\n<p><strong>Curso 2019-2020<\/strong><\/p>\n<ul>\n<li><strong>Did\u00e1ctica de los N\u00fameros y la Estoc\u00e1stica. <\/strong><br \/>\n1\u00ba de Grado de Maestro en Educaci\u00f3n Primaria (Grupo A) &#8211; 9 ECTS.<\/li>\n<li><strong>Did\u00e1ctica de los N\u00fameros y la Estoc\u00e1stica. <\/strong><br \/>\n1\u00ba de Grado de Maestro en Educaci\u00f3n Primaria (Grupo B) &#8211; 9 ECTS.<\/li>\n<\/ul>\n<p><strong>Curso 2018-2019<\/strong><\/p>\n<ul>\n<li><strong>Did\u00e1ctica de los N\u00fameros y la Estoc\u00e1stica. <\/strong><br \/>\n1\u00ba de Grado de Maestro en Educaci\u00f3n Primaria (Grupo A) &#8211; 4.5 ECTS, primer cuatrimestre.<\/li>\n<li><strong>Did\u00e1ctica de los N\u00fameros y la Estoc\u00e1stica. <\/strong><br \/>\n1\u00ba de Grado de Maestro en Educaci\u00f3n Primaria (Grupo B) &#8211; 4.5 ECTS, primer cuatrimestre.<\/li>\n<\/ul>\n<p><strong>Curso 2017-2018<\/strong><\/p>\n<ul>\n<li><strong>Software Matem\u00e1tico para Ingenier\u00eda El\u00e9ctrica. <\/strong><br \/>\n4\u00ba de Grado de Maestro en Educaci\u00f3n Primaria &#8211; 2 ECTS, curso LATEX.<\/li>\n<\/ul>\n<p><strong>Curso 2016-2017<\/strong><\/p>\n<ul>\n<li><strong>Software Matem\u00e1tico para Ingenier\u00eda El\u00e9ctrica. <\/strong><br \/>\n4\u00ba de Grado de Maestro en Educaci\u00f3n Primaria &#8211; 2 ECTS, curso LATEX.<\/li>\n<li><strong>Dise\u00f1o Curricular I. <\/strong><br \/>\nM\u00e1ster Universitario en Profesor de Educaci\u00f3n Secundaria Obligatoria y Bachillerato, Formaci\u00f3n Profesional y Ense\u00f1anza de Idiomas &#8211; 6 ECTS.<\/li>\n<\/ul>\n<p><strong>Curso 2014-2015<\/strong><\/p>\n<ul>\n<li><strong>Did\u00e1ctica de los N\u00fameros y la Estoc\u00e1stica. <\/strong><br \/>\n1\u00ba de Grado de Maestro en Educaci\u00f3n Primaria (Cuenca) &#8211; 2.5 ECTS.<\/li>\n<li><strong>Did\u00e1ctica de la geometr\u00eda y la Medida. <\/strong><br \/>\n2\u00ba de Grado de Maestro en Educaci\u00f3n Primaria (Ciudad Real) &#8211; 3 ECTS.<\/li>\n<\/ul>\n<p><strong>Curso 2012-2013<\/strong><\/p>\n<ul>\n<li><strong>Sistemas inteligentes. <\/strong><br \/>\n3\u00ba de Grado en Ingenier\u00eda Inform\u00e1tica (ALbacete) &#8211; 9 ECTS.<\/li>\n<\/ul>\n","protected":false},"excerpt":{"rendered":"<p>Curso 2021-2022 Did\u00e1ctica de los N\u00fameros y la Estoc\u00e1stica. 1\u00ba de Grado de Maestro en Educaci\u00f3n Primaria (Grupo B) &#8211; 9 ECTS. Did\u00e1ctica de la Geometr\u00eda y la Medida. 2\u00ba de Grado de Maestro en Educaci\u00f3n Primaria (Grupo D) &#8211; &hellip; <a href=\"https:\/\/blog.uclm.es\/davidmolina\/pagina-ejemplo-2\/\">Sigue leyendo <span class=\"meta-nav\">&rarr;<\/span><\/a><\/p>\n","protected":false},"author":155,"featured_media":0,"parent":0,"menu_order":0,"comment_status":"closed","ping_status":"open","template":"","meta":{"footnotes":""},"class_list":["post-4","page","type-page","status-publish","hentry"],"_links":{"self":[{"href":"https:\/\/blog.uclm.es\/davidmolina\/wp-json\/wp\/v2\/pages\/4","targetHints":{"allow":["GET"]}}],"collection":[{"href":"https:\/\/blog.uclm.es\/davidmolina\/wp-json\/wp\/v2\/pages"}],"about":[{"href":"https:\/\/blog.uclm.es\/davidmolina\/wp-json\/wp\/v2\/types\/page"}],"author":[{"embeddable":true,"href":"https:\/\/blog.uclm.es\/davidmolina\/wp-json\/wp\/v2\/users\/155"}],"replies":[{"embeddable":true,"href":"https:\/\/blog.uclm.es\/davidmolina\/wp-json\/wp\/v2\/comments?post=4"}],"version-history":[{"count":2,"href":"https:\/\/blog.uclm.es\/davidmolina\/wp-json\/wp\/v2\/pages\/4\/revisions"}],"predecessor-version":[{"id":65,"href":"https:\/\/blog.uclm.es\/davidmolina\/wp-json\/wp\/v2\/pages\/4\/revisions\/65"}],"wp:attachment":[{"href":"https:\/\/blog.uclm.es\/davidmolina\/wp-json\/wp\/v2\/media?parent=4"}],"curies":[{"name":"wp","href":"https:\/\/api.w.org\/{rel}","templated":true}]}}

<p><strong>Curso 2021-2022</strong></p>
<ul>
<li><strong>Didáctica de los Números y la Estocástica. </strong><br />
1º de Grado de Maestro en Educación Primaria (Grupo B) &#8211; 9 ECTS.</li>
<li><strong>Didáctica de la Geometría y la Medida. </strong><br />
2º de Grado de Maestro en Educación Primaria (Grupo D) &#8211; 9 ECTS.</li>
</ul>
<p><strong>Curso 2020-2021</strong></p>
<ul>
<li><strong>Didáctica de los Números y la Estocástica. </strong><br />
1º de Grado de Maestro en Educación Primaria (Grupo B) &#8211; 9 ECTS.</li>
<li><strong>Didáctica de la Geometría y la Medida. </strong><br />
2º de Grado de Maestro en Educación Primaria (Grupo D) &#8211; 9 ECTS.</li>
</ul>
<p><strong>Curso 2019-2020</strong></p>
<ul>
<li><strong>Didáctica de los Números y la Estocástica. </strong><br />
1º de Grado de Maestro en Educación Primaria (Grupo A) &#8211; 9 ECTS.</li>
<li><strong>Didáctica de los Números y la Estocástica. </strong><br />
1º de Grado de Maestro en Educación Primaria (Grupo B) &#8211; 9 ECTS.</li>
</ul>
<p><strong>Curso 2018-2019</strong></p>
<ul>
<li><strong>Didáctica de los Números y la Estocástica. </strong><br />
1º de Grado de Maestro en Educación Primaria (Grupo A) &#8211; 4.5 ECTS, primer cuatrimestre.</li>
<li><strong>Didáctica de los Números y la Estocástica. </strong><br />
1º de Grado de Maestro en Educación Primaria (Grupo B) &#8211; 4.5 ECTS, primer cuatrimestre.</li>
</ul>
<p><strong>Curso 2017-2018</strong></p>
<ul>
<li><strong>Software Matemático para Ingeniería Eléctrica. </strong><br />
4º de Grado de Maestro en Educación Primaria &#8211; 2 ECTS, curso LATEX.</li>
</ul>
<p><strong>Curso 2016-2017</strong></p>
<ul>
<li><strong>Software Matemático para Ingeniería Eléctrica. </strong><br />
4º de Grado de Maestro en Educación Primaria &#8211; 2 ECTS, curso LATEX.</li>
<li><strong>Diseño Curricular I. </strong><br />
Máster Universitario en Profesor de Educación Secundaria Obligatoria y Bachillerato, Formación Profesional y Enseñanza de Idiomas &#8211; 6 ECTS.</li>
</ul>
<p><strong>Curso 2014-2015</strong></p>
<ul>
<li><strong>Didáctica de los Números y la Estocástica. </strong><br />
1º de Grado de Maestro en Educación Primaria (Cuenca) &#8211; 2.5 ECTS.</li>
<li><strong>Didáctica de la geometría y la Medida. </strong><br />
2º de Grado de Maestro en Educación Primaria (Ciudad Real) &#8211; 3 ECTS.</li>
</ul>
<p><strong>Curso 2012-2013</strong></p>
<ul>
<li><strong>Sistemas inteligentes. </strong><br />
3º de Grado en Ingeniería Informática (ALbacete) &#8211; 9 ECTS.</li>
</ul>

<p>Curso 2021-2022 Didáctica de los Números y la Estocástica. 1º de Grado de Maestro en Educación Primaria (Grupo B) &#8211; 9 ECTS. Didáctica de la Geometría y la Medida. 2º de Grado de Maestro en Educación Primaria (Grupo D) &#8211; &hellip; <a href="https://blog.uclm.es/davidmolina/pagina-ejemplo-2/">Sigue leyendo <span class="meta-nav">&rarr;</span></a></p>
