{"id":14,"date":"2022-07-20T11:50:39","date_gmt":"2022-07-20T10:50:39","guid":{"rendered":"https:\/\/blogdev.uclm.es\/fullsite\/?page_id=14"},"modified":"2026-03-21T15:57:18","modified_gmt":"2026-03-21T14:57:18","slug":"investigacion","status":"publish","type":"page","link":"https:\/\/blog.uclm.es\/cristinasolares\/investigacion\/","title":{"rendered":"Investigaci\u00f3n"},"content":{"rendered":"\n<div class=\"wp-block-group alignwide is-vertical is-layout-flex wp-container-core-group-is-layout-fe9cc265 wp-block-group-is-layout-flex\">\n<h5 class=\"wp-block-heading has-x-large-font-size\" style=\"font-style:normal;font-weight:300;line-height:0\"><\/h5>\n\n\n\n<p><strong>\u00c1reas de inter\u00e9s<\/strong>: Mathematics Education, Observability Analysis, Linear Algebra and Applications, Expert Systems, Bayesian Networks<\/p>\n\n\n\n<p><strong>Grupo de Investigaci\u00f3n: <\/strong>Ense\u00f1anza de las Matem\u00e1ticas (EMAT, UCLM)<\/p>\n\n\n\n<p><strong>Grupo de Innovaci\u00f3n Docente<\/strong>: Innovaci\u00f3n en la Ingenier\u00eda Civil (INNOCIV, UCLM)  <\/p>\n\n\n\n<p><strong>PROYECTO DE INVESTIGACI\u00d3N<\/strong><\/p>\n\n\n\n<p>Colabora como investigador en el proyecto (JCCM): <a href=\"https:\/\/eimat.vercel.app\/\">Ense\u00f1anza inclusiva de Matem\u00e1ticas en alumnado con TEA<\/a> (2025-2028)<\/p>\n\n\n\n<p><\/p>\n\n\n\n<p><strong>APLICACI\u00d3N MATLAB PARA TRABAJAR CON CU\u00c1DRICAS<\/strong><\/p>\n\n\n\n<p>Cristina Solares (2025).&nbsp;Cu\u00e1dricas&nbsp;(https:\/\/www.mathworks.com\/matlabcentral\/fileexchange\/180921-cuadricas), MATLAB Central File Exchange. Recuperado&nbsp;30 abril, 2025.<\/p>\n\n\n\n<p><\/p>\n\n\n\n<p><strong>PATENTE<\/strong><\/p>\n\n\n\n<p>R. Blanco and C. Solares, 2024, ES1307558. Modelo de utilidad U202331612 Juego Constructivo De Bloques Algebraicos. ES Espa\u00f1a. Oficina Espa\u00f1ola de Patentes y Marcas (OEPM).<\/p>\n\n\n\n<p>R. Blanco and C. Solares, 2019, ES1242709. Modelo de utilidad U201932120 Juego Constructivo De Bloques Magn\u00e9ticos. ES Espa\u00f1a. Oficina Espa\u00f1ola de Patentes y Marcas (OEPM).<\/p>\n\n\n\n<p><\/p>\n\n\n\n<p><strong>ORCID<\/strong>:&nbsp;<a href=\"http:\/\/orcid.org\/0000-0002-8927-4141\" target=\"_blank\" rel=\"noreferrer noopener\">http:\/\/orcid.org\/0000-0002-8927-4141<\/a> <img loading=\"lazy\" decoding=\"async\" width=\"16\" height=\"16\" class=\"wp-image-377\" style=\"width: 16px\" src=\"https:\/\/blog.uclm.es\/cristinasolares\/wp-content\/uploads\/sites\/287\/2024\/06\/image.png\" alt=\"\"><\/p>\n\n\n\n<p><strong>Google Scholar<\/strong>: <a href=\"https:\/\/scholar.google.com.ar\/citations?hl=es&amp;user=r7ANkN8AAAAJ\">\u202a<\/a><a href=\"https:\/\/scholar.google.com\/citations?hl=es&amp;user=r7ANkN8AAAAJ\">Cristina Solares\u202c &#8211; \u202aGoogle Acad\u00e9mico<\/a><a href=\"https:\/\/scholar.google.com.ar\/citations?hl=es&amp;user=r7ANkN8AAAAJ\">\u202c<\/a><\/p>\n\n\n\n<p><\/p>\n\n\n\n<p><strong>CONGRESOS (Recientes)<\/strong><\/p>\n\n\n\n<p>R. Blanco , C. Solares y M. Garc\u00eda, 2024, <em>Rob\u00f3tica Educativa en Matem\u00e1ticas.<\/em> <em>Una Experiencia con Alumnos del Grado de Maestro en Educaci\u00f3n Infantil<\/em>, XVII Congreso Internacional de Educaci\u00f3n e Innovaci\u00f3n, CIEI24, (virtual).<\/p>\n\n\n\n<p>C. Solares y R. Blanco , 2022, <em>Videos and Matlab for Teaching Conic Sections<\/em>, 14th International Conference on Education and New Learning Technologies, EDULEARN22, (<a href=\"https:\/\/blog.uclm.es\/cristinasolares\/wp-content\/uploads\/sites\/287\/2025\/02\/PresentacionFinal.pdf\">virtual<\/a>).<\/p>\n\n\n\n<p>C. Solares y R. Blanco , 2021, <em>Experiencia Piloto con Algeblocks en el Aula de Educaci\u00f3n Secundaria<\/em>, 9th International Congress of Educational Sciences and Development, 9th ICESD, (virtual).  <a href=\"https:\/\/youtu.be\/LJfdcdnm188\">V\u00eddeo identidad notable<\/a>.<\/p>\n\n\n\n<p>R. Blanco, J.L. Gonz\u00e1lez y C. Solares, 2021, <em>El V\u00eddeo como Material de Apoyo Docente<\/em>, II Congreso Internacional de Innovaci\u00f3n y Tendencias Educativas, INNTED 2021, (virtual).<\/p>\n\n\n\n<p>C. Solares, H. Herrero y R. Blanco, 2020, <em>Ense\u00f1anza de C\u00e1lculo Diferencial e Integral a partir de Problemas Aplicados<\/em>, 8th International Congress of Educational Sciences and Development, 8th ICESD, (<a href=\"https:\/\/blog.uclm.es\/cristinasolares\/wp-content\/uploads\/sites\/287\/2025\/02\/PresentacionPontevedra2020_CSolaresUnaDosVariables.pdf\">virtual<\/a>).<\/p>\n\n\n\n<p>Organizaci\u00f3n de los Minisymposia Mathematics Education y Mathematics Education in Engineering and Applied Sciences, en el 9th International Congress on Industrial and Applied Mathematics celebrado en Valencia en 2019.<\/p>\n\n\n\n<p>R. Blanco y C. Solares, 2018, <em>Desarrollo algebraico con Algeblocks<\/em>, Sociedad de la Informaci\u00f3n, III CEAM CM.<\/p>\n\n\n\n<p>H. Herrero y C. Solares, 2018, <em>Ense\u00f1anza de Conceptos Matem\u00e1ticos a partir de Problemas Aplicados<\/em>, 6th International Congress of Educational Sciences and Development, Set\u00fabal, Portugal.<\/p>\n\n\n\n<p>R. Blanco y C. Solares, 2017, <em>Bloques Multibase, Algeblocks y otros Recursos para tocar las Matem\u00e1ticas en Primaria y Secundaria<\/em>, VIII CIBEM, Madrid.<\/p>\n\n\n\n<p>H. Herrero y C. Solares, 2017, <em>Ense\u00f1anza Pr\u00e1ctica del Concepto de Espacio Vectorial Mediante Resoluci\u00f3n de Problemas<\/em>, VIII CIBEM, Madrid.<\/p>\n\n\n\n<p>Participaci\u00f3n en las Jornadas Ingenier\u00eda para Matem\u00e1ticas IngxMat, organizadas por la red tem\u00e1tica ALAMA, celebradas en Castro Urdiales (Cantabria) en 2017.<\/p>\n\n\n\n<p><\/p>\n\n\n\n<hr class=\"wp-block-separator has-css-opacity is-style-wide\" \/>\n<\/div>\n","protected":false},"excerpt":{"rendered":"<p>\u00c1reas de inter\u00e9s: Mathematics Education, Observability Analysis, Linear Algebra and Applications, Expert Systems, Bayesian Networks Grupo de Investigaci\u00f3n: Ense\u00f1anza de las Matem\u00e1ticas (EMAT, UCLM) Grupo de Innovaci\u00f3n Docente: Innovaci\u00f3n en la Ingenier\u00eda Civil (INNOCIV, UCLM) PROYECTO DE INVESTIGACI\u00d3N Colabora como investigador en el proyecto (JCCM): Ense\u00f1anza inclusiva de Matem\u00e1ticas en alumnado con TEA (2025-2028) APLICACI\u00d3N [&hellip;]<\/p>\n","protected":false},"author":478,"featured_media":0,"parent":0,"menu_order":0,"comment_status":"closed","ping_status":"closed","template":"","meta":{"footnotes":""},"class_list":["post-14","page","type-page","status-publish","hentry"],"_links":{"self":[{"href":"https:\/\/blog.uclm.es\/cristinasolares\/wp-json\/wp\/v2\/pages\/14","targetHints":{"allow":["GET"]}}],"collection":[{"href":"https:\/\/blog.uclm.es\/cristinasolares\/wp-json\/wp\/v2\/pages"}],"about":[{"href":"https:\/\/blog.uclm.es\/cristinasolares\/wp-json\/wp\/v2\/types\/page"}],"author":[{"embeddable":true,"href":"https:\/\/blog.uclm.es\/cristinasolares\/wp-json\/wp\/v2\/users\/478"}],"replies":[{"embeddable":true,"href":"https:\/\/blog.uclm.es\/cristinasolares\/wp-json\/wp\/v2\/comments?post=14"}],"version-history":[{"count":44,"href":"https:\/\/blog.uclm.es\/cristinasolares\/wp-json\/wp\/v2\/pages\/14\/revisions"}],"predecessor-version":[{"id":1195,"href":"https:\/\/blog.uclm.es\/cristinasolares\/wp-json\/wp\/v2\/pages\/14\/revisions\/1195"}],"wp:attachment":[{"href":"https:\/\/blog.uclm.es\/cristinasolares\/wp-json\/wp\/v2\/media?parent=14"}],"curies":[{"name":"wp","href":"https:\/\/api.w.org\/{rel}","templated":true}]}}