{"id":479,"date":"2019-07-22T22:52:27","date_gmt":"2019-07-22T21:52:27","guid":{"rendered":"http:\/\/blog.uclm.es\/crescenciobravo\/?page_id=307"},"modified":"2019-07-22T22:52:27","modified_gmt":"2019-07-22T21:52:27","slug":"add","status":"publish","type":"page","link":"https:\/\/blog.uclm.es\/crescenciobravo\/add\/","title":{"rendered":"Framework para el modelado del awareness en sistemas colaborativos"},"content":{"rendered":"\n<ul class=\"wp-block-list\"><li><a href=\"https:\/\/blog.uclm.es\/crescenciobravo\/wp-content\/uploads\/sites\/148\/2019\/07\/fwa_areas_dim_v1.1.pdf\">Framework de awareness para interacci\u00f3n impl\u00edcita y expl\u00edcita<\/a><\/li><li><a href=\"https:\/\/blog.uclm.es\/crescenciobravo\/wp-content\/uploads\/sites\/148\/2019\/07\/fwa_widgets_v1.1.pdf\">Cat\u00e1logo de widgets, controladores y herramientas de awareness y dispositivos de interacci\u00f3n<\/a><\/li><li><a href=\"https:\/\/blog.uclm.es\/crescenciobravo\/wp-content\/uploads\/sites\/148\/2019\/07\/add.png\">Awareness Description Diagrams (ADD)<\/a><\/li><\/ul>\n","protected":false},"excerpt":{"rendered":"<p>Framework de awareness para interacci\u00f3n impl\u00edcita y expl\u00edcita Cat\u00e1logo de widgets, controladores y herramientas de awareness y dispositivos de interacci\u00f3n Awareness Description Diagrams (ADD)<\/p>\n","protected":false},"author":12,"featured_media":0,"parent":0,"menu_order":0,"comment_status":"closed","ping_status":"closed","template":"","meta":{"footnotes":""},"class_list":["post-479","page","type-page","status-publish","hentry"],"_links":{"self":[{"href":"https:\/\/blog.uclm.es\/crescenciobravo\/wp-json\/wp\/v2\/pages\/479","targetHints":{"allow":["GET"]}}],"collection":[{"href":"https:\/\/blog.uclm.es\/crescenciobravo\/wp-json\/wp\/v2\/pages"}],"about":[{"href":"https:\/\/blog.uclm.es\/crescenciobravo\/wp-json\/wp\/v2\/types\/page"}],"author":[{"embeddable":true,"href":"https:\/\/blog.uclm.es\/crescenciobravo\/wp-json\/wp\/v2\/users\/12"}],"replies":[{"embeddable":true,"href":"https:\/\/blog.uclm.es\/crescenciobravo\/wp-json\/wp\/v2\/comments?post=479"}],"version-history":[{"count":0,"href":"https:\/\/blog.uclm.es\/crescenciobravo\/wp-json\/wp\/v2\/pages\/479\/revisions"}],"wp:attachment":[{"href":"https:\/\/blog.uclm.es\/crescenciobravo\/wp-json\/wp\/v2\/media?parent=479"}],"curies":[{"name":"wp","href":"https:\/\/api.w.org\/{rel}","templated":true}]}}

<ul class="wp-block-list"><li><a href="https://blog.uclm.es/crescenciobravo/wp-content/uploads/sites/148/2019/07/fwa_areas_dim_v1.1.pdf">Framework de awareness para interacción implícita y explícita</a></li><li><a href="https://blog.uclm.es/crescenciobravo/wp-content/uploads/sites/148/2019/07/fwa_widgets_v1.1.pdf">Catálogo de widgets, controladores y herramientas de awareness y dispositivos de interacción</a></li><li><a href="https://blog.uclm.es/crescenciobravo/wp-content/uploads/sites/148/2019/07/add.png">Awareness Description Diagrams (ADD)</a></li></ul>

<p>Framework de awareness para interacción implícita y explícita Catálogo de widgets, controladores y herramientas de awareness y dispositivos de interacción Awareness Description Diagrams (ADD)</p>
