{"id":474,"date":"2013-01-05T11:44:14","date_gmt":"2013-01-05T10:44:14","guid":{"rendered":"http:\/\/blog.uclm.es\/crescenciobravo\/?page_id=44"},"modified":"2024-11-01T14:56:58","modified_gmt":"2024-11-01T15:56:58","slug":"curriculum","status":"publish","type":"page","link":"https:\/\/blog.uclm.es\/crescenciobravo\/curriculum\/","title":{"rendered":"Curr\u00edculum"},"content":{"rendered":"<h4>Titulaci\u00f3n acad\u00e9mica<\/h4>\n<ul>\n<li>Ingeniero T\u00e9cnico en Inform\u00e1tica de Gesti\u00f3n (Universidad de Castilla &#8211; La Mancha, 1993)<\/li>\n<li>Licenciado en Inform\u00e1tica (Universidad de Sevilla, 1996)<\/li>\n<li>Doctor en Ingenier\u00eda Inform\u00e1tica (Universidad de Castilla &#8211; La Mancha, 2002)<\/li>\n<\/ul>\n<h4>Puesto y m\u00e9ritos acad\u00e9micos<\/h4>\n<ul>\n<li>Catedr\u00e1tico de Universidad (2019), \u00c1rea de Lenguajes y Sistemas Inform\u00e1ticos, Departamento de Tecnolog\u00edas y Sistemas de Informaci\u00f3n<\/li>\n<li>5 trienios, 4 tramos docentes y 3 tramos de investigaci\u00f3n (sexenios)<\/li>\n<\/ul>\n<h4>Gesti\u00f3n universitaria<\/h4>\n<ul>\n<li>Director de la Escuela Superior de Inform\u00e1tica (2020-)<\/li>\n<li>Secretario General de la Universidad de Castilla &#8211; La Mancha (2013-2020)<\/li>\n<li>Director Acad\u00e9mico del Vicerrectorado de Econom\u00eda y Planificaci\u00f3n (2012)<\/li>\n<li>Director Acad\u00e9mico del Vicerrectorado de Ordenaci\u00f3n Acad\u00e9mica y Formaci\u00f3n Permanente (2010-2011)<\/li>\n<li>Director Acad\u00e9mico del Vicerrectorado de Doctorado y T\u00edtulos Propios (2008-2010)<\/li>\n<li>Secretario del Departamento de Tecnolog\u00edas y Sistemas de Informaci\u00f3n (2008)<\/li>\n<\/ul>\n<h4>Trayectoria acad\u00e9mica<\/h4>\n<ul>\n<li>Profesor Asociado TP (1998\/1999)<\/li>\n<li>Profesor Ayudante (1999\/2000-2000\/2001)<\/li>\n<li>Profesor Asociado TC (2001\/2002-2005\/2006)<\/li>\n<li>Profesor Contratado Doctor (2006\/2007-2007\/2008)<\/li>\n<li>Profesor Titular de Universidad (2008\/2009-2018\/2019)<\/li>\n<li>Catedr\u00e1tico de Universidad (2019\/2020-)<\/li>\n<\/ul>\n","protected":false},"excerpt":{"rendered":"<p>Titulaci\u00f3n acad\u00e9mica Ingeniero T\u00e9cnico en Inform\u00e1tica de Gesti\u00f3n (Universidad de Castilla &#8211; La Mancha, 1993) Licenciado en Inform\u00e1tica (Universidad de Sevilla, 1996) Doctor en Ingenier\u00eda Inform\u00e1tica (Universidad de Castilla &#8211; La Mancha, 2002) Puesto y m\u00e9ritos acad\u00e9micos Catedr\u00e1tico de Universidad (2019), \u00c1rea de Lenguajes y Sistemas Inform\u00e1ticos, Departamento de Tecnolog\u00edas y Sistemas de Informaci\u00f3n 5 &hellip; <a href=\"https:\/\/blog.uclm.es\/crescenciobravo\/curriculum\/\" class=\"more-link\">Seguir leyendo <span class=\"screen-reader-text\">Curr\u00edculum<\/span> <span class=\"meta-nav\">&rarr;<\/span><\/a><\/p>\n","protected":false},"author":12,"featured_media":0,"parent":0,"menu_order":0,"comment_status":"closed","ping_status":"open","template":"","meta":{"footnotes":""},"class_list":["post-474","page","type-page","status-publish","hentry"],"_links":{"self":[{"href":"https:\/\/blog.uclm.es\/crescenciobravo\/wp-json\/wp\/v2\/pages\/474","targetHints":{"allow":["GET"]}}],"collection":[{"href":"https:\/\/blog.uclm.es\/crescenciobravo\/wp-json\/wp\/v2\/pages"}],"about":[{"href":"https:\/\/blog.uclm.es\/crescenciobravo\/wp-json\/wp\/v2\/types\/page"}],"author":[{"embeddable":true,"href":"https:\/\/blog.uclm.es\/crescenciobravo\/wp-json\/wp\/v2\/users\/12"}],"replies":[{"embeddable":true,"href":"https:\/\/blog.uclm.es\/crescenciobravo\/wp-json\/wp\/v2\/comments?post=474"}],"version-history":[{"count":4,"href":"https:\/\/blog.uclm.es\/crescenciobravo\/wp-json\/wp\/v2\/pages\/474\/revisions"}],"predecessor-version":[{"id":568,"href":"https:\/\/blog.uclm.es\/crescenciobravo\/wp-json\/wp\/v2\/pages\/474\/revisions\/568"}],"wp:attachment":[{"href":"https:\/\/blog.uclm.es\/crescenciobravo\/wp-json\/wp\/v2\/media?parent=474"}],"curies":[{"name":"wp","href":"https:\/\/api.w.org\/{rel}","templated":true}]}}

Currículum

<h4>Titulación académica</h4>
<ul>
<li>Ingeniero Técnico en Informática de Gestión (Universidad de Castilla &#8211; La Mancha, 1993)</li>
<li>Licenciado en Informática (Universidad de Sevilla, 1996)</li>
<li>Doctor en Ingeniería Informática (Universidad de Castilla &#8211; La Mancha, 2002)</li>
</ul>
<h4>Puesto y méritos académicos</h4>
<ul>
<li>Catedrático de Universidad (2019), Área de Lenguajes y Sistemas Informáticos, Departamento de Tecnologías y Sistemas de Información</li>
<li>5 trienios, 4 tramos docentes y 3 tramos de investigación (sexenios)</li>
</ul>
<h4>Gestión universitaria</h4>
<ul>
<li>Director de la Escuela Superior de Informática (2020-)</li>
<li>Secretario General de la Universidad de Castilla &#8211; La Mancha (2013-2020)</li>
<li>Director Académico del Vicerrectorado de Economía y Planificación (2012)</li>
<li>Director Académico del Vicerrectorado de Ordenación Académica y Formación Permanente (2010-2011)</li>
<li>Director Académico del Vicerrectorado de Doctorado y Títulos Propios (2008-2010)</li>
<li>Secretario del Departamento de Tecnologías y Sistemas de Información (2008)</li>
</ul>
<h4>Trayectoria académica</h4>
<ul>
<li>Profesor Asociado TP (1998/1999)</li>
<li>Profesor Ayudante (1999/2000-2000/2001)</li>
<li>Profesor Asociado TC (2001/2002-2005/2006)</li>
<li>Profesor Contratado Doctor (2006/2007-2007/2008)</li>
<li>Profesor Titular de Universidad (2008/2009-2018/2019)</li>
<li>Catedrático de Universidad (2019/2020-)</li>
</ul>

<p>Titulación académica Ingeniero Técnico en Informática de Gestión (Universidad de Castilla &#8211; La Mancha, 1993) Licenciado en Informática (Universidad de Sevilla, 1996) Doctor en Ingeniería Informática (Universidad de Castilla &#8211; La Mancha, 2002) Puesto y méritos académicos Catedrático de Universidad (2019), Área de Lenguajes y Sistemas Informáticos, Departamento de Tecnologías y Sistemas de Información 5 &hellip; <a href="https://blog.uclm.es/crescenciobravo/curriculum/" class="more-link">Seguir leyendo <span class="screen-reader-text">Currículum</span> <span class="meta-nav">&rarr;</span></a></p>
