{"id":101,"date":"2020-06-04T12:35:07","date_gmt":"2020-06-04T11:35:07","guid":{"rendered":"http:\/\/blog.uclm.es\/chengxiangyu\/?page_id=101"},"modified":"2023-08-28T10:45:44","modified_gmt":"2023-08-28T09:45:44","slug":"bio","status":"publish","type":"page","link":"https:\/\/blog.uclm.es\/chengxiangyu\/bio\/","title":{"rendered":"Biography"},"content":{"rendered":"<h2><strong>Education<\/strong><\/h2>\n<!-- \/wp:post-content --><!-- wp:group -->\n<div class=\"wp-block-group\">\n<div class=\"wp-block-group__inner-container\"><!-- wp:paragraph -->\n\n<strong>Beijing University of Aeronautics and Astronautics<\/strong>, Beijing, China\n\n<!-- \/wp:paragraph --><!-- wp:paragraph -->\n<ul>\n \t<li>B.S. Aeronautics, June 1994<\/li>\n<\/ul>\n<!-- \/wp:paragraph -->\n\n<\/div>\n<\/div>\n<!-- \/wp:group --><!-- wp:group -->\n<div class=\"wp-block-group\">\n<div class=\"wp-block-group__inner-container\"><!-- wp:paragraph -->\n\n<strong>California Institute of Technology<\/strong>, Pasadena, USA\n\n<!-- \/wp:paragraph -->\n\n<\/div>\n<\/div>\n<!-- \/wp:group --><!-- wp:list -->\n<ul>\n \t<li>Master, June 1997<\/li>\n \t<li>Ph.D., May 2001<\/li>\n<\/ul>\n<!-- \/wp:list --><!-- wp:heading -->\n<h2>Professional Appointments<\/h2>\n<!-- \/wp:heading --><!-- wp:group -->\n<div class=\"wp-block-group\">\n<div class=\"wp-block-group__inner-container\"><!-- wp:list -->\n<ul>\n \t<li>10\/1996 &#8211; 6\/2001: Research Assistant, Department of Aeronautics, Caltech.<\/li>\n \t<li>Department of Applied Mechanics and Project Engineering, Civil Engineering School, <strong>University of Castilla-La Mancha (UCLM)<\/strong>\n<ul>\n \t<li>12\/2001 &#8211; 5\/2003: Postdoctoral Fellow<\/li>\n \t<li>06\/2003 &#8211; 7\/2007: Ram\u00f3n y Cajal Scholar<\/li>\n \t<li>07\/2007 &#8211; 12\/2009: Tenure track Associate Professor (PCD)<\/li>\n \t<li>12\/2009 -12\/2019: Associate Professor (PTU)<\/li>\n \t<li>12\/2019 &#8211; present: Professor (CU)<\/li>\n<\/ul>\n<\/li>\n \t<li>05\/2015-09\/2015: Visiting Associate, Zhejiang University, Hangzhou, China<\/li>\n \t<li>08\/2018, 2019, 2023: Visiting Scholar, Dalian University of Technology, Dalian, China<\/li>\n<\/ul>\n<!-- \/wp:list -->\n\n<\/div>\n<\/div>\n<!-- \/wp:group --><!-- wp:heading -->\n<h2>Committees and Professional Activities<\/h2>\n<!-- \/wp:heading --><!-- wp:list -->\n<ul>\n \t<li>fib WG2.4.2 (CEB-FIP), Modelling of Fibre Reinforced Concrete Structures; 09\/2016 \u2013<\/li>\n \t<li>ACHE GT1\/7, Fatigue of concrete, 11\/2015 \u2014<\/li>\n<\/ul>\n<!-- \/wp:list --><!-- wp:list -->\n<ul>\n \t<li>Executive member, \u00a0Sociedad Espa\u00f1ola de M\u00e9todos Num\u00e9ricos en Ingenier\u00eda (04\/2018- 2022, 2023-)<\/li>\n \t<li>Executive member, Sociedad Espa\u00f1ola de Mec\u00e1nica Teor\u00eda y Aplicada (12\/2018-2023)<\/li>\n<\/ul>","protected":false},"excerpt":{"rendered":"<p>Education Beijing University of Aeronautics and Astronautics, Beijing, China B.S. Aeronautics, June 1994 California Institute of Technology, Pasadena, USA Master, June 1997 Ph.D., May 2001 Professional Appointments 10\/1996 &#8211; 6\/2001: Research Assistant, Department of Aeronautics, Caltech. Department of Applied Mechanics and Project Engineering, Civil Engineering School, University of Castilla-La Mancha (UCLM) 12\/2001 &#8211; 5\/2003: Postdoctoral [&hellip;]<\/p>\n","protected":false},"author":61,"featured_media":0,"parent":0,"menu_order":0,"comment_status":"closed","ping_status":"closed","template":"","meta":{"footnotes":""},"class_list":["post-101","page","type-page","status-publish","hentry"],"_links":{"self":[{"href":"https:\/\/blog.uclm.es\/chengxiangyu\/wp-json\/wp\/v2\/pages\/101","targetHints":{"allow":["GET"]}}],"collection":[{"href":"https:\/\/blog.uclm.es\/chengxiangyu\/wp-json\/wp\/v2\/pages"}],"about":[{"href":"https:\/\/blog.uclm.es\/chengxiangyu\/wp-json\/wp\/v2\/types\/page"}],"author":[{"embeddable":true,"href":"https:\/\/blog.uclm.es\/chengxiangyu\/wp-json\/wp\/v2\/users\/61"}],"replies":[{"embeddable":true,"href":"https:\/\/blog.uclm.es\/chengxiangyu\/wp-json\/wp\/v2\/comments?post=101"}],"version-history":[{"count":2,"href":"https:\/\/blog.uclm.es\/chengxiangyu\/wp-json\/wp\/v2\/pages\/101\/revisions"}],"predecessor-version":[{"id":388,"href":"https:\/\/blog.uclm.es\/chengxiangyu\/wp-json\/wp\/v2\/pages\/101\/revisions\/388"}],"wp:attachment":[{"href":"https:\/\/blog.uclm.es\/chengxiangyu\/wp-json\/wp\/v2\/media?parent=101"}],"curies":[{"name":"wp","href":"https:\/\/api.w.org\/{rel}","templated":true}]}}