{"id":44,"date":"2017-10-27T11:36:01","date_gmt":"2017-10-27T10:36:01","guid":{"rendered":"http:\/\/blog.uclm.es\/cesarsanchez\/?page_id=44"},"modified":"2024-11-25T19:42:43","modified_gmt":"2024-11-25T17:42:43","slug":"publicaciones","status":"publish","type":"page","link":"https:\/\/blog.uclm.es\/cesarsanchez\/investigacion\/publicaciones\/","title":{"rendered":"Publicaciones"},"content":{"rendered":"\n<p>Si quieres ves mi registro ORCID puedes consultarlo aqu\u00ed: &nbsp;&nbsp;<span style=\"color: #333399\"><a href=\"http:\/\/orcid.org\/0000-0002-2717-1243\"><strong> Enlace ORCID<\/strong><\/a><\/span><\/p>\n\n\n\n<p>Aqu\u00ed se puede consultar mi perfil Google Acad\u00e9mico: <strong><a href=\"https:\/\/scholar.google.es\/citations?user=rRq9GaAAAAAJ&amp;hl=es\">Enlace Google Scholar&nbsp;<\/a><\/strong><\/p>\n\n\n\n<figure class=\"wp-block-image size-full\"><img loading=\"lazy\" decoding=\"async\" width=\"1000\" height=\"288\" src=\"https:\/\/blog.uclm.es\/cesarsanchez\/wp-content\/uploads\/sites\/62\/2017\/11\/4.png\" alt=\"\" class=\"wp-image-191\" srcset=\"https:\/\/blog.uclm.es\/cesarsanchez\/wp-content\/uploads\/sites\/62\/2017\/11\/4.png 1000w, https:\/\/blog.uclm.es\/cesarsanchez\/wp-content\/uploads\/sites\/62\/2017\/11\/4-300x86.png 300w, https:\/\/blog.uclm.es\/cesarsanchez\/wp-content\/uploads\/sites\/62\/2017\/11\/4-768x221.png 768w, https:\/\/blog.uclm.es\/cesarsanchez\/wp-content\/uploads\/sites\/62\/2017\/11\/4-500x144.png 500w\" sizes=\"auto, (max-width: 1000px) 100vw, 1000px\" \/><\/figure>\n\n\n\n<p><span style=\"color: #000000\"><strong>Resumen de publicaciones internacionales:<\/strong><\/span><\/p>\n\n\n\n<div class=\"work-list-container\">\n<ul>\n<li>ARISTARKO: A Software Framework for Physiological Data Acquisition Ambient Intelligence- Software and Applications &#8212; 7th International Symposium on Ambient Intelligence (ISAmI 2016)&nbsp;2016 | book-chapter<\/li>\n<li>Robust Volterra Filter Design for Enhancement of Electroencephalogram Signal Processing Circuits Systems and Signal Processing&nbsp;2013 | journal-article<\/li>\n<li>Radial Basis Function Networks Applied to QRST Cancellation in Atrial Fibrillation Recordings Computing in Cardiology 2010, Vol 37&nbsp;2010 | journal-article<\/li>\n<li>Anaesthesia with Propofol Reduces Ventricular Rhythm Variability during Atrial Fibrillation4th European Conference of the International Federation for Medical and Biological Engineering 2009 | journal-article<\/li>\n<li>Atrial fibrillation organization: quantification of propofol effects Medical &amp; Biological Engineering &amp; Computing 2009 | journal-article<\/li>\n<li>Anesthesia with propofol slows atrial fibrillation dominant frequencies Computers in Biology and Medicine 2008 | journal-article<\/li>\n<li>A learning based Widrow-Hoff Delta algorithm for noise reduction in biomedical signals Bio-Inspired Modeling of Cognitive Tasks, Pt 1, Proceedings 2007 | book-chapter<\/li>\n<li>Convolutive blind source separation algorithms applied to the electrocardiogram of atrial fibrillation: Study of performance IEEE Transactions on Biomedical Engineering&nbsp;&nbsp;2007 | journal-article<\/li>\n<li>Wavelet analysis of electrocardiograms to characterize recurrent atrial fibrillation Journal of the Franklin Institute-Engineering and Applied Mathematics 2007 | journal-article<\/li>\n<li>Derivation of atrial surface reentries applying ICA to the standard electrocardiogram of patients in postoperative atrial fibrillation Independent Component Analysis and Blind Signal Separation, Proceedings 2006 | book-chapter<\/li>\n<li>Performance study of convolutive BSS algorithms applied to the electrocardiogram of atrial fibrillation Independent Component Analysis and Blind Signal Separation, Proceedings 2006 | book-chapter<\/li>\n<li>Wavelet denoising as preprocessing stage to improve ICA performance in atrial fibrillation analysis Independent Component Analysis and Blind Signal Separation, Proceedings 2006 | book-chapter<\/li>\n<li>Feasibility and performance of methods based on statistical signal processing to study atrial fibrillation Computers in Cardiology 2005, Vol 32 2005 | book-chapter<\/li>\n<li><span style=\"font-size: 1rem\">Atrial activity extraction for atrial fibrillation analysis using blind source separation IEEE Transactions on Biomedical Engineering 2004 | journal-article<\/span><\/li>\n<li><span style=\"font-size: 1rem\">Wavelet blind separation: A new methodology for the analysis of atrial fibrillation from Holter recordings Computers in Cardiology 2004, Vol 31&nbsp;<\/span><\/li>\n<li><span style=\"font-size: 1rem\">Wavelet domain blind signal separation to analyze supraventricular arrhythmias from Holter registers Independent Component Analysis and Blind Signal Separation 2004 | book-chapter<\/span><\/li>\n<\/ul>\n<p>&nbsp;<\/p>\n<p>&nbsp;<\/p>\n<p>&nbsp;<\/p>\n<p>&nbsp;<\/p>\n<p>&nbsp;<\/p>\n<p class=\"col-md-9 col-sm-9 col-xs-7\">&nbsp;<\/p>\n<\/div>\n","protected":false},"excerpt":{"rendered":"<p>Si quieres ves mi registro ORCID puedes consultarlo aqu\u00ed: &nbsp;&nbsp; Enlace ORCID Aqu\u00ed se puede consultar mi perfil Google Acad\u00e9mico: Enlace Google Scholar&nbsp; Resumen de publicaciones internacionales: ARISTARKO: A Software Framework for Physiological Data Acquisition Ambient Intelligence- Software and Applications &hellip; <a href=\"https:\/\/blog.uclm.es\/cesarsanchez\/investigacion\/publicaciones\/\">Sigue leyendo <span class=\"meta-nav\">&rarr;<\/span><\/a><\/p>\n","protected":false},"author":33,"featured_media":0,"parent":18,"menu_order":1,"comment_status":"closed","ping_status":"closed","template":"","meta":{"footnotes":""},"class_list":["post-44","page","type-page","status-publish","hentry"],"_links":{"self":[{"href":"https:\/\/blog.uclm.es\/cesarsanchez\/wp-json\/wp\/v2\/pages\/44","targetHints":{"allow":["GET"]}}],"collection":[{"href":"https:\/\/blog.uclm.es\/cesarsanchez\/wp-json\/wp\/v2\/pages"}],"about":[{"href":"https:\/\/blog.uclm.es\/cesarsanchez\/wp-json\/wp\/v2\/types\/page"}],"author":[{"embeddable":true,"href":"https:\/\/blog.uclm.es\/cesarsanchez\/wp-json\/wp\/v2\/users\/33"}],"replies":[{"embeddable":true,"href":"https:\/\/blog.uclm.es\/cesarsanchez\/wp-json\/wp\/v2\/comments?post=44"}],"version-history":[{"count":4,"href":"https:\/\/blog.uclm.es\/cesarsanchez\/wp-json\/wp\/v2\/pages\/44\/revisions"}],"predecessor-version":[{"id":563,"href":"https:\/\/blog.uclm.es\/cesarsanchez\/wp-json\/wp\/v2\/pages\/44\/revisions\/563"}],"up":[{"embeddable":true,"href":"https:\/\/blog.uclm.es\/cesarsanchez\/wp-json\/wp\/v2\/pages\/18"}],"wp:attachment":[{"href":"https:\/\/blog.uclm.es\/cesarsanchez\/wp-json\/wp\/v2\/media?parent=44"}],"curies":[{"name":"wp","href":"https:\/\/api.w.org\/{rel}","templated":true}]}}