{"id":16,"date":"2017-10-27T10:04:27","date_gmt":"2017-10-27T09:04:27","guid":{"rendered":"http:\/\/blog.uclm.es\/cesarsanchez\/?page_id=16"},"modified":"2025-01-25T14:20:43","modified_gmt":"2025-01-25T12:20:43","slug":"docencia","status":"publish","type":"page","link":"https:\/\/blog.uclm.es\/cesarsanchez\/docencia\/","title":{"rendered":"Docencia"},"content":{"rendered":"<p><img loading=\"lazy\" decoding=\"async\" class=\"wp-image-454 size-medium alignright\" src=\"https:\/\/blog.uclm.es\/cesarsanchez\/wp-content\/uploads\/sites\/62\/2024\/11\/WhatsApp-Image-2024-11-11-at-11.42.00-1-300x169.jpeg\" alt=\"\" width=\"300\" height=\"169\" srcset=\"https:\/\/blog.uclm.es\/cesarsanchez\/wp-content\/uploads\/sites\/62\/2024\/11\/WhatsApp-Image-2024-11-11-at-11.42.00-1-300x169.jpeg 300w, https:\/\/blog.uclm.es\/cesarsanchez\/wp-content\/uploads\/sites\/62\/2024\/11\/WhatsApp-Image-2024-11-11-at-11.42.00-1-1024x576.jpeg 1024w, https:\/\/blog.uclm.es\/cesarsanchez\/wp-content\/uploads\/sites\/62\/2024\/11\/WhatsApp-Image-2024-11-11-at-11.42.00-1-768x432.jpeg 768w, https:\/\/blog.uclm.es\/cesarsanchez\/wp-content\/uploads\/sites\/62\/2024\/11\/WhatsApp-Image-2024-11-11-at-11.42.00-1-1536x864.jpeg 1536w, https:\/\/blog.uclm.es\/cesarsanchez\/wp-content\/uploads\/sites\/62\/2024\/11\/WhatsApp-Image-2024-11-11-at-11.42.00-1-500x281.jpeg 500w, https:\/\/blog.uclm.es\/cesarsanchez\/wp-content\/uploads\/sites\/62\/2024\/11\/WhatsApp-Image-2024-11-11-at-11.42.00-1.jpeg 1920w\" sizes=\"auto, (max-width: 300px) 100vw, 300px\" \/>Profesor de las asignaturas troncales de Electr\u00f3nica I, Electr\u00f3nica II e Introducci\u00f3n a la Electromedicina en el t\u00edtulo extinguido de Ingenier\u00eda T\u00e9cnica de Telecomunicaci\u00f3n, esp. Sonido e Imagen de la UCLM entre los cursos 1999\/00 y 2009\/10.<\/p>\n<p>He sido profesor de las asignaturas de Componentes y Circuitos, Dispositivos Electr\u00f3nicos, Equipos Audiovisuales de Electromedicina, Sensores y Redes de Sensores e Infraestructuras de Telecomunicaci\u00f3n en el Grado en Ingenier\u00eda de Sistemas Audiovisuales de Telecomunicaci\u00f3n de la UCLM entre los a\u00f1os 2010 y 2016, pasando posteriormente a impartir docencia en esas asignaturas dentro del Grado en Ingenier\u00eda de Tecnolog\u00edas de Telecomunicaci\u00f3n que sustituy\u00f3 al anterior. Desde el a\u00f1o 2017 tambi\u00e9n he impartido docencia en el M\u00e1ster Universitario en Ingenier\u00eda de Telecomunicaci\u00f3n con las asignaturas de\u00a0 Instrumentaci\u00f3n Electr\u00f3nica y Sensores (curso 2017-18 hasta la actualidad) y la de Integraci\u00f3n de Tecnolog\u00edas de Telecomunicaci\u00f3n(cursos 2017-2018 hasta 2019-20). Gracias al convenio de la UCLM con la Consejer\u00eda de Educaci\u00f3n, Cultura y Deporte tambi\u00e9n he impartido clases dentro del Ciclo Formativo de Grado Superior \u00abT\u00e9cnico Superior de Electromedicina Cl\u00ednica\u00bb desde el a\u00f1o 2018 hasta la actualidad. Actualmente imparto docencia en el Grado de Ingenier\u00eda Biom\u00e9dica implantado en el curso 2023-24 en la Universidad de Castilla-La Mancha en la asignatura de Gesti\u00f3n y Calidad en Tecnolog\u00eda Sanitaria.<\/p>\n<p>Mi docencia actual es la siguiente:<\/p>\n<ul>\n<li><span style=\"color: #333399\"><strong>Grado en Ingenier\u00eda Biom\u00e9dica (<a href=\"https:\/\/www.uclm.es\/cuenca\/epc\/gradoingbiomedica\/planestudios\">Plan de Estudios<\/a>)<\/strong><\/span>\n<ul>\n<li>Calidad y Gesti\u00f3n en Tecnolog\u00eda Sanitaria (Segundo Curso, <a href=\"https:\/\/planea.apps.uclm.es\/web\/guia\/422\/59718\">gu\u00eda docente<\/a>)<\/li>\n<\/ul>\n<\/li>\n<li><strong><span style=\"color: #333399\">M\u00e1ster\u00a0Universitario de Ingenier\u00eda de Telecomunicaci\u00f3n (<\/span><a style=\"color: #333399\" href=\"https:\/\/www.uclm.es\/cuenca\/epc\/masterteleco\/planestudios\">Plan de Estudios<\/a><span style=\"color: #333399\">)<\/span><\/strong>\n<ul>\n<li>Instrumentaci\u00f3n Electr\u00f3nica y Sensores (Primer curso, <a href=\"https:\/\/planea.apps.uclm.es\/web\/guia\/2374\/311226\">gu\u00eda docente<\/a>)<\/li>\n<\/ul>\n<\/li>\n<li><span style=\"color: #333399\"><strong>Ciclo Formativo GS T\u00e9cnico S. Electromedicina Cl\u00ednica \u00a0(<a href=\"http:\/\/www.educa.jccm.es\/es\/fpclm\/ciclos-formativos-1\/tecnico-superior-electromedicina-clinica\">Plan de Estudios<\/a>)<\/strong><\/span>\n<ul>\n<li>M\u00f3dulo \u00a01588. Sistemas de radiodiagn\u00f3stico, radioterapia e imagen m\u00e9dica<\/li>\n<li>M\u00f3dulo 1589. Sistemas de monitorizaci\u00f3n, registro y cuidados cr\u00edticos<\/li>\n<li>M\u00f3dulo 1590. Sistemas de laboratorio y hemodi\u00e1lisis<\/li>\n<\/ul>\n<\/li>\n<\/ul>\n\n\n<h2 class=\"wp-block-heading\">Publicaciones de innovaci\u00f3n docente<\/h2>\n\n\n\n<p>Cap\u00edtulo de libro: <strong>Oferta de talleres cient\u00edfico-t\u00e9cnicos a centros de educaci\u00f3n secundaria para promocionar la ingenier\u00eda y la ciencia. Bases para una docencia actualizada.<\/strong> Actividad de divulgaci\u00f3n recogida en la gu\u00eda de valorizaci\u00f3n de la actividad divulgadora CRUE\/FECYT. Joaquin Fuentes del Burgo; Ana Maria Torres Aranda; Juan VicenteVisier Masso; Miguel angel Ruiz Rey; Isabel Gonzalez Rodriguez; Raquel Martinez Lucas; Cesar Sanchez Melendez; Miguel angel Lopez Guerrero. 2020. TIRANT LO BLANCH. pp.153-165. ISBN 978-84-1853448-5. <\/p>\n\n\n\n<p>Congreso: Jose Antonio Ballesteros Garrido; Marcos David Fernandez Berlanga; Raquel Cervigon Abad; et al; Juan Manuel Sanchez Tomas. <strong>INDIVIDUAL ATTENTION PLAN FOR FIRST YEAR STUDENTS<\/strong>. EUROPEAN FIRST YEAR EXPERIENCE (EFYE) 2022. 21\/04\/2022. <\/p>\n\n\n\n<p>Congreso: Marcos David Fernandez Berlanga; Samuel Quintana Gomez; Jose Antonio Ballesteros Garrido; Cesar Sanchez Melendez; Miguel angel Lopez Guerrero; Raquel Martinez Lucas; Jose Luis Gonzalez Geraldo. <strong>EMPLOYMENT ORIENTATION AND POTENTIATION OF THE SOFT SKILLS FOR LAST YEAR STUDENTS AT UNIVERSITY STUDIES RELATED TO TELECOMMUNICATIONS. <\/strong>INTED2022 : 16TH ANNUAL INTERNATIONAL TECHNOLOGY, EDUCATION AND DEVELOPMENT CONFERENCE. 07\/03\/2022. <\/p>\n\n\n\n<p>Congreso: Jose Antonio Ballesteros Garrido; Marcos David Fernandez Berlanga; Raquel CervigonAbad; et al; Juan Manuel Sanchez Tomas. <strong>MEJORANDO LA ADAPTACION INICIAL DEL ESTUDIANTE A TRAVES DE UN PLAN DE ATENCION INDIVIDUALIZADA. EXPERIENCIA EN EL GRADO DE INGENIERIA DE TECNOLOGIAS DE TELECOMUNICACION<\/strong>. XXVIII CONGRESO UNIVERSITARIO DE INNOVACION EDUCATIVA EN LAS ENSE\u00d1ANZAS TECNICAS (CUIEET). 10\/09\/2021. <\/p>\n\n\n\n<p>Congreso: Marcos David Fernandez Berlanga; Samuel Quintana Gomez; Jose Antonio Ballesteros Garrido; Cesar Sanchez Melendez; Miguel angel Lopez Guerrero; Raquel Martinez Lucas; Angel Belenguer Martinez; Jose Luis Gonzalez Geraldo. <strong>ORIENTACION LABORAL Y POTENCIACION DE LAS \u2018SOFT SKILLS\u2019 PARA LOS ESTUDIANTES DE ULTIMO CURSO DEL GRADO EN INGENIERIA DE TECNOLOGIAS DE TELECOMUNICACION (GITT<\/strong>). IV JORNADAS DE INNOVACION DOCENTE. 17\/06\/2021. <\/p>\n\n\n\n<div class=\"wp-block-buttons is-layout-flex wp-block-buttons-is-layout-flex\"><\/div>\n\n\n\n<p><\/p>\n","protected":false},"excerpt":{"rendered":"<p>Profesor de las asignaturas troncales de Electr\u00f3nica I, Electr\u00f3nica II e Introducci\u00f3n a la Electromedicina en el t\u00edtulo extinguido de Ingenier\u00eda T\u00e9cnica de Telecomunicaci\u00f3n, esp. Sonido e Imagen de la UCLM entre los cursos 1999\/00 y 2009\/10. He sido profesor &hellip; <a href=\"https:\/\/blog.uclm.es\/cesarsanchez\/docencia\/\">Sigue leyendo <span class=\"meta-nav\">&rarr;<\/span><\/a><\/p>\n","protected":false},"author":33,"featured_media":0,"parent":0,"menu_order":0,"comment_status":"closed","ping_status":"closed","template":"","meta":{"footnotes":""},"class_list":["post-16","page","type-page","status-publish","hentry"],"_links":{"self":[{"href":"https:\/\/blog.uclm.es\/cesarsanchez\/wp-json\/wp\/v2\/pages\/16","targetHints":{"allow":["GET"]}}],"collection":[{"href":"https:\/\/blog.uclm.es\/cesarsanchez\/wp-json\/wp\/v2\/pages"}],"about":[{"href":"https:\/\/blog.uclm.es\/cesarsanchez\/wp-json\/wp\/v2\/types\/page"}],"author":[{"embeddable":true,"href":"https:\/\/blog.uclm.es\/cesarsanchez\/wp-json\/wp\/v2\/users\/33"}],"replies":[{"embeddable":true,"href":"https:\/\/blog.uclm.es\/cesarsanchez\/wp-json\/wp\/v2\/comments?post=16"}],"version-history":[{"count":9,"href":"https:\/\/blog.uclm.es\/cesarsanchez\/wp-json\/wp\/v2\/pages\/16\/revisions"}],"predecessor-version":[{"id":581,"href":"https:\/\/blog.uclm.es\/cesarsanchez\/wp-json\/wp\/v2\/pages\/16\/revisions\/581"}],"wp:attachment":[{"href":"https:\/\/blog.uclm.es\/cesarsanchez\/wp-json\/wp\/v2\/media?parent=16"}],"curies":[{"name":"wp","href":"https:\/\/api.w.org\/{rel}","templated":true}]}}