{"id":13,"date":"2016-09-20T10:00:02","date_gmt":"2016-09-20T09:00:02","guid":{"rendered":"http:\/\/blog.uclm.es\/catedrajeanmonnet\/?page_id=13"},"modified":"2022-10-12T13:38:13","modified_gmt":"2022-10-12T11:38:13","slug":"events","status":"publish","type":"page","link":"https:\/\/blog.uclm.es\/catedrajeanmonnet\/events\/","title":{"rendered":"ACTIVIDADES"},"content":{"rendered":"<p style=\"text-align: left\"><strong>2022<\/strong><\/p>\n<p><em><strong>REALaw Forum of Young Scholars<\/strong><\/em><\/p>\n<ul>\n<li>6 y 7\/10.2022. <em><a href=\"https:\/\/blog.uclm.es\/catedrajeanmonnet\/2022\/09\/06\/realaw-forum\/\">European Administrative Law and the Challenges of Uncertainty<\/a><\/em><\/li>\n<\/ul>\n<p><strong>Seminario sobre <em>La litigaci\u00f3n ambiental en Espa\u00f1a y en la UE<\/em><\/strong><\/p>\n<ul>\n<li>04\/04\/2022. Guillermo Mart\u00ednez. <em><a href=\"https:\/\/blog.uclm.es\/catedrajeanmonnet\/2022\/04\/01\/seminario-sobre-la-litigacion-ambiental-en-espana-y-en-la-ue\/\">La litigaci\u00f3n ambiental en la UE<\/a><\/em><\/li>\n<li>04\/04\/2022. Sofia Somou. <em><a href=\"https:\/\/blog.uclm.es\/catedrajeanmonnet\/2022\/04\/01\/seminario-sobre-la-litigacion-ambiental-en-espana-y-en-la-ue\/\">La litigaci\u00f3n ambiental en Espa\u00f1a<\/a><\/em><\/li>\n<\/ul>\n<p><strong>Ciclo de conferencias <em>Jean Monnet<\/em><\/strong><\/p>\n<ul>\n<li>09\/02\/2022. Ra\u00fal Cancio. <a href=\"https:\/\/blog.uclm.es\/catedrajeanmonnet\/2022\/02\/08\/conferencia-de-raul-cancio\/\"><em>El recurso contencioso-administrativo<\/em><\/a><\/li>\n<li>02\/03\/2022. Antonio Pic\u00f3n. <em><a href=\"https:\/\/blog.uclm.es\/catedrajeanmonnet\/2022\/03\/10\/conferencias-de-antonio-picon-2\/\">Contratos p\u00fablicos<\/a><\/em><\/li>\n<li>09\/03\/2022. Antonio Pic\u00f3n. <em><a href=\"https:\/\/blog.uclm.es\/catedrajeanmonnet\/2022\/03\/10\/conferencias-de-antonio-picon-2\/\">Expropiaci\u00f3n forzosa<\/a><\/em><\/li>\n<\/ul>\n<p><strong>Seminario sobre <em>Derecho p\u00fablico global en perspectiva Latinoamericana<\/em><\/strong><\/p>\n<ul>\n<li>24\/04\/2022. <em><a href=\"https:\/\/blog.uclm.es\/catedrajeanmonnet\/2022\/10\/10\/iv-jornada-latinoamericana-sobre-derecho-publico-global\/\">IV Jornada Latinoamericana sobre Derecho P\u00fablico Global<\/a><\/em><\/li>\n<\/ul>\n<p style=\"text-align: left\"><strong>2021<\/strong><\/p>\n<p><strong>Seminario sobre <em>Derecho energ\u00e9tico y ambiental de la Uni\u00f3n Europea<\/em><\/strong><\/p>\n<ul>\n<li>18\/11\/2021. Irene Ruiz Olmo, <a href=\"https:\/\/blog.uclm.es\/catedrajeanmonnet\/2021\/11\/18\/seminario-de-derecho-energetico-y-ambiental-de-la-union-europea\/\"><em>Precio de la electricidad y bono social<\/em><\/a><\/li>\n<li>18\/11\/2021. Francisco Delgado Piqueras, <a href=\"https:\/\/blog.uclm.es\/catedrajeanmonnet\/2021\/11\/18\/seminario-de-derecho-energetico-y-ambiental-de-la-union-europea\/\"><em>La electricidad verde en la Uni\u00f3n Europea<\/em><\/a><\/li>\n<\/ul>\n<p><strong>Online Workshop on <em>Artificial Intelligence Systems and EU Law Enforcement<\/em><\/strong><\/p>\n<ul>\n<li>14\/05\/2021. <a href=\"https:\/\/blog.uclm.es\/catedrajeanmonnet\/2021\/05\/14\/eulen-webinar-on-artificial-intelligence-systems-and-eu-law-enforcement\/\"><em>Artificial Intelligence Systems and EU Law Enforcement<\/em><\/a><\/li>\n<\/ul>\n<p><strong>Seminario sobre <em>Integraci\u00f3n jur\u00eddica en Europa y en Am\u00e9rica Latina<\/em><\/strong><\/p>\n<ul>\n<li>14\/01\/2021. Jamile Mata Diz. <a href=\"https:\/\/blog.uclm.es\/catedrajeanmonnet\/2021\/10\/26\/seminario-sobre-integracion-juridica-en-europa-y-en-america-latina\/\"><em>Las\u00a0experiencias de integraci\u00f3n regional: Mercosur y UE<\/em><\/a><\/li>\n<\/ul>\n<p><strong>Seminario sobre <em>Derecho p\u00fablico global en perspectiva Latinoamericana<\/em><\/strong><\/p>\n<ul>\n<li>22\/01\/2021. <a href=\"https:\/\/blog.uclm.es\/catedrajeanmonnet\/2021\/01\/22\/iii-jornada-latinoamericana-sobre-derecho-publico-global\/\"><em>III Jornada Latinoamericana sobre\u00a0Derecho P\u00fablico Global<\/em><\/a><\/li>\n<\/ul>\n<p><strong>Ciclo de conferencias <em>Jean Monnet<\/em><\/strong><\/p>\n<ul>\n<li>24\/11\/2021.\u00a0Jos\u00e9 Mar\u00eda Rodr\u00edguez de Santiago, <em><a href=\"https:\/\/blog.uclm.es\/catedrajeanmonnet\/2021\/11\/24\/seminario-sobre-la-crisis-de-autoridad-del-derecho-de-la-union-europea\/\">El desaf\u00edo del Tribunal Constitucional alem\u00e1n<\/a><\/em><\/li>\n<li>24\/11\/2021.\u00a0Dolores Utrilla, <a href=\"https:\/\/blog.uclm.es\/catedrajeanmonnet\/2021\/11\/24\/seminario-sobre-la-crisis-de-autoridad-del-derecho-de-la-union-europea\/\"><em>El desaf\u00edo del Tribunal Constitucional polaco<\/em><\/a><\/li>\n<li>20\/04\/2021. Antonio Pic\u00f3n. <a href=\"https:\/\/blog.uclm.es\/catedrajeanmonnet\/2021\/04\/26\/conferencias-de-antonio-picon\/\"><em>Expropiaci\u00f3n forzosa<\/em><\/a><\/li>\n<li>09\/02\/2021. Antonio Pic\u00f3n. <em><a href=\"https:\/\/blog.uclm.es\/catedrajeanmonnet\/2021\/04\/26\/conferencias-de-antonio-picon\/\">Contratos p\u00fablicos<\/a><\/em><\/li>\n<\/ul>\n<p><strong style=\"font-size: revert;text-align: center\">2020<\/strong><\/p>\n<p><strong>Seminario sobre <em>Derecho<\/em> de la UE de la Energ\u00eda y del Medio Ambiente<\/strong><\/p>\n<ul>\n<li>26\/11\/2020. Alessandra Donati. <em><a href=\"https:\/\/blog.uclm.es\/catedrajeanmonnet\/2021\/04\/13\/seminario-sobre-derecho-de-la-ue-de-la-energia-y-del-medio-ambiente\/\">El principio de precauci\u00f3n en el Derecho de la UE<\/a><\/em><\/li>\n<li>13\/04\/2021. Marcos Vaquer.\u00a0<em><a href=\"https:\/\/blog.uclm.es\/catedrajeanmonnet\/2021\/04\/13\/seminario-sobre-derecho-de-la-ue-de-la-energia-y-del-medio-ambiente\/\">Los p<\/a><\/em><em><a href=\"https:\/\/blog.uclm.es\/catedrajeanmonnet\/2021\/04\/13\/seminario-sobre-derecho-de-la-ue-de-la-energia-y-del-medio-ambiente\/\">roblemas del recorte de las primas a las energias renovables<\/a><\/em><\/li>\n<\/ul>\n<p><strong>Ciclo de conferencias <em>Jean Monnet<\/em><\/strong><\/p>\n<ul>\n<li>09\/12\/2020. David Fern\u00e1ndez-Rojo.\u00a0<a href=\"https:\/\/blog.uclm.es\/catedrajeanmonnet\/2020\/11\/30\/ciclo-de-conferencias-jean-monnet\/\"><i style=\"font-size: 1rem\">La gesti\u00f3n de las fronteras exteriores de la Uni\u00f3n Europea \u00bfHacia una mayor securitizaci\u00f3n?<\/i><\/a><\/li>\n<li>26\/11\/2020. Alessandra Donati.\u00a0<a href=\"https:\/\/blog.uclm.es\/catedrajeanmonnet\/2020\/11\/30\/ciclo-de-conferencias-jean-monnet\/\"><i style=\"font-size: 1rem\">El principio de precauci\u00f3n en el Derecho de la Uni\u00f3n Europea<\/i><\/a><\/li>\n<li>05\/11\/2020. Luis Arroyo.\u00a0<a href=\"https:\/\/blog.uclm.es\/catedrajeanmonnet\/2020\/11\/30\/ciclo-de-conferencias-jean-monnet\/\"><i style=\"font-size: 1rem\">La respuesta de la Uni\u00f3n Europea a la epidemia de COVID-19<\/i><\/a><\/li>\n<li>05\/11\/2020. Dolores Utrilla. <a href=\"https:\/\/blog.uclm.es\/catedrajeanmonnet\/2020\/11\/30\/ciclo-de-conferencias-jean-monnet\/\"><em>Lagunas en el sistema de tutela judicial europeo<\/em><\/a><\/li>\n<\/ul>\n<p class=\"entry-title\"><strong>Seminario de <em>Derecho administrativo europeo y global<\/em><\/strong><\/p>\n<ul>\n<li>\n<p class=\"entry-title\">24 y 25\/03, y 01\/04.2020. Seminario. <em><a href=\"https:\/\/blog.uclm.es\/catedrajeanmonnet\/2020\/03\/14\/seminario-de-derecho-administrativo-europeo-y-global\/\">Seminario de Derecho administrativo europeo y global<\/a><\/em><\/p>\n<\/li>\n<\/ul>\n<p style=\"text-align: left\"><strong>2019<\/strong><\/p>\n<p><strong>Congreso \u2013 <i>The\u00a0Modernization of\u00a0European Administrative Law<\/i><br \/><\/strong><\/p>\n<ul>\n<li>13\/12\/2019. VI Congreso de la Red Internacional de Derecho Europeo. Instituto Nacional de Administraci\u00f3n P\u00fablica. <em><i><a href=\"http:\/\/blog.uclm.es\/catedrajeanmonnet\/2019\/12\/20\/the-modernization-of-european-administrative-law\/\" rel=\"noopener\">The\u00a0Modernization of\u00a0European Administrative Law<\/a><\/i><\/em><\/li>\n<\/ul>\n<p><strong style=\"font-size: revert\">Seminario &#8211; <em>Administrative Law beyond the State<\/em><\/strong><\/p>\n<ul>\n<li>13\/12\/2019.\u00a0<span style=\"font-size: revert\">Working session of the Project on\u00a0<em><a href=\"https:\/\/blog.uclm.es\/catedrajeanmonnet\/2019\/12\/13\/administrative-law-beyond-the-state-2\/\">Administrative Law beyond the State<\/a><\/em><\/span><span style=\"font-size: revert\">, i<\/span><span style=\"font-size: revert\">n the framework of the VI RIDE Conference<\/span><\/li>\n<\/ul>\n<p><strong>Ciclo de conferencias <em>Jean Monnet<\/em><\/strong><\/p>\n<ul>\n<li>09\/10\/2019. Luis Medina. <em><a href=\"https:\/\/blog.uclm.es\/catedrajeanmonnet\/2019\/10\/10\/conferencia-de-luis-medina\/\">El r\u00e9gimen local ante el Tribunal Constitucional<\/a>\u00a0<\/em><\/li>\n<li>09\/10\/2019. Rodrigo caballero. <em><a href=\"https:\/\/blog.uclm.es\/catedrajeanmonnet\/2019\/10\/09\/conferencia-de-rodrigo-caballero\/\">Los municipios y la actividad urban\u00edstica<\/a><\/em><\/li>\n<li>07\/10\/2019. Daniel Sarmiento. <em><a href=\"https:\/\/blog.uclm.es\/catedrajeanmonnet\/2019\/10\/07\/conferencia-de-daniel-sarmiento\/\">Una salida para el Brexit<\/a><\/em><\/li>\n<li>02\/04\/2019. Gabriel Moreno.<em> <a href=\"http:\/\/blog.uclm.es\/catedrajeanmonnet\/2019\/04\/02\/gabriel-moreno-donoso-cortes-en-carl-schmitt\/\">Donoso Cort\u00e9s en Carl Schmitt<\/a><\/em><\/li>\n<li>02\/04\/2019. Gabriel Moreno.<em> <a href=\"http:\/\/blog.uclm.es\/catedrajeanmonnet\/2019\/04\/02\/gabriel-moreno-la-gobernanza-economica-de-la-ue\/\">La gobernanza econ\u00f3mica de la Uni\u00f3n Europea<\/a><\/em><\/li>\n<li>13\/02\/2019. Patricia P\u00e9rez. <em><a href=\"https:\/\/blog.uclm.es\/catedrajeanmonnet\/2019\/02\/12\/conferencia-de-patricia-perez-la-aplicacion-del-derecho-europeo-de-la-competencia\/\">La aplicaci\u00f3n del Derecho europeo de la competencia<\/a><\/em><\/li>\n<\/ul>\n<p><strong>Di\u00e1logo ciudadano &#8211; <em>Juventud, pol\u00edtica y mujer<\/em><\/strong><\/p>\n<ul>\n<li>12\/03\/2019.\u00a0Facultad de Derecho y Ciencias Sociales, Ciudad Real. UCLM. Encuentro de di\u00e1logo ciudadano sobre\u00a0<a href=\"http:\/\/blog.uclm.es\/catedrajeanmonnet\/2019\/03\/17\/dialogo-ciudadano-juventud-politica-y-mujer\/\"><em>Juventud, pol\u00edtica y mujer<\/em><\/a><\/li>\n<\/ul>\n<p><strong>Jornada &#8211; <em>Energ\u00edas renovables y regulaci\u00f3n en Europa<\/em><\/strong><\/p>\n<ul>\n<li>11\/03\/2019. Facultad de Derecho y Ciencias Sociales, Ciudad Real. UCLM. Jornada sobre <em><a href=\"http:\/\/blog.uclm.es\/catedrajeanmonnet\/2019\/03\/17\/jornada-energias-renovables-y-regulacion-en-europa\/\">Energ\u00edas renovables y regulaci\u00f3n en Europa<\/a><\/em><\/li>\n<\/ul>\n<p style=\"text-align: left\"><strong>2018<\/strong><\/p>\n<p><strong>Seminarios &#8211; <em>Gobiernos Locales y Pol\u00edticas P\u00fablicas Locales en Europa e Iberoamerica<\/em><\/strong><\/p>\n<ul>\n<li>9 y 13\/07\/2018. <em><a href=\"https:\/\/blog.uclm.es\/catedrajeanmonnet\/2018\/07\/15\/seminario-politicas-publicas-locales-en-europa-e-iberoamerica-2018\/\">Pol\u00edticas P\u00fablicas Locales en Europa e Iberoamerica<\/a><\/em><\/li>\n<li>4 y 5\/07\/2018. <em><a href=\"https:\/\/blog.uclm.es\/catedrajeanmonnet\/2018\/07\/15\/seminario-gobiernos-locales-en-europa-e-iberoamerica-2018\/\">Gobiernos Locales en Europa e Iberoam\u00e9rica<\/a><\/em><\/li>\n<\/ul>\n<p><strong>Seminario &#8211; <em>EU Administrative Law &#8211; Within and Beyond the Single Market<\/em><\/strong><\/p>\n<ul>\n<li>18\/05\/2018. Workshop at the University of Castilla-La Mancha, Almagro (Spain), on <em><a href=\"https:\/\/blog.uclm.es\/catedrajeanmonnet\/2018\/05\/05\/workshop-eu-administrative-law-almagro\/\">EU Administrative Law &#8211; Within and Beyond the Single Market<\/a><\/em>.<\/li>\n<\/ul>\n<p><strong>Congreso &#8211; <em>Brexit: A Challenge for Europe<br \/><\/em><\/strong><\/p>\n<ul>\n<li>20\/04\/2018. V Congreso de la Red Internacional de Derecho Europeo. Real Colegio de Espa\u00f1a\/SPISA, Bologna. <a href=\"https:\/\/blog.uclm.es\/catedrajeanmonnet\/2018\/05\/03\/congreso-brexit-a-challenge-for-europe\/\" rel=\"noopener\"><em>Brexit: A Challenge for Europe<\/em><\/a><\/li>\n<\/ul>\n<p><strong>Ciclo de conferencias <em>Jean Monnet<\/em><\/strong><\/p>\n<ul>\n<li>21\/11\/2018. Seminario. <a href=\"https:\/\/blog.uclm.es\/catedrajeanmonnet\/2018\/11\/21\/seminario-problemas-actuales-de-derecho-local\/\"><em>Problemas actuales de Derecho local 2018<\/em><\/a><\/li>\n<li>17\/10\/2018. Virginia Marco. <a href=\"https:\/\/blog.uclm.es\/catedrajeanmonnet\/2018\/10\/16\/conferencia-de-virginia-marco-y-roadtoeuropecr\/\"><em>El papel de las regiones en la Uni\u00f3n Europea<\/em><\/a><\/li>\n<li>08\/05\/2018. Manuel G\u00e1mez Mej\u00edas. <a href=\"https:\/\/blog.uclm.es\/catedrajeanmonnet\/2018\/05\/03\/conferencia-de-tomas-cano\/\" rel=\"noopener\"><em>R\u00e9gimen jur\u00eddico de los sectores regulados: la energ\u00eda<\/em><\/a><\/li>\n<li>24\/04\/2018. Tom\u00e1s Cano Campos. <a href=\"https:\/\/blog.uclm.es\/catedrajeanmonnet\/2018\/05\/03\/conferencia-de-tomas-cano\/\" rel=\"noopener\"><em>R\u00e9gimen jur\u00eddico de los sectores regulados: el transporte<\/em><\/a><\/li>\n<li>20\/02\/2018. Soledad Gallego D\u00edaz. <a href=\"https:\/\/blog.uclm.es\/catedrajeanmonnet\/2018\/02\/21\/conferencia-de-soledad-gallego-diaz\/\"><em>Periodismo y libertades de la comunicaci\u00f3n en la era digital<\/em><\/a><\/li>\n<li>14\/02\/2018. Miguel Pardo Gonz\u00e1lez. <em><a href=\"https:\/\/blog.uclm.es\/catedrajeanmonnet\/2018\/02\/21\/conferencia-de-miguel-pardo\/\">La nueva Ley de Contratos del Sector P\u00fablico<\/a><\/em><\/li>\n<\/ul>\n<p style=\"text-align: left\"><strong>2017 <\/strong><\/p>\n<p><strong>Congreso &#8211; <em>Nuevas perspectivas de Derecho Administrativo Global<\/em><\/strong><\/p>\n<ul>\n<li>15\/12\/2017. IV Congreso de la Red Internacional de Derecho Europeo. CUNEF\/UCLM, Madrid. <a href=\"https:\/\/blog.uclm.es\/catedrajeanmonnet\/2017\/11\/16\/nuevas-perspectivas-de-derecho-administrativo-global\/\"><em>Nuevas perspectivas de Derecho Administrativo Global<\/em><\/a><\/li>\n<\/ul>\n<p><strong>Jornada &#8211; <em>La crisis de Catalu\u00f1a. Entre la Constituci\u00f3n y el C\u00f3digo Penal<\/em><\/strong><\/p>\n<ul>\n<li>04\/12\/2017. Facultad de Derecho y Ciencias Sociales, Ciudad Real. UCLM. <em><a href=\"https:\/\/blog.uclm.es\/catedrajeanmonnet\/2017\/11\/16\/la-crisis-de-cataluna-entre-la-constitucion-y-el-codigo-penal\/\">La crisis de Catalu\u00f1a. Entre la Constituci\u00f3n y el C\u00f3digo Penal<\/a> <\/em>[Cr\u00f3nica en RTVE <a href=\"http:\/\/rtve.es\/v\/4365905?t=15m10s\" target=\"_blank\" rel=\"noopener noreferrer\">aqu\u00ed<\/a>]<\/li>\n<\/ul>\n<p><strong>Seminario &#8211; <em>Los procedimientos administrativos compuestos en la Uni\u00f3n Europea<\/em><\/strong><\/p>\n<ul>\n<li>23\/10\/2017. Seminario del Centro de Estudios Europeos, Toledo. UCLM. <a href=\"https:\/\/www.youtube.com\/watch?v=0jfxT0Swjkg&amp;feature=youtu.be\" target=\"_blank\" rel=\"noopener noreferrer\"><em>Los procedimientos administrativos compuestos en la Uni\u00f3n Europea<\/em><\/a><\/li>\n<\/ul>\n<p><strong>Ciclo de conferencias <em>Jean Monnet<\/em><\/strong><\/p>\n<ul>\n<li>14\/12\/2017. Andr\u00e9s Boix. <em><a href=\"https:\/\/blog.uclm.es\/catedrajeanmonnet\/2017\/12\/11\/conferencia-andres-boix-del-mercado-comun-al-mercado-unico\/\">Del mercado com\u00fan al mercado \u00fanico<\/a><\/em><\/li>\n<li>03\/11\/2017. Mesa redonda. <a href=\"https:\/\/blog.uclm.es\/catedrajeanmonnet\/2017\/10\/24\/el-derecho-administrativo-global-sujetos-procesos-principios\/\"><em>El Derecho administrativo global<\/em><\/a><\/li>\n<li>19\/10\/2017. Mesa redonda. <em><a href=\"https:\/\/blog.uclm.es\/catedrajeanmonnet\/2017\/10\/20\/mesa-redonda-la-armonizacion-penal-en-la-ue\/\">La armonizaci\u00f3n penal en la UE<\/a><\/em><\/li>\n<li>28\/09\/2017. Isaac Mart\u00edn Delgado. <em><a href=\"https:\/\/blog.uclm.es\/catedrajeanmonnet\/2017\/10\/20\/conferencia-el-brexit-en-4-preguntas\/\">El Brexit en 4 preguntas<\/a><\/em><\/li>\n<li>20\/09\/2017. Luis Arroyo Zapatero. <a href=\"https:\/\/blog.uclm.es\/catedrajeanmonnet\/2017\/10\/20\/conferencia-por-que-europa\/\"><em>\u00bfPor qu\u00e9 Europa?<\/em><\/a><\/li>\n<\/ul>\n<p><strong>Curso de verano &#8211; <em>Pol\u00edtica y regulaci\u00f3n de la energ\u00eda en Europa<\/em><\/strong><\/p>\n<ul>\n<li>06 y 07\/07\/2017. Curso de verano. <a href=\"https:\/\/blog.uclm.es\/catedrajeanmonnet\/2017\/05\/03\/politica-y-regulacion-de-la-energia-en-europa\/\"><em>Pol\u00edtica y regulaci\u00f3n de la energ\u00eda en Europa<\/em><\/a><\/li>\n<\/ul>\n<p><strong>Seminarios &#8211; <em>Gobiernos Locales y Pol\u00edticas P\u00fablicas Locales en Europa e Iberoamerica<\/em><\/strong><\/p>\n<ul>\n<li>10 y 13\/07\/2017. <em><a href=\"https:\/\/blog.uclm.es\/catedrajeanmonnet\/2017\/07\/02\/seminario-politicas-publicas-locales-en-europa-e-iberoamerica\/\">Pol\u00edticas P\u00fablicas Locales en Europa e Iberoamerica<\/a><\/em><\/li>\n<li>5 y 6\/07\/2017. <em><a href=\"https:\/\/blog.uclm.es\/catedrajeanmonnet\/2017\/07\/01\/seminario-gobiernos-locales-en-europa-e-iberoamerica\/\">Gobiernos Locales en Europa e Iberoam\u00e9rica<\/a><\/em><\/li>\n<\/ul>\n<p><strong>Seminario &#8211; <em>Sanzioni amministrative ed esercizio dello ius puniendi: Da Engel a Grande Stevens<\/em><br \/><\/strong><\/p>\n<ul>\n<li>28\/04\/2017. Seminario Universit\u00e0 di Bologna. <a href=\"https:\/\/blog.uclm.es\/catedrajeanmonnet\/2017\/04\/01\/seminario-sanzioni-amministrative-ed-esercizio-dello-ius-puniendi-da-engel-a-grande-stevens\/\"><em>Sanzioni amministrative ed esercizio dello ius puniendi: Da Engel a Grande Stevens<\/em><\/a><\/li>\n<\/ul>\n<p><strong>Seminario &#8211; <em>Principi e Tendenze nel Diritto Pubblico Europeo<\/em><br \/><\/strong><\/p>\n<ul>\n<li>07\/04\/2017. Seminario Universit\u00e0 di Bologna. <em><a href=\"https:\/\/blog.uclm.es\/catedrajeanmonnet\/2017\/03\/31\/seminario-universita-di-bologna-principi-e-tendenze-nel-diritto-pubblico-europeo\/\" target=\"_blank\" rel=\"noopener noreferrer\">Principi e Tendenze nel Diritto Pubblico Europeo<\/a><\/em><\/li>\n<\/ul>\n<p><strong>Ciclo de conferencias &#8211; <em>Derecho administrativo (espa\u00f1ol, europeo, global)<\/em><br \/><\/strong><\/p>\n<ul>\n<li>25\/04\/2017. Pilar Navarro. <em><a href=\"https:\/\/blog.uclm.es\/catedrajeanmonnet\/2017\/04\/26\/conferencia-pilar-navarro-arbitraje-internacional-de-inversiones-y-derecho-administrativo-global\/\">Arbitraje internacional de inversiones y Derecho administrativo global<\/a><\/em><\/li>\n<li>06\/04\/2017. Jes\u00fas Fuentetaja. <em><a href=\"https:\/\/blog.uclm.es\/catedrajeanmonnet\/2017\/03\/31\/conferencia-jesus-fuentetaja-el-procedimiento-administrativo-europeo\/\">El procedimiento administrativo europeo<\/a><\/em><\/li>\n<li>05\/04\/2017. Benjam\u00edn S\u00e1nchez. <em><a href=\"https:\/\/blog.uclm.es\/catedrajeanmonnet\/2017\/03\/30\/conferencia-benjamin-sanchez-teoria-y-practica-de-la-expropiacion-forzosa\/\">Teor\u00eda y pr\u00e1ctica de la expropiaci\u00f3n forzosa<\/a><\/em><\/li>\n<li>02\/03\/2017. Rosario Le\u00f1ero. <a href=\"https:\/\/blog.uclm.es\/catedrajeanmonnet\/2017\/02\/22\/conferencia-rosario-lenero-derecho-administrativo-global\/\"><em>El Derecho administrativo global<\/em><\/a><\/li>\n<li>01\/03\/2017. Luis M. D\u00edez-Picazo. <em><a href=\"https:\/\/blog.uclm.es\/catedrajeanmonnet\/2017\/02\/22\/conferencia-luis-m-diez-picazo-el-nuevo-recurso-de-casacion-contencioso-administrativo\/\">El nuevo recurso de casaci\u00f3n contencioso-administrativo<\/a><\/em><\/li>\n<li>23\/02\/2017. Carlos M. V\u00e1zquez. <em><a href=\"https:\/\/blog.uclm.es\/catedrajeanmonnet\/2017\/02\/16\/conferencia-carlos-m-vazquez-el-derecho-global-y-la-proteccion-de-los-derechos-humanos\/\">El Derecho global y la protecci\u00f3n de los derechos humanos<\/a><\/em><\/li>\n<\/ul>\n<p style=\"text-align: left\"><strong>2016<\/strong><\/p>\n<p style=\"text-align: justify\"><strong>Ciclo de conferencias\u00a0&#8211;<i>\u00a0Europa en crisis<\/i><\/strong><\/p>\n<ul>\n<li>23\/11\/2016. \u00c1ngel S\u00e1nchez Legido. <em><a href=\"https:\/\/blog.uclm.es\/catedrajeanmonnet\/wp-admin\/post.php?post=740&amp;action=edit\">La Uni\u00f3n Europea y la<\/a> <a href=\"https:\/\/blog.uclm.es\/catedrajeanmonnet\/wp-admin\/post.php?post=740&amp;action=edit\">crisis de los refugiados<\/a><\/em><\/li>\n<li>17\/11\/2016. Manuel Mar\u00edn. <em><a href=\"https:\/\/blog.uclm.es\/catedrajeanmonnet\/2017\/02\/09\/conferencia-manuel-marin-europa-en-crisis\/\">Europa en crisis<\/a><\/em><\/li>\n<li>03\/11\/2016. Mesa redonda. <em><a href=\"https:\/\/blog.uclm.es\/catedrajeanmonnet\/2017\/06\/19\/ciclo-de-conferencias-europa-en-crisis-6\/\">Europa, Rusia y los Balcanes: relaciones y conflictos<\/a><\/em><\/li>\n<li>20\/10\/2016. Miguel Azpitarte. <em><a href=\"https:\/\/blog.uclm.es\/catedrajeanmonnet\/2017\/06\/19\/ciclo-de-conferencias-europa-en-crisis-6\/\">La crisis constitucional de la Uni\u00f3n Europea<\/a><\/em><\/li>\n<li>22\/09\/2016. Daniel Sarmiento. <em><a href=\"https:\/\/blog.uclm.es\/catedrajeanmonnet\/2017\/06\/19\/ciclo-de-conferencias-europa-en-crisis-6\/\">Brexit<\/a><\/em><\/li>\n<\/ul>\n\n\n<p><\/p>\n","protected":false},"excerpt":{"rendered":"<p>2022 REALaw Forum of Young Scholars 6 y 7\/10.2022. European Administrative Law and the Challenges of Uncertainty Seminario sobre La litigaci\u00f3n ambiental en Espa\u00f1a y en la UE 04\/04\/2022. Guillermo Mart\u00ednez. La litigaci\u00f3n ambiental en la UE 04\/04\/2022. Sofia Somou. La litigaci\u00f3n ambiental en Espa\u00f1a Ciclo de conferencias Jean Monnet 09\/02\/2022. Ra\u00fal Cancio. El recurso [&hellip;]<\/p>\n","protected":false},"author":11,"featured_media":0,"parent":0,"menu_order":4,"comment_status":"closed","ping_status":"closed","template":"","meta":{"footnotes":""},"class_list":["post-13","page","type-page","status-publish","hentry"],"_links":{"self":[{"href":"https:\/\/blog.uclm.es\/catedrajeanmonnet\/wp-json\/wp\/v2\/pages\/13","targetHints":{"allow":["GET"]}}],"collection":[{"href":"https:\/\/blog.uclm.es\/catedrajeanmonnet\/wp-json\/wp\/v2\/pages"}],"about":[{"href":"https:\/\/blog.uclm.es\/catedrajeanmonnet\/wp-json\/wp\/v2\/types\/page"}],"author":[{"embeddable":true,"href":"https:\/\/blog.uclm.es\/catedrajeanmonnet\/wp-json\/wp\/v2\/users\/11"}],"replies":[{"embeddable":true,"href":"https:\/\/blog.uclm.es\/catedrajeanmonnet\/wp-json\/wp\/v2\/comments?post=13"}],"version-history":[{"count":32,"href":"https:\/\/blog.uclm.es\/catedrajeanmonnet\/wp-json\/wp\/v2\/pages\/13\/revisions"}],"predecessor-version":[{"id":1468,"href":"https:\/\/blog.uclm.es\/catedrajeanmonnet\/wp-json\/wp\/v2\/pages\/13\/revisions\/1468"}],"wp:attachment":[{"href":"https:\/\/blog.uclm.es\/catedrajeanmonnet\/wp-json\/wp\/v2\/media?parent=13"}],"curies":[{"name":"wp","href":"https:\/\/api.w.org\/{rel}","templated":true}]}}