{"id":468,"date":"2025-10-29T09:43:09","date_gmt":"2025-10-29T08:43:09","guid":{"rendered":"https:\/\/blog.uclm.es\/catedraigualdadgenero\/?page_id=468"},"modified":"2025-12-04T10:04:36","modified_gmt":"2025-12-04T09:04:36","slug":"ciencia-violeta","status":"publish","type":"page","link":"https:\/\/blog.uclm.es\/catedraigualdadgenero\/ciencia-violeta\/","title":{"rendered":"Ciencia Violeta"},"content":{"rendered":"\n<h2 class=\"wp-block-heading alignfull has-text-align-center has-base-2-color has-text-color has-background has-link-color wp-elements-1f6f0a5c19ca6c1546104168d046903d\" style=\"background-color:#a81a8d\">Ciencia Violeta<\/h2>\n\n\n\n<p><strong>Convocatoria Ciencia Violeta: Premios&nbsp;a p\u00f3steres cient\u00edficos sobre Investigaci\u00f3n en Violencia de G\u00e9nero. C\u00e1tedra de Igualdad de G\u00e9nero de la Universidad de Castilla-La Mancha. A\u00f1o 2025<\/strong><\/p>\n\n\n\n<p>La C\u00e1tedra de Igualdad de G\u00e9nero de la Universidad de Castilla-La Mancha, creada en virtud de convenio de colaboraci\u00f3n entre la Universidad de Castilla-La Mancha y el Instituto de la Mujer de Castilla-La Mancha, tiene como objetivo fomentar entre el estudiantado de Postgrado la realizaci\u00f3n de investigaciones sobre igualdad de g\u00e9nero, prestando tambi\u00e9n atenci\u00f3n a la brecha salarial y a la eliminaci\u00f3n de la violencia contra las mujeres.<\/p>\n\n\n\n<p>Por ello, el Vicerrectorado de Pol\u00edtica Cient\u00edfica de la Universidad de Castilla-La Mancha, a propuesta del \u00f3rgano promotor indicado, publica la presente convocatoria de ayudas a los mejores p\u00f3steres cient\u00edficos sobre Investigaci\u00f3n en Violencia de G\u00e9nero. C\u00e1tedra de Igualdad de G\u00e9nero de la Universidad de Castilla-La Mancha, a\u00f1o 2025, conforme a las siguientes bases reguladoras.&nbsp;<\/p>\n\n\n\n<p><a href=\"https:\/\/blog.uclm.es\/catedraigualdadgenero\/wp-content\/uploads\/sites\/301\/2025\/10\/Convocatoria-y-BASES_Ciencia-Violeta-CAT-Igualdad-UCLM-25.pdf\" data-type=\"link\" data-id=\"https:\/\/blog.uclm.es\/catedraigualdadgenero\/wp-content\/uploads\/sites\/301\/2025\/10\/Convocatoria-y-BASES_Ciencia-Violeta-CAT-Igualdad-UCLM-25.pdf\" target=\"_blank\" rel=\"noreferrer noopener\">Documento convocatoria y bases<\/a><\/p>\n\n\n\n<p><a href=\"https:\/\/blog.uclm.es\/catedraigualdadgenero\/wp-content\/uploads\/sites\/301\/2025\/11\/Extracto-DOCM-864936.pdf\" data-type=\"link\" data-id=\"https:\/\/blog.uclm.es\/catedraigualdadgenero\/wp-content\/uploads\/sites\/301\/2025\/11\/Extracto-DOCM-864936.pdf\" target=\"_blank\" rel=\"noreferrer noopener\">Extracto DOCM de la convocatoria<\/a><\/p>\n\n\n\n<p><a href=\"https:\/\/blog.uclm.es\/catedraigualdadgenero\/wp-content\/uploads\/sites\/301\/2025\/11\/Public-completa-composic-comision-conv-BDNS-864963.pdf\" data-type=\"link\" data-id=\"https:\/\/blog.uclm.es\/catedraigualdadgenero\/wp-content\/uploads\/sites\/301\/2025\/11\/Public-completa-composic-comision-conv-BDNS-864963.pdf\" target=\"_blank\" rel=\"noreferrer noopener\">Composici\u00f3n de la comisi\u00f3n de la convocatoria<\/a><\/p>\n\n\n\n<p><a href=\"https:\/\/blog.uclm.es\/catedraigualdadgenero\/wp-content\/uploads\/sites\/301\/2025\/11\/Resoluc-conces-provisional-Ciencia-Violeta-CAT-Igualdad-UCLM-25.pdf\" data-type=\"link\" data-id=\"https:\/\/blog.uclm.es\/catedraigualdadgenero\/wp-content\/uploads\/sites\/301\/2025\/11\/Resoluc-conces-provisional-Ciencia-Violeta-CAT-Igualdad-UCLM-25.pdf\" target=\"_blank\" rel=\"noreferrer noopener\">Resoluci\u00f3n provisional<\/a><\/p>\n\n\n\n<p><a href=\"https:\/\/blog.uclm.es\/catedraigualdadgenero\/wp-content\/uploads\/sites\/301\/2025\/12\/Resoluc-conces-definitiva-Ciencia-Violeta-CAT-Igualdad-UCLM-25.pdf\" data-type=\"link\" data-id=\"https:\/\/blog.uclm.es\/catedraigualdadgenero\/wp-content\/uploads\/sites\/301\/2025\/12\/Resoluc-conces-definitiva-Ciencia-Violeta-CAT-Igualdad-UCLM-25.pdf\" target=\"_blank\" rel=\"noreferrer noopener\">Resoluci\u00f3n definitiva<\/a><\/p>\n\n\n\n<p><strong>POSTERS GANADORES:<\/strong><\/p>\n\n\n\n<p><a href=\"https:\/\/blog.uclm.es\/catedraigualdadgenero\/wp-content\/uploads\/sites\/301\/2025\/12\/El-impacto-del-cuidado-informal._.pdf\" data-type=\"link\" data-id=\"https:\/\/blog.uclm.es\/catedraigualdadgenero\/wp-content\/uploads\/sites\/301\/2025\/12\/El-impacto-del-cuidado-informal._.pdf\" target=\"_blank\" rel=\"noreferrer noopener\">\u00abEl impacto del cuidado informal\u00bb<\/a><\/p>\n\n\n\n<p><a href=\"https:\/\/blog.uclm.es\/catedraigualdadgenero\/wp-content\/uploads\/sites\/301\/2025\/12\/LO-QUE-NO-SE-HABLA-NO-EXISTE.pdf\" data-type=\"link\" data-id=\"https:\/\/blog.uclm.es\/catedraigualdadgenero\/wp-content\/uploads\/sites\/301\/2025\/12\/LO-QUE-NO-SE-HABLA-NO-EXISTE.pdf\" target=\"_blank\" rel=\"noreferrer noopener\">\u00abLo que no se habla no existe\u00bb<\/a><\/p>\n\n\n\n<p><a href=\"https:\/\/blog.uclm.es\/catedraigualdadgenero\/wp-content\/uploads\/sites\/301\/2025\/12\/La-opera-de-la-recreacion-II.pdf\" data-type=\"link\" data-id=\"https:\/\/blog.uclm.es\/catedraigualdadgenero\/wp-content\/uploads\/sites\/301\/2025\/12\/La-opera-de-la-recreacion-II.pdf\" target=\"_blank\" rel=\"noreferrer noopener\">\u00abLa \u00f3pera: de la recreaci\u00f3n a la sensibilizaci\u00f3n\u00bb<\/a><\/p>\n","protected":false},"excerpt":{"rendered":"<p>Ciencia Violeta Convocatoria Ciencia Violeta: Premios&nbsp;a p\u00f3steres cient\u00edficos sobre Investigaci\u00f3n en Violencia de G\u00e9nero. C\u00e1tedra de Igualdad de G\u00e9nero de la Universidad de Castilla-La Mancha. A\u00f1o 2025 La C\u00e1tedra de Igualdad de G\u00e9nero de la Universidad de Castilla-La Mancha, creada en virtud de convenio de colaboraci\u00f3n entre la Universidad de Castilla-La Mancha y el Instituto [&hellip;]<\/p>\n","protected":false},"author":55,"featured_media":0,"parent":0,"menu_order":0,"comment_status":"closed","ping_status":"closed","template":"page-no-title","meta":{"footnotes":""},"class_list":["post-468","page","type-page","status-publish","hentry"],"_links":{"self":[{"href":"https:\/\/blog.uclm.es\/catedraigualdadgenero\/wp-json\/wp\/v2\/pages\/468","targetHints":{"allow":["GET"]}}],"collection":[{"href":"https:\/\/blog.uclm.es\/catedraigualdadgenero\/wp-json\/wp\/v2\/pages"}],"about":[{"href":"https:\/\/blog.uclm.es\/catedraigualdadgenero\/wp-json\/wp\/v2\/types\/page"}],"author":[{"embeddable":true,"href":"https:\/\/blog.uclm.es\/catedraigualdadgenero\/wp-json\/wp\/v2\/users\/55"}],"replies":[{"embeddable":true,"href":"https:\/\/blog.uclm.es\/catedraigualdadgenero\/wp-json\/wp\/v2\/comments?post=468"}],"version-history":[{"count":7,"href":"https:\/\/blog.uclm.es\/catedraigualdadgenero\/wp-json\/wp\/v2\/pages\/468\/revisions"}],"predecessor-version":[{"id":492,"href":"https:\/\/blog.uclm.es\/catedraigualdadgenero\/wp-json\/wp\/v2\/pages\/468\/revisions\/492"}],"wp:attachment":[{"href":"https:\/\/blog.uclm.es\/catedraigualdadgenero\/wp-json\/wp\/v2\/media?parent=468"}],"curies":[{"name":"wp","href":"https:\/\/api.w.org\/{rel}","templated":true}]}}