{"id":457,"date":"2025-10-20T12:13:12","date_gmt":"2025-10-20T10:13:12","guid":{"rendered":"https:\/\/blog.uclm.es\/catedraigualdadgenero\/?page_id=457"},"modified":"2025-10-20T12:19:59","modified_gmt":"2025-10-20T10:19:59","slug":"congreso-perspectiva-de-genero","status":"publish","type":"page","link":"https:\/\/blog.uclm.es\/catedraigualdadgenero\/congreso-perspectiva-de-genero\/","title":{"rendered":"Congreso Perspectiva de G\u00e9nero"},"content":{"rendered":"\n<h2 class=\"wp-block-heading alignfull has-text-align-center has-base-2-color has-text-color has-background has-link-color wp-elements-f47a8826aef1138d1843a1abef0f1830\" style=\"background-color:#a81a8d\">Congreso de Investigaci\u00f3n con Perspectiva de G\u00e9nero<\/h2>\n\n\n\n<h2 class=\"wp-block-heading\">I Congreso UCLM Investigaci\u00f3n con Perspectiva de G\u00e9nero<\/h2>\n\n\n\n<figure class=\"wp-block-image size-full\"><img loading=\"lazy\" decoding=\"async\" width=\"854\" height=\"480\" src=\"https:\/\/blog.uclm.es\/catedraigualdadgenero\/wp-content\/uploads\/sites\/301\/2025\/10\/I_Congreso_Investigacion_Perspectiva_Genero1.jpg\" alt=\"\" class=\"wp-image-460\" srcset=\"https:\/\/blog.uclm.es\/catedraigualdadgenero\/wp-content\/uploads\/sites\/301\/2025\/10\/I_Congreso_Investigacion_Perspectiva_Genero1.jpg 854w, https:\/\/blog.uclm.es\/catedraigualdadgenero\/wp-content\/uploads\/sites\/301\/2025\/10\/I_Congreso_Investigacion_Perspectiva_Genero1-300x169.jpg 300w, https:\/\/blog.uclm.es\/catedraigualdadgenero\/wp-content\/uploads\/sites\/301\/2025\/10\/I_Congreso_Investigacion_Perspectiva_Genero1-768x432.jpg 768w\" sizes=\"auto, (max-width: 854px) 100vw, 854px\" \/><\/figure>\n\n\n\n<p>El <strong>I Congreso UCLM de Investigaci\u00f3n con Perspectiva de G\u00e9nero<\/strong>, celebrado el 26 de junio de 2025 en el campus de Ciudad Real, reuni\u00f3 a investigadoras e investigadores de distintas \u00e1reas del conocimiento con el objetivo de visibilizar y analizar la relevancia del enfoque de g\u00e9nero en la producci\u00f3n cient\u00edfica. Organizado por la Universidad de Castilla-La Mancha, el evento cont\u00f3 con el respaldo del Instituto de la Mujer de Castilla-La Mancha y la Agencia de Innovaci\u00f3n e Investigaci\u00f3n regional. Tras la inauguraci\u00f3n oficial a cargo del rector Juli\u00e1n Garde y otras autoridades, el programa se estructur\u00f3 en sesiones paralelas que abordaron \u00e1mbitos tan diversos como las artes y humanidades, las ciencias jur\u00eddicas y sociales, la educaci\u00f3n, la salud, la arquitectura y la ingenier\u00eda. Las ponencias trataron temas como la representaci\u00f3n femenina en la historia, el papel de la mujer en la ciencia y la tecnolog\u00eda, las brechas salariales, la desigualdad en los cuidados o la influencia de los estereotipos de g\u00e9nero en la educaci\u00f3n y el arte.<\/p>\n\n\n\n<p>En las sesiones de comunicaciones, se profundiz\u00f3 en investigaciones emergentes que combinan rigor acad\u00e9mico y compromiso social. Se presentaron estudios sobre feminismo hist\u00f3rico, salud con enfoque de g\u00e9nero, alfabetizaci\u00f3n visual cr\u00edtica, inclusi\u00f3n LGTBIQ+ en la educaci\u00f3n, brechas laborales y memoria democr\u00e1tica. Tambi\u00e9n se destacaron trabajos que analizan las desigualdades estructurales desde perspectivas multidisciplinares, integrando biomedicina, derecho, educaci\u00f3n y humanidades. Este congreso se consolid\u00f3 como un espacio de encuentro y di\u00e1logo acad\u00e9mico para promover la igualdad real y la incorporaci\u00f3n transversal del g\u00e9nero en la investigaci\u00f3n universitaria. Su enfoque plural y transversal reflej\u00f3 la necesidad de construir conocimiento m\u00e1s equitativo, visibilizando a las mujeres y cuestionando las din\u00e1micas de poder que hist\u00f3ricamente han condicionado la ciencia y la sociedad.<\/p>\n\n\n\n<p><a href=\"https:\/\/blog.uclm.es\/catedraigualdadgenero\/wp-content\/uploads\/sites\/301\/2025\/10\/Programa-I-Congreso-UCLM-investigacion-perspectiva-genero-definitivo.pdf\" data-type=\"link\" data-id=\"https:\/\/blog.uclm.es\/catedraigualdadgenero\/wp-content\/uploads\/sites\/301\/2025\/10\/Programa-I-Congreso-UCLM-investigacion-perspectiva-genero-definitivo.pdf\" target=\"_blank\" rel=\"noreferrer noopener\"><strong>Descargue el programa del congreso<\/strong><\/a><\/p>\n\n\n\n<p><a href=\"https:\/\/blog.uclm.es\/catedraigualdadgenero\/wp-content\/uploads\/sites\/301\/2025\/10\/20251019_Libro-actas_red.pdf\" data-type=\"link\" data-id=\"https:\/\/blog.uclm.es\/catedraigualdadgenero\/wp-content\/uploads\/sites\/301\/2025\/10\/20251019_Libro-actas_red.pdf\" target=\"_blank\" rel=\"noreferrer noopener\"><strong>Descargue el libro de actas del congreso<\/strong><\/a><\/p>\n\n\n\n<p><\/p>\n","protected":false},"excerpt":{"rendered":"<p>I Congreso UCLM Investigaci\u00f3n con Perspectiva de G\u00e9nero El I Congreso UCLM de Investigaci\u00f3n con Perspectiva de G\u00e9nero, celebrado el 26 de junio de 2025 en el campus de Ciudad Real, reuni\u00f3 a investigadoras e investigadores de distintas \u00e1reas del conocimiento con el objetivo de visibilizar y analizar la relevancia del enfoque de g\u00e9nero en [&hellip;]<\/p>\n","protected":false},"author":479,"featured_media":0,"parent":0,"menu_order":0,"comment_status":"closed","ping_status":"closed","template":"page-no-title","meta":{"footnotes":""},"class_list":["post-457","page","type-page","status-publish","hentry"],"_links":{"self":[{"href":"https:\/\/blog.uclm.es\/catedraigualdadgenero\/wp-json\/wp\/v2\/pages\/457","targetHints":{"allow":["GET"]}}],"collection":[{"href":"https:\/\/blog.uclm.es\/catedraigualdadgenero\/wp-json\/wp\/v2\/pages"}],"about":[{"href":"https:\/\/blog.uclm.es\/catedraigualdadgenero\/wp-json\/wp\/v2\/types\/page"}],"author":[{"embeddable":true,"href":"https:\/\/blog.uclm.es\/catedraigualdadgenero\/wp-json\/wp\/v2\/users\/479"}],"replies":[{"embeddable":true,"href":"https:\/\/blog.uclm.es\/catedraigualdadgenero\/wp-json\/wp\/v2\/comments?post=457"}],"version-history":[{"count":3,"href":"https:\/\/blog.uclm.es\/catedraigualdadgenero\/wp-json\/wp\/v2\/pages\/457\/revisions"}],"predecessor-version":[{"id":466,"href":"https:\/\/blog.uclm.es\/catedraigualdadgenero\/wp-json\/wp\/v2\/pages\/457\/revisions\/466"}],"wp:attachment":[{"href":"https:\/\/blog.uclm.es\/catedraigualdadgenero\/wp-json\/wp\/v2\/media?parent=457"}],"curies":[{"name":"wp","href":"https:\/\/api.w.org\/{rel}","templated":true}]}}