{"id":22,"date":"2024-11-11T17:08:40","date_gmt":"2024-11-11T16:08:40","guid":{"rendered":"https:\/\/blog.uclm.es\/catedraigualdadgenero\/?page_id=22"},"modified":"2024-12-16T14:00:01","modified_gmt":"2024-12-16T13:00:01","slug":"jornadas-y-seminarios","status":"publish","type":"page","link":"https:\/\/blog.uclm.es\/catedraigualdadgenero\/jornadas-y-seminarios\/","title":{"rendered":"Jornadas y seminarios"},"content":{"rendered":"\n<h2 class=\"wp-block-heading alignfull has-text-align-center has-base-2-color has-text-color has-background has-link-color wp-elements-b5e48b8a8f671adce8976deb9632cb7b\" style=\"background-color:#a81a8d\">Jornadas y seminarios<\/h2>\n\n\n<ul class=\"wp-block-latest-posts__list has-dates has-author wp-block-latest-posts\"><li><div class=\"wp-block-latest-posts__featured-image alignleft\"><img loading=\"lazy\" decoding=\"async\" width=\"150\" height=\"150\" src=\"https:\/\/blog.uclm.es\/catedraigualdadgenero\/wp-content\/uploads\/sites\/301\/2026\/04\/II-Jornada-STEAM-UCLM-ASPIGA-2023-horizontal-1-150x150.png\" class=\"attachment-thumbnail size-thumbnail wp-post-image\" alt=\"\" style=\"\" \/><\/div><a class=\"wp-block-latest-posts__post-title\" href=\"https:\/\/blog.uclm.es\/catedraigualdadgenero\/2026\/04\/14\/ii-jornada-steam-uclm-aspiga\/\">II Jornada Steam UCLM-Aspiga<\/a><div class=\"wp-block-latest-posts__post-author\">por MARIANO SEGURA GARCIA<\/div><time datetime=\"2026-04-14T13:39:41+02:00\" class=\"wp-block-latest-posts__post-date\">14 de abril de 2026<\/time><div class=\"wp-block-latest-posts__post-excerpt\">La II Jornada STEAM UCLM-ASPIGA se celebrar\u00e1 el pr\u00f3ximo 22 de abril en la Universidad de Castilla-La Mancha en Albacete, donde reunir\u00e1 a alumnado, profesorado y familias con el objetivo de fomentar vocaciones cient\u00edficas desde una perspectiva de igualdad. Bajo el lema \u201cLas profesiones no tienen sexo\u201d, la actividad ofrecer\u00e1 talleres, charlas y din\u00e1micas participativas orientadas a romper estereotipos de g\u00e9nero en \u00e1mbitos como la ciencia, la tecnolog\u00eda y la ingenier\u00eda. La jornada, organizada en colaboraci\u00f3n con la asociaci\u00f3n ASPIGA,&#8230; <a class=\"wp-block-latest-posts__read-more\" href=\"https:\/\/blog.uclm.es\/catedraigualdadgenero\/2026\/04\/14\/ii-jornada-steam-uclm-aspiga\/\" rel=\"noopener noreferrer\">Lee m\u00e1s<span class=\"screen-reader-text\">: II Jornada Steam UCLM-Aspiga<\/span><\/a><\/div><\/li>\n<li><div class=\"wp-block-latest-posts__featured-image alignleft\"><img loading=\"lazy\" decoding=\"async\" width=\"150\" height=\"150\" src=\"https:\/\/blog.uclm.es\/catedraigualdadgenero\/wp-content\/uploads\/sites\/301\/2026\/04\/Jornada-Cadenas-small-150x150.jpg\" class=\"attachment-thumbnail size-thumbnail wp-post-image\" alt=\"\" style=\"\" \/><\/div><a class=\"wp-block-latest-posts__post-title\" href=\"https:\/\/blog.uclm.es\/catedraigualdadgenero\/2026\/04\/13\/jornada-mujeres-trabajo-y-territorio-las-cadenas-de-valor-agroalimentarias-en-clave-de-genero\/\">Jornada: \u00abMujeres, trabajo y territorio: las cadenas de valor agroalimentarias en clave de g\u00e9nero\u00bb<\/a><div class=\"wp-block-latest-posts__post-author\">por MARIANO SEGURA GARCIA<\/div><time datetime=\"2026-04-13T14:10:27+02:00\" class=\"wp-block-latest-posts__post-date\">13 de abril de 2026<\/time><div class=\"wp-block-latest-posts__post-excerpt\">Facultad de Relaciones Laborales y Recursos Humanos de Albacete UCLM27 de abril de 2026Sal\u00f3n de Actos del edificio Melchor de Macanaz PROGRAMA 15:30 \u2013 16:00h Caf\u00e9 de bienvenida 16:00 \u2013 16:30h Inauguraci\u00f3n de las Jornadas: 16:30 \u2013 17:30h Conferencia:Isabel M\u00aa Cutillas Fern\u00e1ndez. Profesora de Sociolog\u00eda de la Universidad de Murcia.\u201cSalud, precariedad y g\u00e9nero. El impacto del trabajo agr\u00edcola en la vida de las mujeres\u201d. 17:30 \u2013 18:30h Principales resultados de la investigaci\u00f3n MUFICLM 18:30 \u2013 19:30h Mesa de debate: 19:30&#8230; <a class=\"wp-block-latest-posts__read-more\" href=\"https:\/\/blog.uclm.es\/catedraigualdadgenero\/2026\/04\/13\/jornada-mujeres-trabajo-y-territorio-las-cadenas-de-valor-agroalimentarias-en-clave-de-genero\/\" rel=\"noopener noreferrer\">Lee m\u00e1s<span class=\"screen-reader-text\">: Jornada: \u00abMujeres, trabajo y territorio: las cadenas de valor agroalimentarias en clave de g\u00e9nero\u00bb<\/span><\/a><\/div><\/li>\n<li><a class=\"wp-block-latest-posts__post-title\" href=\"https:\/\/blog.uclm.es\/catedraigualdadgenero\/2025\/12\/18\/fotogaleria-jornada-brecha-salarial-12-diciembre-2025\/\">Fotogaler\u00eda: Jornada Brecha salarial (12 diciembre 2025)<\/a><div class=\"wp-block-latest-posts__post-author\">por MARIANO SEGURA GARCIA<\/div><time datetime=\"2025-12-18T11:04:44+01:00\" class=\"wp-block-latest-posts__post-date\">18 de diciembre de 2025<\/time><div class=\"wp-block-latest-posts__post-excerpt\">M\u00e1s informaci\u00f3n: https:\/\/www.uclm.es\/es\/noticias\/noticias2025\/diciembre\/toledo\/jornada_brecha_salarial<\/div><\/li>\n<li><div class=\"wp-block-latest-posts__featured-image alignleft\"><img loading=\"lazy\" decoding=\"async\" width=\"150\" height=\"150\" src=\"https:\/\/blog.uclm.es\/catedraigualdadgenero\/wp-content\/uploads\/sites\/301\/2025\/04\/Foto-3-150x150.jpg\" class=\"attachment-thumbnail size-thumbnail wp-post-image\" alt=\"\" style=\"\" \/><\/div><a class=\"wp-block-latest-posts__post-title\" href=\"https:\/\/blog.uclm.es\/catedraigualdadgenero\/2025\/04\/25\/jornada-stem-uclm-aspiga-las-profesiones-no-tienen-sexo\/\">Jornada \u201cSTEM UCLM-ASPIGA: Las profesiones no tienen sexo\u201d<\/a><div class=\"wp-block-latest-posts__post-author\">por Juana Morcillo Moreno<\/div><time datetime=\"2025-04-25T09:19:00+02:00\" class=\"wp-block-latest-posts__post-date\">25 de abril de 2025<\/time><div class=\"wp-block-latest-posts__post-excerpt\">El 11 de abril de 2025 tuvo lugar en el Campus de Albacete (en el Sal\u00f3n de Actos del Edificio Polivalente) la jornada \u201cSTEM UCLM-ASPIGA: Las profesiones no tienen sexo\u201d. Fue organizada por la Unidad de Igualdad y Diversidad de la UCLM, junto con la Escuela Superior de Ingenier\u00eda Agron\u00f3mica y de Montes y Biotecnolog\u00eda, la Escuela T\u00e9cnica Superior de Ingenier\u00eda Industrial y la Escuela Superior de Ingenier\u00eda Inform\u00e1tica. En el evento colaboraron la C\u00e1tedra de Igualdad de G\u00e9nero entre&#8230; <a class=\"wp-block-latest-posts__read-more\" href=\"https:\/\/blog.uclm.es\/catedraigualdadgenero\/2025\/04\/25\/jornada-stem-uclm-aspiga-las-profesiones-no-tienen-sexo\/\" rel=\"noopener noreferrer\">Lee m\u00e1s<span class=\"screen-reader-text\">: Jornada \u201cSTEM UCLM-ASPIGA: Las profesiones no tienen sexo\u201d<\/span><\/a><\/div><\/li>\n<li><div class=\"wp-block-latest-posts__featured-image alignleft\"><img loading=\"lazy\" decoding=\"async\" width=\"150\" height=\"150\" src=\"https:\/\/blog.uclm.es\/catedraigualdadgenero\/wp-content\/uploads\/sites\/301\/2025\/04\/192107-150x150.png\" class=\"attachment-thumbnail size-thumbnail wp-post-image\" alt=\"\" style=\"\" \/><\/div><a class=\"wp-block-latest-posts__post-title\" href=\"https:\/\/blog.uclm.es\/catedraigualdadgenero\/2025\/04\/24\/i-jornadas-sobre-mujeres-y-salud-vision-interdisciplinar-y-nuevos-horizontes\/\">I Jornadas sobre mujeres y salud: visi\u00f3n interdisciplinar y nuevos horizontes<\/a><div class=\"wp-block-latest-posts__post-author\">por Juana Morcillo Moreno<\/div><time datetime=\"2025-04-24T09:29:15+02:00\" class=\"wp-block-latest-posts__post-date\">24 de abril de 2025<\/time><div class=\"wp-block-latest-posts__post-excerpt\">El pasado 7 de marzo tuvieron lugar en la Facultad de Ciencias de la Salud de la UCLM en Talavera de la Reina, las primeras Jornadas sobre mujeres y salud con el objetivo principal de abrir un espacio de reflexi\u00f3n y di\u00e1logo sobre la salud de las mujeres desde una perspectiva interdisciplinar y con un enfoque inclusivo e innovador. En la&nbsp;inauguraci\u00f3nparticiparon, junto a Carmen Cipriano (Presidenta de la Comisi\u00f3n de Igualdad de la Facultad de Ciencias de la Salud) yM&#8230;. <a class=\"wp-block-latest-posts__read-more\" href=\"https:\/\/blog.uclm.es\/catedraigualdadgenero\/2025\/04\/24\/i-jornadas-sobre-mujeres-y-salud-vision-interdisciplinar-y-nuevos-horizontes\/\" rel=\"noopener noreferrer\">Lee m\u00e1s<span class=\"screen-reader-text\">: I Jornadas sobre mujeres y salud: visi\u00f3n interdisciplinar y nuevos horizontes<\/span><\/a><\/div><\/li>\n<\/ul>","protected":false},"excerpt":{"rendered":"<p>Jornadas y seminarios<\/p>\n","protected":false},"author":55,"featured_media":0,"parent":0,"menu_order":0,"comment_status":"closed","ping_status":"closed","template":"page-no-title","meta":{"footnotes":""},"class_list":["post-22","page","type-page","status-publish","hentry"],"_links":{"self":[{"href":"https:\/\/blog.uclm.es\/catedraigualdadgenero\/wp-json\/wp\/v2\/pages\/22","targetHints":{"allow":["GET"]}}],"collection":[{"href":"https:\/\/blog.uclm.es\/catedraigualdadgenero\/wp-json\/wp\/v2\/pages"}],"about":[{"href":"https:\/\/blog.uclm.es\/catedraigualdadgenero\/wp-json\/wp\/v2\/types\/page"}],"author":[{"embeddable":true,"href":"https:\/\/blog.uclm.es\/catedraigualdadgenero\/wp-json\/wp\/v2\/users\/55"}],"replies":[{"embeddable":true,"href":"https:\/\/blog.uclm.es\/catedraigualdadgenero\/wp-json\/wp\/v2\/comments?post=22"}],"version-history":[{"count":3,"href":"https:\/\/blog.uclm.es\/catedraigualdadgenero\/wp-json\/wp\/v2\/pages\/22\/revisions"}],"predecessor-version":[{"id":330,"href":"https:\/\/blog.uclm.es\/catedraigualdadgenero\/wp-json\/wp\/v2\/pages\/22\/revisions\/330"}],"wp:attachment":[{"href":"https:\/\/blog.uclm.es\/catedraigualdadgenero\/wp-json\/wp\/v2\/media?parent=22"}],"curies":[{"name":"wp","href":"https:\/\/api.w.org\/{rel}","templated":true}]}}