{"id":34,"date":"2023-03-17T13:17:59","date_gmt":"2023-03-17T13:17:59","guid":{"rendered":"https:\/\/blog.uclm.es\/catedradyd\/?page_id=34"},"modified":"2025-07-02T09:53:30","modified_gmt":"2025-07-02T09:53:30","slug":"programa-incluye-e-inserta-talento","status":"publish","type":"page","link":"https:\/\/blog.uclm.es\/catedradyd\/programa-incluye-e-inserta-talento\/","title":{"rendered":"CL\u00cdNICA JUR\u00cdDICA  DYD"},"content":{"rendered":"\n<p>La finalidad de la <em>Cl\u00ednica Jur\u00eddica DYD<\/em> es la asistencia t\u00e9cnica gratuita a entidades del tercer sector que precisen asesoramiento en relaci\u00f3n con el Derecho de las personas con discapacidad, as\u00ed como con los aspectos relacionados con su organizaci\u00f3n y funcionamiento.<\/p>\n\n\n\n<p>Las actividades de asesoramiento se realizan a trav\u00e9s una metodolog\u00eda cl\u00ednica y por medio de equipos integrados por profesores y estudiantes de la Facultad de Derecho y Ciencias Sociales.<\/p>\n\n\n\n<p>M\u00e1s informaci\u00f3n sobre el alcance las actividades de la <em>Cl\u00ednica Jur\u00eddica DYD<\/em> y sobre la metodolog\u00eda de selecci\u00f3n y ejecuci\u00f3n de los proyectos <a href=\"https:\/\/blog.uclm.es\/catedradyd\/wp-content\/uploads\/sites\/256\/2023\/04\/Proyectos.pdf\">aqu\u00ed<\/a>.<\/p>\n\n\n\n<p class=\"has-text-align-center\"><strong>CONVOCATORIA DE BECAS DE COLABORACI\u00d3N 2024\/2025<\/strong><\/p>\n\n\n\n<p><a href=\"https:\/\/blog.uclm.es\/catedradyd\/2024\/07\/23\/convocatoria-de-becas-de-colaboracion-derecho-muab\/\">Convocatoria de (1) beca de colaboraci\u00f3n (Grado en Derecho \/\/ MUAB)<\/a> <a href=\"https:\/\/blog.uclm.es\/catedradyd\/wp-content\/uploads\/sites\/256\/2024\/09\/Resolucion-concesion-provisional-beca-colaboracion_Clinica-Juridica-CAT-DyD-24-2-1.pdf\">Resoluci\u00f3n provisional.<\/a> <a href=\"https:\/\/blog.uclm.es\/catedradyd\/wp-content\/uploads\/sites\/256\/2024\/09\/Resolucion-concesion-definitiva-beca-colaboracion_Clinica-Juridica-CAT-DyD-24-1.pdf\">Resoluci\u00f3n definitiva.<\/a><\/p>\n\n\n\n<p><a href=\"https:\/\/blog.uclm.es\/catedradyd\/wp-content\/uploads\/sites\/256\/2024\/12\/Convocatoria-beca-colaboracion_Clinica-Juridica-CAT-DyD-24-3-1.pdf\">Convocatoria de (2) becas de colaboraci\u00f3n (Grado en Derecho, M\u00e1ster Universitario en Acceso a la Abogac\u00eda y Procura, Grado en Ingenier\u00eda Civil y Territorial, M\u00e1ster Universitario en Ingenier\u00eda de Caminos, Canales y Puertos de la UCLM). <\/a> <a href=\"https:\/\/blog.uclm.es\/catedradyd\/wp-content\/uploads\/sites\/256\/2025\/01\/Propuesta-de-resolucion-provisional.-Becas-Clinicas-Juridicas.pdf\">Resoluci\u00f3n provisional. <\/a><a href=\"https:\/\/blog.uclm.es\/catedradyd\/wp-content\/uploads\/sites\/256\/2025\/01\/Resolucion-concesion-definitiva-beca-colaboracion_Clinica-Juridica-CAT-DyD-25.pdf\">Resoluci\u00f3n definitiva<\/a>.<\/p>\n\n\n\n<p><a href=\"https:\/\/blog.uclm.es\/catedradyd\/wp-content\/uploads\/sites\/256\/2025\/05\/Convocatoria-beca-colaboracion_Clinica-Juridica-CAT-DyD-24.pdf\">Convocatoria de (5) becas de colaboraci\u00f3n (Grado en Administraci\u00f3n y Direcci\u00f3n de Empresas, Grado en Derecho, Grado en Ingenier\u00eda Civil y Territorial, M\u00e1ster Universitario en Ingenier\u00eda de Caminos, Canales y Puertos, M\u00e1ster Universitario en Estrategia y Marketing de la Empresa, M\u00e1ster Universitario en Iniciativa Empresarial: An\u00e1lisis y Estrategias, M\u00e1ster en Modelizaci\u00f3n y An\u00e1lisis de Datos Econ\u00f3micos o M\u00e1ster Universitario en Acceso a la Abogac\u00eda en la UCLM durante el curso 2024\/2025).<\/a> <a href=\"https:\/\/blog.uclm.es\/catedradyd\/wp-content\/uploads\/sites\/256\/2025\/06\/Resoluc-conc-provisional-beca-colaboracion_Clinica-Juridica-CAT-DyD-24-1.pdf\">Resoluci\u00f3n provisional<\/a> <a href=\"https:\/\/blog.uclm.es\/catedradyd\/wp-content\/uploads\/sites\/256\/2025\/07\/Resoluc-conc-definitiva-beca-colaboracion_Clinica-Juridica-CAT-DyD-24.pdf\">Resoluci\u00f3n definitiva.<\/a><\/p>\n\n\n\n<p class=\"has-text-align-center\"><strong>CONVOCATORIA DE BECAS DE COLABORACI\u00d3N 2023\/2024<\/strong><\/p>\n\n\n\n<p><a href=\"https:\/\/blog.uclm.es\/catedradyd\/convocatoria-de-becas-de-colaboracion-para-actividades-promovidas-o-patrocinadas-por-la-catedra-discapacidad-y-dependencia-dyd-de-la-universidad-de-castilla-la-mancha\/\">Convocatoria de (1) beca de colaboraci\u00f3n (Grado en Derecho \/\/ MUAB)<\/a><\/p>\n\n\n\n<p><a href=\"https:\/\/blog.uclm.es\/catedradyd\/wp-content\/uploads\/sites\/256\/2024\/06\/Resolucion-concesion-provisional-beca-colaboracion_Clinica-Juridica-CAT-DyD-24.pdf\">Resoluci\u00f3n provisional (1) beca de colaboraci\u00f3n (Grado en Derecho \/\/ MUAB)<\/a><\/p>\n\n\n\n<p><a href=\"https:\/\/blog.uclm.es\/catedradyd\/wp-content\/uploads\/sites\/256\/2024\/07\/Resolucion-concesion-definitiva-beca-colaboracion_Clinica-Juridica-CAT-DyD-24.pdf\">Resoluci\u00f3n definitiva (1) beca de colaboraci\u00f3n (Grado en Derecho \/\/ MUAB).<\/a><\/p>\n\n\n\n<p class=\"has-text-align-center\"><strong>CONVOCATORIA DE BECAS DE COLABORACI\u00d3N 2022\/2023<\/strong><\/p>\n\n\n\n<p><a href=\"https:\/\/blog.uclm.es\/catedradyd\/convocatoria-de-becas-colaboracion-derecho\/\" data-type=\"link\" data-id=\"https:\/\/blog.uclm.es\/catedradyd\/convocatoria-de-becas-colaboracion-derecho\/\">Convocatoria de becas (Grado en Derecho) \/\/ Resoluci\u00f3n definitiva. <\/a><\/p>\n\n\n\n<p><a rel=\"noreferrer noopener\" href=\"https:\/\/blog.uclm.es\/catedradyd\/convocatoria-becas-de-colaboracion-catedra-dyd\/\" target=\"_blank\">Convocatoria de becas (Grado en Derecho\/MUAB).<\/a>  \/\/ <a rel=\"noreferrer noopener\" href=\"https:\/\/blog.uclm.es\/catedradyd\/wp-admin\/post.php?post=211&amp;action=edit\" target=\"_blank\">Resoluci\u00f3n definitiva.<\/a><\/p>\n\n\n\n<p><a rel=\"noreferrer noopener\" href=\"https:\/\/blog.uclm.es\/catedradyd\/convocatoria-de-becas-de-colaboracion-catedra-dyd\/\" target=\"_blank\">Convocatoria de becas (Grado en ADE) \/\/ Resoluci\u00f3n definitiva. <\/a><\/p>\n\n\n\n<p><a rel=\"noreferrer noopener\" href=\"https:\/\/blog.uclm.es\/catedradyd\/convocatoria-de-becas-colaboracion-catedra-dyd\/\" target=\"_blank\">Convocatoria de becas (Grado en Derecho y Grado en RR.LL) \/\/ Resoluci\u00f3n definitiva.<\/a><\/p>\n\n\n\n<figure class=\"wp-block-image size-large is-resized\"><img loading=\"lazy\" decoding=\"async\" width=\"1024\" height=\"683\" src=\"https:\/\/blog.uclm.es\/catedradyd\/wp-content\/uploads\/sites\/256\/2023\/04\/Imagen-6-1024x683.jpg\" alt=\"\" class=\"wp-image-93\" style=\"width:538px;height:359px\" srcset=\"https:\/\/blog.uclm.es\/catedradyd\/wp-content\/uploads\/sites\/256\/2023\/04\/Imagen-6-1024x683.jpg 1024w, https:\/\/blog.uclm.es\/catedradyd\/wp-content\/uploads\/sites\/256\/2023\/04\/Imagen-6-300x200.jpg 300w, https:\/\/blog.uclm.es\/catedradyd\/wp-content\/uploads\/sites\/256\/2023\/04\/Imagen-6-768x512.jpg 768w, https:\/\/blog.uclm.es\/catedradyd\/wp-content\/uploads\/sites\/256\/2023\/04\/Imagen-6-450x300.jpg 450w, https:\/\/blog.uclm.es\/catedradyd\/wp-content\/uploads\/sites\/256\/2023\/04\/Imagen-6.jpg 1100w\" sizes=\"auto, (max-width: 767px) 89vw, (max-width: 1000px) 54vw, (max-width: 1071px) 543px, 580px\" \/><\/figure>\n","protected":false},"excerpt":{"rendered":"<p>La finalidad de la Cl\u00ednica Jur\u00eddica DYD es la asistencia t\u00e9cnica gratuita a entidades del tercer sector que precisen asesoramiento en relaci\u00f3n con el Derecho de las personas con discapacidad, as\u00ed como con los aspectos relacionados con su organizaci\u00f3n y funcionamiento. Las actividades de asesoramiento se realizan a trav\u00e9s una metodolog\u00eda cl\u00ednica y por medio &hellip; <\/p>\n<p class=\"link-more\"><a href=\"https:\/\/blog.uclm.es\/catedradyd\/programa-incluye-e-inserta-talento\/\" class=\"more-link\">Continuar leyendo<span class=\"screen-reader-text\"> \u00abCL\u00cdNICA JUR\u00cdDICA  DYD\u00bb<\/span><\/a><\/p>\n","protected":false},"author":417,"featured_media":0,"parent":0,"menu_order":0,"comment_status":"closed","ping_status":"closed","template":"","meta":{"footnotes":""},"class_list":["post-34","page","type-page","status-publish","hentry"],"_links":{"self":[{"href":"https:\/\/blog.uclm.es\/catedradyd\/wp-json\/wp\/v2\/pages\/34","targetHints":{"allow":["GET"]}}],"collection":[{"href":"https:\/\/blog.uclm.es\/catedradyd\/wp-json\/wp\/v2\/pages"}],"about":[{"href":"https:\/\/blog.uclm.es\/catedradyd\/wp-json\/wp\/v2\/types\/page"}],"author":[{"embeddable":true,"href":"https:\/\/blog.uclm.es\/catedradyd\/wp-json\/wp\/v2\/users\/417"}],"replies":[{"embeddable":true,"href":"https:\/\/blog.uclm.es\/catedradyd\/wp-json\/wp\/v2\/comments?post=34"}],"version-history":[{"count":36,"href":"https:\/\/blog.uclm.es\/catedradyd\/wp-json\/wp\/v2\/pages\/34\/revisions"}],"predecessor-version":[{"id":809,"href":"https:\/\/blog.uclm.es\/catedradyd\/wp-json\/wp\/v2\/pages\/34\/revisions\/809"}],"wp:attachment":[{"href":"https:\/\/blog.uclm.es\/catedradyd\/wp-json\/wp\/v2\/media?parent=34"}],"curies":[{"name":"wp","href":"https:\/\/api.w.org\/{rel}","templated":true}]}}