{"id":310,"date":"2023-05-15T10:16:47","date_gmt":"2023-05-15T10:16:47","guid":{"rendered":"https:\/\/blog.uclm.es\/catedradyd\/?page_id=310"},"modified":"2023-05-15T10:16:47","modified_gmt":"2023-05-15T10:16:47","slug":"cursos-y-seminarios","status":"publish","type":"page","link":"https:\/\/blog.uclm.es\/catedradyd\/cursos-y-seminarios\/","title":{"rendered":"CURSOS Y SEMINARIOS"},"content":{"rendered":"\n<p><strong style=\"font-weight: bold\">(1\u00aa. EDICI\u00d3N)<\/strong>. <strong>SEMINARIO LABORVAL\u00cdA: EJERCICIO DE DERECHOS, INCLUSI\u00d3N Y CIUDADAN\u00cdA<\/strong>. <\/p>\n\n\n\n<p>El pasado mes de noviembre, en la Facultad de Derecho y CC.SS del Campus de Ciudad Real, se celebr\u00f3 la 1\u00aa. Edici\u00f3n del <em>Seminario Laborval\u00eda: ejercicio de derechos, inclusi\u00f3n y ciudadan\u00eda<\/em>.<\/p>\n\n\n\n<p>Los\u00a0<strong>destinatarios<\/strong>\u00a0de este programa formativo fueron personas con discapacidad intelectual, enfermedad mental y autismo de la provincia de Ciudad Real, usuarios de las entidades socias de LABORVAL\u00cdA, los cuales fueron elegidos como representantes por sus compa\u00f1eros. <\/p>\n\n\n\n<p>En cuanto a los <strong>objetivos <\/strong>a conseguir fueron: por un lado, fomentar la participaci\u00f3n de las personas con discapacidad en los \u00f3rganos de gobierno de las Asociaciones; por otro, formar a las personas con discapacidad en relaci\u00f3n con el ejercicio de sus derechos y su participaci\u00f3n y representatividad en las entidades que las representan, as\u00ed como acercar a las personas con discapacidad al mundo\u00a0universitario.<\/p>\n\n\n\n<p>Para m\u00e1s informaci\u00f3n <a rel=\"noreferrer noopener\" href=\"https:\/\/eventos.uclm.es\/90830\/detail\/seminario-laborvalia-ejercicio-de-derechos-inclusion-y-ciudadania.html\" target=\"_blank\">aqu\u00ed.<\/a><\/p>\n\n\n\n<p><strong style=\"font-weight: bold\">(2\u00aa. EDICI\u00d3N)<\/strong>. <strong>SEMINARIO LABORVAL\u00cdA: EJERCICIO DE DERECHOS, INCLUSI\u00d3N Y CIUDADAN\u00cdA<\/strong>. <\/p>\n\n\n\n<p><em>Est\u00e1 en proceso de elaboraci\u00f3n, en breve se publicar\u00e1 toda la informaci\u00f3n.<\/em><\/p>\n","protected":false},"excerpt":{"rendered":"<p>(1\u00aa. EDICI\u00d3N). SEMINARIO LABORVAL\u00cdA: EJERCICIO DE DERECHOS, INCLUSI\u00d3N Y CIUDADAN\u00cdA. El pasado mes de noviembre, en la Facultad de Derecho y CC.SS del Campus de Ciudad Real, se celebr\u00f3 la 1\u00aa. Edici\u00f3n del Seminario Laborval\u00eda: ejercicio de derechos, inclusi\u00f3n y ciudadan\u00eda. Los\u00a0destinatarios\u00a0de este programa formativo fueron personas con discapacidad intelectual, enfermedad mental y autismo de &hellip; <\/p>\n<p class=\"link-more\"><a href=\"https:\/\/blog.uclm.es\/catedradyd\/cursos-y-seminarios\/\" class=\"more-link\">Continuar leyendo<span class=\"screen-reader-text\"> \u00abCURSOS Y SEMINARIOS\u00bb<\/span><\/a><\/p>\n","protected":false},"author":417,"featured_media":0,"parent":0,"menu_order":0,"comment_status":"closed","ping_status":"closed","template":"","meta":{"footnotes":""},"class_list":["post-310","page","type-page","status-publish","hentry"],"_links":{"self":[{"href":"https:\/\/blog.uclm.es\/catedradyd\/wp-json\/wp\/v2\/pages\/310","targetHints":{"allow":["GET"]}}],"collection":[{"href":"https:\/\/blog.uclm.es\/catedradyd\/wp-json\/wp\/v2\/pages"}],"about":[{"href":"https:\/\/blog.uclm.es\/catedradyd\/wp-json\/wp\/v2\/types\/page"}],"author":[{"embeddable":true,"href":"https:\/\/blog.uclm.es\/catedradyd\/wp-json\/wp\/v2\/users\/417"}],"replies":[{"embeddable":true,"href":"https:\/\/blog.uclm.es\/catedradyd\/wp-json\/wp\/v2\/comments?post=310"}],"version-history":[{"count":1,"href":"https:\/\/blog.uclm.es\/catedradyd\/wp-json\/wp\/v2\/pages\/310\/revisions"}],"predecessor-version":[{"id":311,"href":"https:\/\/blog.uclm.es\/catedradyd\/wp-json\/wp\/v2\/pages\/310\/revisions\/311"}],"wp:attachment":[{"href":"https:\/\/blog.uclm.es\/catedradyd\/wp-json\/wp\/v2\/media?parent=310"}],"curies":[{"name":"wp","href":"https:\/\/api.w.org\/{rel}","templated":true}]}}