{"id":2,"date":"2023-03-15T12:15:53","date_gmt":"2023-03-15T12:15:53","guid":{"rendered":"https:\/\/blog.uclm.es\/catedradyd\/?page_id=2"},"modified":"2025-05-13T10:28:09","modified_gmt":"2025-05-13T10:28:09","slug":"quienes-somos-2","status":"publish","type":"page","link":"https:\/\/blog.uclm.es\/catedradyd\/quienes-somos-2\/","title":{"rendered":"\u00bfQUI\u00c9NES SOMOS?"},"content":{"rendered":"\n<p><\/p>\n\n\n\n<p><strong>Directores<\/strong><\/p>\n\n\n\n<p><a rel=\"noreferrer noopener\" href=\"https:\/\/blog.uclm.es\/catedradyd\/juana-morcillo-moreno\/\" target=\"_blank\">Profa. Dra. Juana Morcillo Moreno<\/a> (juana.morcillo@uclm.es)<\/p>\n\n\n\n<p><a href=\"https:\/\/blog.uclm.es\/catedradyd\/enrique-belda-perez-pedrero\/\" target=\"_blank\" rel=\"noreferrer noopener\">Prof. Dr. Enrique Belda P\u00e9rez-Pedrero<\/a> (enrique.belda@uclm.es)<\/p>\n\n\n\n<p><strong>Coordinadores<\/strong><\/p>\n\n\n\n<p><a href=\"https:\/\/blog.uclm.es\/catedradyd\/francisco-javier-diaz-revorio\/\" target=\"_blank\" rel=\"noreferrer noopener\">Prof. Dr. Francisco Javier D\u00edaz Revorio<\/a> (fcojavier.drevorio@uclm.es)<\/p>\n\n\n\n<p><a href=\"https:\/\/blog.uclm.es\/catedradyd\/maria-martin-sanchez\/\" target=\"_blank\" rel=\"noreferrer noopener\">Profa. Dra. Mar\u00eda Mart\u00edn S\u00e1nchez<\/a> (maria.martin@uclm.es)<\/p>\n\n\n\n<p><a href=\"https:\/\/blog.uclm.es\/catedradyd\/marta-munoz-de-morales-romero\/\">Profa. Dra. Marta Mu\u00f1oz de Morales Romero<\/a> (marta.mmorales@uclm.es)<\/p>\n\n\n\n<p><a href=\"https:\/\/blog.uclm.es\/luisarroyo\/breve-cv-short-cv\/\" target=\"_blank\" rel=\"noreferrer noopener\">Prof. Dr. Luis Arroyo Jim\u00e9nez<\/a> (luis.arroyo@uclm.es)<\/p>\n\n\n\n<p><a href=\"https:\/\/blog.uclm.es\/catedradyd\/sergio-sanchez-paris\/\" target=\"_blank\" rel=\"noreferrer noopener\">Mtr. Sergio S\u00e1nchez Par\u00eds<\/a> (sergio.sanchezparis@uclm.es)<\/p>\n\n\n\n<p><strong>Comit\u00e9 Cient\u00edfico<\/strong><\/p>\n\n\n\n<p>Prof. Dr. Luis Arroyo Jim\u00e9nez. Catedr\u00e1tico de Derecho Administrativo UCLM.<\/p>\n\n\n\n<p>Prof. Dr. Enrique Belda. Catedr\u00e1tico de Derecho Constitucional UCLM.<\/p>\n\n\n\n<p>Dr. Clicerio Coello Garc\u00e9s. Secretario instructor del Tribunal Electoral del Poder Judicial de la Federaci\u00f3n, M\u00e9xico.<\/p>\n\n\n\n<p>Prof. Dr. Francisco Javier D\u00edaz Revorio. Catedr\u00e1tico de Derecho Constitucional UCLM.<\/p>\n\n\n\n<p>Profa. Dra. Nuria Garrido Cuenca. Catedr\u00e1tica de Derecho Administrativo UCLM.<\/p>\n\n\n\n<p>Profa.  Dra. Susana de la Sierra Mor\u00f3n. Catedr\u00e1tica de Derecho Administrativo UCLM.<\/p>\n\n\n\n<p>Prof. Dr. Jos\u00e9 Antonio Moreno Molina. Catedr\u00e1tico de Derecho Administrativo UCLM.<\/p>\n\n\n\n<p>Profa. Dra. Juani Morcillo Moreno. Catedr\u00e1tica de Derecho Administrativo UCLM.<\/p>\n\n\n\n<p>Prof. Dr. Tom\u00e1s Vidal Mar\u00edn. Catedr\u00e1tico de Derecho Constitucional UCLM.<\/p>\n\n\n\n<p>Profa. Dra. Mar\u00eda Mart\u00edn S\u00e1nchez. Profesora Titular de Derecho Constitucional UCLM.<\/p>\n\n\n\n<p>Prof. Dr. Pablo Meix Cereceda. Profesor Titular de Derecho Administrativo UCLM.<\/p>\n\n\n\n<p>Profa. Dra. Elena Rebato Pe\u00f1o. Profesora Titular de Derecho Constitucional UCLM.<\/p>\n\n\n\n<p>Profa. Dra. Ana Valero Heredia. Profesora Titular de Derecho Constitucional UCLM.<\/p>\n\n\n\n<p>Profa. Dra. Pilar Molero Mart\u00edn-Salas. Profesora de Derecho Constitucional UCLM.<\/p>\n\n\n\n<p>Profa. Dra. Isabel Mart\u00ednez Rodr\u00edguez. Profesora de Econom\u00eda Aplicada UCLM.<\/p>\n\n\n\n<p>Dra. Eva-Mar\u00eda Poptcheva. Jefa de departamento en el servicio de investigaci\u00f3n del Parlamento Europeo.<\/p>\n\n\n\n<p>Profa. Dra. Mar\u00eda del Prado Montoya L\u00f3pez. Investigadora y miembro activo de AUTRADE.<\/p>\n\n\n\n<p>Prof. Dr. Jos\u00e9 Antonio Negr\u00edn de la Pe\u00f1a. Profesor de Historia e Instituciones Econ. UCLM.<\/p>\n\n\n\n<p>Dr. Alessio Parente. Investigador jur\u00eddico en materia de discapacidad.<\/p>\n\n\n\n<p>Prof. Dr. Roberto Rodr\u00edguez Salda\u00f1a. Director de recursos humanos. Rector\u00eda UAG.<\/p>\n\n\n\n<p>Profa. Dra. Mar\u00eda Ruiz Dorado. Profesora de Derecho Constitucional UCLM.<\/p>\n\n\n\n<p>Dr. Francisco J. Sierra. Traductor-Int\u00e9rprete LSE.<\/p>\n\n\n\n<p>Prof. Dr. V\u00edctor Orozco Solano. Juez de lo Contencioso Administrativo de Costa Rica.<\/p>\n\n\n\n<p>D\u00aa. Carmen M\u00aa Fajardo Mart\u00ednez. Investigadora jur\u00eddica en discapacidad y Codirectora de Incluye e Inserta UCLM en el Campus de Albacete.<\/p>\n\n\n\n<p>Profa. Mar\u00eda Jos\u00e9 Majano Ca\u00f1o. Profesora de Derecho Constitucional UCLM.<\/p>\n\n\n\n<p>Profa. Adriana Trav\u00e9 Valls. Profesora de Derecho Constitucional UCLM.<\/p>\n\n\n\n<p><strong>Consejo especial de Divulgaci\u00f3n<\/strong><\/p>\n\n\n\n<p>D\u00aa. Diva Acosta Cobos. Secretaria Auxiliar del Tribunal Estatal Electoral de Chihuahua.<\/p>\n\n\n\n<p>D\u00aa. Carolina Alonso Fern\u00e1ndez. <\/p>\n\n\n\n<p>D. Pablo Arrocena Salgado. Profesor UNAM.<\/p>\n\n\n\n<p>D. Juan Ignacio Bilbao V\u00e1zquez. Presidente del Consejo Municipal Electoral del Instituto Tlaxcalteca de Elecciones. Xaloztoc, M\u00e9xico.<\/p>\n\n\n\n<p>D\u00aa. In\u00e9s Campillo Velasco. Directora del Centro Respiro Al\u00f6is Alzheimer.<\/p>\n\n\n\n<p>D. Jos\u00e9 C\u00e1rdenas Gonzales. Docente de investigaci\u00f3n. Escuela de Posgrado, Universidad Se\u00f1or de Sip\u00e1n y director de la revista jur\u00eddica \u00abChornacap\u00bb.<\/p>\n\n\n\n<p>D\u00aa. Virginia Espinosa Gallego. Educadora Social Ayto.<\/p>\n\n\n\n<p>D\u00aa. M\u00aa. Luz Esteban Saiz. CNLSE.<\/p>\n\n\n\n<p>D\u00aa. Nancy Guadalupe Orozco Carrasco. Secretaria de Estudio y Cuenta del Tribunal Estatal Electoral de Chihuahua.<\/p>\n\n\n\n<p>D. Alfonso Guti\u00e9rrez Caballero. Asociaci\u00f3n Laborval\u00eda.<\/p>\n\n\n\n<p>D\u00aa. Diana Lara Espinosa. Profesora UNAM.<\/p>\n\n\n\n<p>D\u00aa. Esperanza Latorre Morales. Directora Provincial SEPE Ciudad Real.<\/p>\n\n\n\n<p>D. Hugo Mendoza Malpartida. CEO de la firma legal Mendoza Malpartida &amp; Asociados e investigador. Lima &#8211; Per\u00fa.<\/p>\n\n\n\n<p>D. Hugo Molina Mart\u00ednez. Magistrado del Tribunal Estatal Electoral de Chihuahua.<\/p>\n\n\n\n<p>D\u00aa. Sandra P\u00e1mpanas Aparicio. Investigadora jur\u00eddica en discapacidad intelectual.<\/p>\n\n\n\n<p>D. Emanuel Pintos Casa\u00f1as. Profesor e Investigador en la Universidad Cat\u00f3lica de Uruguay.<\/p>\n\n\n\n<p>D\u00aa. Silvia Pozuelo Ad\u00e1n. Cl\u00ednica Andamar.<\/p>\n\n\n\n<p><strong>Sede<\/strong><\/p>\n\n\n\n<p>Facultad de Derecho y Ciencias Sociales.<\/p>\n\n\n\n<p><strong>Ubicaci\u00f3n<\/strong><\/p>\n\n\n\n<p>Ronda de Toledo s\/n.<\/p>\n\n\n\n<p>13071 \u2013 Ciudad Real.<\/p>\n","protected":false},"excerpt":{"rendered":"<p>Directores Profa. Dra. Juana Morcillo Moreno (juana.morcillo@uclm.es) Prof. Dr. Enrique Belda P\u00e9rez-Pedrero (enrique.belda@uclm.es) Coordinadores Prof. Dr. Francisco Javier D\u00edaz Revorio (fcojavier.drevorio@uclm.es) Profa. Dra. Mar\u00eda Mart\u00edn S\u00e1nchez (maria.martin@uclm.es) Profa. Dra. Marta Mu\u00f1oz de Morales Romero (marta.mmorales@uclm.es) Prof. Dr. Luis Arroyo Jim\u00e9nez (luis.arroyo@uclm.es) Mtr. Sergio S\u00e1nchez Par\u00eds (sergio.sanchezparis@uclm.es) Comit\u00e9 Cient\u00edfico Prof. Dr. Luis Arroyo Jim\u00e9nez. Catedr\u00e1tico de &hellip; <\/p>\n<p class=\"link-more\"><a href=\"https:\/\/blog.uclm.es\/catedradyd\/quienes-somos-2\/\" class=\"more-link\">Continuar leyendo<span class=\"screen-reader-text\"> \u00ab\u00bfQUI\u00c9NES SOMOS?\u00bb<\/span><\/a><\/p>\n","protected":false},"author":11,"featured_media":0,"parent":0,"menu_order":0,"comment_status":"closed","ping_status":"open","template":"","meta":{"footnotes":""},"class_list":["post-2","page","type-page","status-publish","hentry"],"_links":{"self":[{"href":"https:\/\/blog.uclm.es\/catedradyd\/wp-json\/wp\/v2\/pages\/2","targetHints":{"allow":["GET"]}}],"collection":[{"href":"https:\/\/blog.uclm.es\/catedradyd\/wp-json\/wp\/v2\/pages"}],"about":[{"href":"https:\/\/blog.uclm.es\/catedradyd\/wp-json\/wp\/v2\/types\/page"}],"author":[{"embeddable":true,"href":"https:\/\/blog.uclm.es\/catedradyd\/wp-json\/wp\/v2\/users\/11"}],"replies":[{"embeddable":true,"href":"https:\/\/blog.uclm.es\/catedradyd\/wp-json\/wp\/v2\/comments?post=2"}],"version-history":[{"count":58,"href":"https:\/\/blog.uclm.es\/catedradyd\/wp-json\/wp\/v2\/pages\/2\/revisions"}],"predecessor-version":[{"id":792,"href":"https:\/\/blog.uclm.es\/catedradyd\/wp-json\/wp\/v2\/pages\/2\/revisions\/792"}],"wp:attachment":[{"href":"https:\/\/blog.uclm.es\/catedradyd\/wp-json\/wp\/v2\/media?parent=2"}],"curies":[{"name":"wp","href":"https:\/\/api.w.org\/{rel}","templated":true}]}}