{"id":184,"date":"2023-04-27T12:04:25","date_gmt":"2023-04-27T12:04:25","guid":{"rendered":"https:\/\/blog.uclm.es\/catedradyd\/?page_id=184"},"modified":"2023-05-02T21:04:08","modified_gmt":"2023-05-02T21:04:08","slug":"maria-martin-sanchez","status":"publish","type":"page","link":"https:\/\/blog.uclm.es\/catedradyd\/maria-martin-sanchez\/","title":{"rendered":"Mar\u00eda Mart\u00edn S\u00e1nchez"},"content":{"rendered":"\n<figure class=\"wp-block-image size-full is-resized\"><img loading=\"lazy\" decoding=\"async\" src=\"https:\/\/blog.uclm.es\/catedradyd\/wp-content\/uploads\/sites\/256\/2023\/05\/Maria-Martin-2.jpg\" alt=\"\" class=\"wp-image-262\" width=\"243\" height=\"253\" srcset=\"https:\/\/blog.uclm.es\/catedradyd\/wp-content\/uploads\/sites\/256\/2023\/05\/Maria-Martin-2.jpg 480w, https:\/\/blog.uclm.es\/catedradyd\/wp-content\/uploads\/sites\/256\/2023\/05\/Maria-Martin-2-289x300.jpg 289w\" sizes=\"auto, (max-width: 243px) 100vw, 243px\" \/><\/figure>\n\n\n\n<p>Profesora Titular de Derecho Constitucional de la Universidad de Castilla-La Mancha. Doctora en Derecho por la Universidad de Castilla-La Mancha y Especialista en Derecho Europeo por la Universidad Montesquieu-Bordeaux IV (Francia). Investigadora en la Facolt\u00e0 di Giurisprudenza, Universidad de Pisa (2014, Italia).<\/p>\n\n\n\n<p>Participa en programas sobre derechos humanos, justicia constitucional y derecho constitucional, en instituciones como la Comisi\u00f3n Nacional de Derechos Humanos de M\u00e9xico, el Tribunal Electoral Federal de M\u00e9xico, o la Escuela judicial; y en diferentes programas de formaci\u00f3n organizados por las Consejer\u00edas de Educaci\u00f3n de las CCAA de Castilla y Le\u00f3n, CLM, Andaluc\u00eda y Murcia.<\/p>\n\n\n\n<p>Ha coordinado cursos(e impartido docencia) de Doctorado, M\u00e1ster y T\u00edtulos Propios en distintas universidades espa\u00f1olas y extranjeras, entre otras: Universidad de Costa Rica, Universidad Tecnol\u00f3gica de El Salvador, Universidad de Baja California o Pontificia Universidad Cat\u00f3lica de Per\u00fa; coordinadora del M\u00e1ster de Derecho Constitucional Latinoamericano de la Universidad de Castilla-La Mancha, con sede en la Universidad de Baja California; y tambi\u00e9n en instituciones como la Suprema Corte de Costa Rica, el Tribunal Electoral de la Federaci\u00f3n de M\u00e9xico o el Centro de Administraci\u00f3n P\u00fablica de la Habana Autora de cuatro monograf\u00edas, y directora y coautora de otras dos: La perspectiva de g\u00e9nero en la protecci\u00f3n internacional de los derechos humanos. Di\u00e1logo multinivel y deconstrucci\u00f3n de estereotipos (Tirant lo Blanch, 2021); Estudio integral de la violencia de g\u00e9nero (coord., Tirant lo Blanch, 2018), Matrimonio homosexual y Constituci\u00f3n (Tirant lo Blanch, 2008), Las minor\u00edas en Castilla-La Mancha. Estudio comparado por autonom\u00edas (Cortes de Catilla-La Mancha, 2014), El derecho a ser diferente: dignidad y libertad (Comisi\u00f3n Nacional de Derechos Humanos, M\u00e9xico, 2015); y Reflexiones sobre la Justicia Constitucional en Iberoam\u00e9rica (coord., UCLM, 2013).<\/p>\n\n\n\n<p>Autora de m\u00e1s de una veintena de art\u00edculos en Revistas indexadas y de Cap\u00edtulos de Libro sobre derecho constitucional, justicia constitucional, globalizaci\u00f3n y mercados, constitucionalismo hist\u00f3rico, derecho parlamentario y auton\u00f3mico, derechos de la naturaleza, minor\u00edas, g\u00e9nero, mujeres extranjeras y doble discriminaci\u00f3n, Tribunal Europeo de Derechos Humanos, y derechos fundamentales; adem\u00e1s de una veintena de rese\u00f1as normativas y jurisprudenciales.<\/p>\n\n\n\n<p>Ha participado en una veintena de Proyectos de investigaci\u00f3n. Ha dirigido 2 proyectos de investigaci\u00f3n de car\u00e1cter regional (Diputaci\u00f3n Provincial e Instituto de la Mujer de CLM). Y ha dirigido cuatro Proyectos de Innovaci\u00f3n Docente.<\/p>\n\n\n\n<p>Ha dirigido m\u00e1s de una veintena de TFM y 3 tesis doctorales.<\/p>\n\n\n\n<p>Directora del curso de Perspectiva de g\u00e9nero y principio de Igualdad: estereotipos, discriminaci\u00f3n y violencia en el Instituto Palestra (Per\u00fa, 2022\/2023), y del Curso de Formaci\u00f3n Universitaria Avanzada \u201cIncluye e Inserta Ciudad Real\u201d dirigido a personas con discapacidad (UCLM, 2023\/2024).<\/p>\n\n\n\n<p>En la actualidad desempe\u00f1a el cargo de Vicedecana de Derecho en la Facultad de Derecho y Ciencias Sociales de la Universidad de Castilla-La Mancha, en el Campus de Ciudad Real.<\/p>\n","protected":false},"excerpt":{"rendered":"<p>Profesora Titular de Derecho Constitucional de la Universidad de Castilla-La Mancha. Doctora en Derecho por la Universidad de Castilla-La Mancha y Especialista en Derecho Europeo por la Universidad Montesquieu-Bordeaux IV (Francia). Investigadora en la Facolt\u00e0 di Giurisprudenza, Universidad de Pisa (2014, Italia). Participa en programas sobre derechos humanos, justicia constitucional y derecho constitucional, en instituciones &hellip; <\/p>\n<p class=\"link-more\"><a href=\"https:\/\/blog.uclm.es\/catedradyd\/maria-martin-sanchez\/\" class=\"more-link\">Continuar leyendo<span class=\"screen-reader-text\"> \u00abMar\u00eda Mart\u00edn S\u00e1nchez\u00bb<\/span><\/a><\/p>\n","protected":false},"author":417,"featured_media":0,"parent":0,"menu_order":0,"comment_status":"closed","ping_status":"closed","template":"","meta":{"footnotes":""},"class_list":["post-184","page","type-page","status-publish","hentry"],"_links":{"self":[{"href":"https:\/\/blog.uclm.es\/catedradyd\/wp-json\/wp\/v2\/pages\/184","targetHints":{"allow":["GET"]}}],"collection":[{"href":"https:\/\/blog.uclm.es\/catedradyd\/wp-json\/wp\/v2\/pages"}],"about":[{"href":"https:\/\/blog.uclm.es\/catedradyd\/wp-json\/wp\/v2\/types\/page"}],"author":[{"embeddable":true,"href":"https:\/\/blog.uclm.es\/catedradyd\/wp-json\/wp\/v2\/users\/417"}],"replies":[{"embeddable":true,"href":"https:\/\/blog.uclm.es\/catedradyd\/wp-json\/wp\/v2\/comments?post=184"}],"version-history":[{"count":2,"href":"https:\/\/blog.uclm.es\/catedradyd\/wp-json\/wp\/v2\/pages\/184\/revisions"}],"predecessor-version":[{"id":263,"href":"https:\/\/blog.uclm.es\/catedradyd\/wp-json\/wp\/v2\/pages\/184\/revisions\/263"}],"wp:attachment":[{"href":"https:\/\/blog.uclm.es\/catedradyd\/wp-json\/wp\/v2\/media?parent=184"}],"curies":[{"name":"wp","href":"https:\/\/api.w.org\/{rel}","templated":true}]}}