{"id":26,"date":"2022-01-17T16:37:39","date_gmt":"2022-01-17T15:37:39","guid":{"rendered":"https:\/\/blog.uclm.es\/catedraclaracampoamor\/?page_id=26"},"modified":"2022-11-03T13:39:02","modified_gmt":"2022-11-03T13:39:02","slug":"actividades","status":"publish","type":"page","link":"https:\/\/blog.uclm.es\/catedraclaracampoamor\/actividades\/","title":{"rendered":"Actividades"},"content":{"rendered":"\n<h2 class=\"has-text-align-center wp-block-heading\">Actividades<\/h2>\n\n\n\n<div class=\"wp-block-query alignwide is-layout-constrained wp-block-query-is-layout-constrained\"><ul class=\"is-flex-container columns-2 alignwide wp-block-post-template is-layout-flow wp-block-post-template-is-layout-flow\"><li class=\"wp-block-post post-1272 post type-post status-publish format-standard has-post-thumbnail hentry category-actividades category-jornadas\">\n<figure style=\"width:100%;height:318px;\" class=\"aligncenter wp-block-post-featured-image\"><a href=\"https:\/\/blog.uclm.es\/catedraclaracampoamor\/2023\/10\/18\/jornada-feminismo-inteligencia-artificial-perspectiva-de-genero-problemas-desafios-y-oportunidades\/\" target=\"_self\"  style=\"height:318px\"><img loading=\"lazy\" decoding=\"async\" width=\"593\" height=\"399\" src=\"https:\/\/blog.uclm.es\/catedraclaracampoamor\/wp-content\/uploads\/sites\/158\/2023\/10\/ESCUELA-PENSAMIENTO-FEMINISTA-oct2023-Portada2.jpg\" class=\"attachment-post-thumbnail size-post-thumbnail wp-post-image\" alt=\"Jornada: \u00abFeminismo. Inteligencia Artificial: perspectiva de g\u00e9nero, problemas, desaf\u00edos y oportunidades\u00bb\" style=\"height:318px;object-fit:fill;\" srcset=\"https:\/\/blog.uclm.es\/catedraclaracampoamor\/wp-content\/uploads\/sites\/158\/2023\/10\/ESCUELA-PENSAMIENTO-FEMINISTA-oct2023-Portada2.jpg 593w, https:\/\/blog.uclm.es\/catedraclaracampoamor\/wp-content\/uploads\/sites\/158\/2023\/10\/ESCUELA-PENSAMIENTO-FEMINISTA-oct2023-Portada2-300x202.jpg 300w\" sizes=\"auto, (max-width: 593px) 100vw, 593px\" \/><\/a><\/figure>\n\n<h2 class=\"wp-block-post-title has-large-font-size\"><a href=\"https:\/\/blog.uclm.es\/catedraclaracampoamor\/2023\/10\/18\/jornada-feminismo-inteligencia-artificial-perspectiva-de-genero-problemas-desafios-y-oportunidades\/\" target=\"_self\" >Jornada: \u00abFeminismo. Inteligencia Artificial: perspectiva de g\u00e9nero, problemas, desaf\u00edos y oportunidades\u00bb<\/a><\/h2>\n\n<div class=\"wp-block-post-excerpt\"><p class=\"wp-block-post-excerpt__excerpt\">Descargue el d\u00edptico en formato PDF en el siguiente ENLACE. <\/p><\/div>\n\n<div class=\"wp-block-post-date has-small-font-size\"><time datetime=\"2023-10-18T07:37:58+00:00\"><a href=\"https:\/\/blog.uclm.es\/catedraclaracampoamor\/2023\/10\/18\/jornada-feminismo-inteligencia-artificial-perspectiva-de-genero-problemas-desafios-y-oportunidades\/\">octubre 18, 2023<\/a><\/time><\/div>\n<\/li><li class=\"wp-block-post post-1244 post type-post status-publish format-standard has-post-thumbnail hentry category-actividades\">\n<figure style=\"width:100%;height:318px;\" class=\"aligncenter wp-block-post-featured-image\"><a href=\"https:\/\/blog.uclm.es\/catedraclaracampoamor\/2023\/05\/15\/17-de-mayo-dia-contra-la-homofobia-la-transfobia-y-la-bifobia\/\" target=\"_self\"  style=\"height:318px\"><img loading=\"lazy\" decoding=\"async\" width=\"600\" height=\"300\" src=\"https:\/\/blog.uclm.es\/catedraclaracampoamor\/wp-content\/uploads\/sites\/158\/2023\/05\/Catedra-Clara-C.png\" class=\"attachment-post-thumbnail size-post-thumbnail wp-post-image\" alt=\"17 de mayo: D\u00eda contra la homofobia, la transfobia y la bifobia\" style=\"height:318px;object-fit:fill;\" srcset=\"https:\/\/blog.uclm.es\/catedraclaracampoamor\/wp-content\/uploads\/sites\/158\/2023\/05\/Catedra-Clara-C.png 600w, https:\/\/blog.uclm.es\/catedraclaracampoamor\/wp-content\/uploads\/sites\/158\/2023\/05\/Catedra-Clara-C-300x150.png 300w\" sizes=\"auto, (max-width: 600px) 100vw, 600px\" \/><\/a><\/figure>\n\n<h2 class=\"wp-block-post-title has-large-font-size\"><a href=\"https:\/\/blog.uclm.es\/catedraclaracampoamor\/2023\/05\/15\/17-de-mayo-dia-contra-la-homofobia-la-transfobia-y-la-bifobia\/\" target=\"_self\" >17 de mayo: D\u00eda contra la homofobia, la transfobia y la bifobia<\/a><\/h2>\n\n<div class=\"wp-block-post-excerpt\"><p class=\"wp-block-post-excerpt__excerpt\">Documento: Hoja de Actualidad C\u00e1tedra Clara Campoamor (Descargar) Por Directora M\u00aa Jos\u00e9 Romero Rodenas, Catedr\u00e1tica del Derecho del Trabajo y Seguridad Social UCLM. Directora de la C\u00e1tedra de Igualdad de G\u00e9nero y Diversidad \u201cClara Campoamor\u201d. Andrea Cantos Mart\u00ednez, graduada en Derecho, alumna del master de abogac\u00eda UCLM. Becaria de Colaboraci\u00f3n C\u00e1tedra Clara Campoamor. <\/p><\/div>\n\n<div class=\"wp-block-post-date has-small-font-size\"><time datetime=\"2023-05-15T10:01:01+00:00\"><a href=\"https:\/\/blog.uclm.es\/catedraclaracampoamor\/2023\/05\/15\/17-de-mayo-dia-contra-la-homofobia-la-transfobia-y-la-bifobia\/\">mayo 15, 2023<\/a><\/time><\/div>\n<\/li><\/ul>\n\n\n<hr class=\"wp-block-separator has-css-opacity alignwide is-style-wide\" \/>\n\n\n<nav class=\"alignwide wp-block-query-pagination is-content-justification-space-between is-layout-flex wp-container-core-query-pagination-is-layout-b2891da8 wp-block-query-pagination-is-layout-flex\" aria-label=\"Paginaci\u00f3n\">\n\n\n<a href=\"\/catedraclaracampoamor\/wp-json\/wp\/v2\/pages\/26?query-23-page=2\" class=\"wp-block-query-pagination-next\">P\u00e1gina siguiente<span class='wp-block-query-pagination-next-arrow is-arrow-arrow' aria-hidden='true'>\u2192<\/span><\/a>\n<\/nav><\/div>\n\n\n\n<p><\/p>\n\n\n\n<h3 class=\"has-text-align-center wp-block-heading\">M\u00e1s actividades<\/h3>\n\n\n\n<p><\/p>\n\n\n\n<div style=\"height:30px\" aria-hidden=\"true\" class=\"wp-block-spacer\"><\/div>\n\n\n\n<div class=\"wp-block-query alignwide is-layout-flow wp-block-query-is-layout-flow\"><ul class=\"wp-block-post-template is-layout-flow wp-block-post-template-is-layout-flow\"><li class=\"wp-block-post post-1309 post type-post status-publish format-standard has-post-thumbnail hentry category-jornadas category-noticias\">\n\n<div class=\"wp-block-columns is-layout-flex wp-container-core-columns-is-layout-28f84493 wp-block-columns-is-layout-flex\">\n<div class=\"wp-block-column is-vertically-aligned-top is-layout-flow wp-block-column-is-layout-flow\" style=\"flex-basis:4em\"><div class=\"wp-block-post-date has-small-font-size\"><time datetime=\"2023-11-20T12:21:32+00:00\">Nov 20<\/time><\/div><\/div>\n\n\n\n<div class=\"wp-block-column is-vertically-aligned-center is-layout-flow wp-block-column-is-layout-flow\"><h2 style=\"margin-top:0px;margin-bottom:0px;\" class=\"wp-block-post-title has-medium-font-size\"><a href=\"https:\/\/blog.uclm.es\/catedraclaracampoamor\/2023\/11\/20\/programa-de-actividades-90-aniversario-del-voto-femenino\/\" target=\"_self\" >Programa de actividades 90 aniversario del voto femenino<\/a><\/h2><\/div>\n<\/div>\n\n\n\n<hr class=\"wp-block-separator has-css-opacity is-style-wide\" \/>\n\n<\/li><li class=\"wp-block-post post-1306 post type-post status-publish format-standard has-post-thumbnail hentry category-noticias\">\n\n<div class=\"wp-block-columns is-layout-flex wp-container-core-columns-is-layout-28f84493 wp-block-columns-is-layout-flex\">\n<div class=\"wp-block-column is-vertically-aligned-top is-layout-flow wp-block-column-is-layout-flow\" style=\"flex-basis:4em\"><div class=\"wp-block-post-date has-small-font-size\"><time datetime=\"2023-11-18T12:13:00+00:00\">Nov 18<\/time><\/div><\/div>\n\n\n\n<div class=\"wp-block-column is-vertically-aligned-center is-layout-flow wp-block-column-is-layout-flow\"><h2 style=\"margin-top:0px;margin-bottom:0px;\" class=\"wp-block-post-title has-medium-font-size\"><a href=\"https:\/\/blog.uclm.es\/catedraclaracampoamor\/2023\/11\/18\/las-cortes-de-castilla-la-mancha-conmemoran-el-90-aniversario-del-sufragio-universal-con-un-acto-institucional-una-exposicion-y-talleres\/\" target=\"_self\" >Las Cortes de Castilla-La Mancha conmemoran el 90 aniversario del sufragio universal con un acto institucional, una exposici\u00f3n y talleres<\/a><\/h2><\/div>\n<\/div>\n\n\n\n<hr class=\"wp-block-separator has-css-opacity is-style-wide\" \/>\n\n<\/li><li class=\"wp-block-post post-1298 post type-post status-publish format-standard has-post-thumbnail hentry category-noticias\">\n\n<div class=\"wp-block-columns is-layout-flex wp-container-core-columns-is-layout-28f84493 wp-block-columns-is-layout-flex\">\n<div class=\"wp-block-column is-vertically-aligned-top is-layout-flow wp-block-column-is-layout-flow\" style=\"flex-basis:4em\"><div class=\"wp-block-post-date has-small-font-size\"><time datetime=\"2023-11-17T13:12:43+00:00\">Nov 17<\/time><\/div><\/div>\n\n\n\n<div class=\"wp-block-column is-vertically-aligned-center is-layout-flow wp-block-column-is-layout-flow\"><h2 style=\"margin-top:0px;margin-bottom:0px;\" class=\"wp-block-post-title has-medium-font-size\"><a href=\"https:\/\/blog.uclm.es\/catedraclaracampoamor\/2023\/11\/17\/las-cortes-festejan-el-90-aniversario-del-voto-femenino\/\" target=\"_self\" >Las Cortes festejan el 90 aniversario del voto femenino<\/a><\/h2><\/div>\n<\/div>\n\n\n\n<hr class=\"wp-block-separator has-css-opacity is-style-wide\" \/>\n\n<\/li><li class=\"wp-block-post post-1301 post type-post status-publish format-standard has-post-thumbnail hentry category-noticias\">\n\n<div class=\"wp-block-columns is-layout-flex wp-container-core-columns-is-layout-28f84493 wp-block-columns-is-layout-flex\">\n<div class=\"wp-block-column is-vertically-aligned-top is-layout-flow wp-block-column-is-layout-flow\" style=\"flex-basis:4em\"><div class=\"wp-block-post-date has-small-font-size\"><time datetime=\"2023-11-17T12:08:00+00:00\">Nov 17<\/time><\/div><\/div>\n\n\n\n<div class=\"wp-block-column is-vertically-aligned-center is-layout-flow wp-block-column-is-layout-flow\"><h2 style=\"margin-top:0px;margin-bottom:0px;\" class=\"wp-block-post-title has-medium-font-size\"><a href=\"https:\/\/blog.uclm.es\/catedraclaracampoamor\/2023\/11\/17\/hace-90-anos-las-mujeres-pudieron-votar-por-primera-vez-en-espana-y-toledo-lo-celebra-con-la-visita-de-representantes-de-la-onu\/\" target=\"_self\" >Hace 90 a\u00f1os las mujeres pudieron votar por primera vez en Espa\u00f1a y Toledo lo celebra con la visita de representantes de la ONU<\/a><\/h2><\/div>\n<\/div>\n\n\n\n<hr class=\"wp-block-separator has-css-opacity is-style-wide\" \/>\n\n<\/li><li class=\"wp-block-post post-1289 post type-post status-publish format-standard has-post-thumbnail hentry category-premios\">\n\n<div class=\"wp-block-columns is-layout-flex wp-container-core-columns-is-layout-28f84493 wp-block-columns-is-layout-flex\">\n<div class=\"wp-block-column is-vertically-aligned-top is-layout-flow wp-block-column-is-layout-flow\" style=\"flex-basis:4em\"><div class=\"wp-block-post-date has-small-font-size\"><time datetime=\"2023-11-07T11:35:46+00:00\">Nov 7<\/time><\/div><\/div>\n\n\n\n<div class=\"wp-block-column is-vertically-aligned-center is-layout-flow wp-block-column-is-layout-flow\"><h2 style=\"margin-top:0px;margin-bottom:0px;\" class=\"wp-block-post-title has-medium-font-size\"><a href=\"https:\/\/blog.uclm.es\/catedraclaracampoamor\/2023\/11\/07\/resolucion-de-concesion-de-premios-a-trabajos-fin-de-grado-y-o-trabajos-fin-de-master\/\" target=\"_self\" >Resoluci\u00f3n de concesi\u00f3n de premios a Trabajos Fin de Grado y\/o Trabajos Fin de M\u00e1ster<\/a><\/h2><\/div>\n<\/div>\n\n\n\n<hr class=\"wp-block-separator has-css-opacity is-style-wide\" \/>\n\n<\/li><\/ul><\/div>\n","protected":false},"excerpt":{"rendered":"<p>Actividades M\u00e1s actividades<\/p>\n","protected":false},"author":55,"featured_media":0,"parent":0,"menu_order":0,"comment_status":"closed","ping_status":"closed","template":"","meta":{"footnotes":""},"class_list":["post-26","page","type-page","status-publish","hentry"],"_links":{"self":[{"href":"https:\/\/blog.uclm.es\/catedraclaracampoamor\/wp-json\/wp\/v2\/pages\/26","targetHints":{"allow":["GET"]}}],"collection":[{"href":"https:\/\/blog.uclm.es\/catedraclaracampoamor\/wp-json\/wp\/v2\/pages"}],"about":[{"href":"https:\/\/blog.uclm.es\/catedraclaracampoamor\/wp-json\/wp\/v2\/types\/page"}],"author":[{"embeddable":true,"href":"https:\/\/blog.uclm.es\/catedraclaracampoamor\/wp-json\/wp\/v2\/users\/55"}],"replies":[{"embeddable":true,"href":"https:\/\/blog.uclm.es\/catedraclaracampoamor\/wp-json\/wp\/v2\/comments?post=26"}],"version-history":[{"count":12,"href":"https:\/\/blog.uclm.es\/catedraclaracampoamor\/wp-json\/wp\/v2\/pages\/26\/revisions"}],"predecessor-version":[{"id":998,"href":"https:\/\/blog.uclm.es\/catedraclaracampoamor\/wp-json\/wp\/v2\/pages\/26\/revisions\/998"}],"wp:attachment":[{"href":"https:\/\/blog.uclm.es\/catedraclaracampoamor\/wp-json\/wp\/v2\/media?parent=26"}],"curies":[{"name":"wp","href":"https:\/\/api.w.org\/{rel}","templated":true}]}}