{"id":555,"date":"2021-10-06T16:19:58","date_gmt":"2021-10-06T15:19:58","guid":{"rendered":"https:\/\/blog.uclm.es\/catedra-economiacircular\/?page_id=555"},"modified":"2022-12-26T11:27:59","modified_gmt":"2022-12-26T10:27:59","slug":"ac-investigacion","status":"publish","type":"page","link":"https:\/\/blog.uclm.es\/catedra-economiacircular\/ac-investigacion\/","title":{"rendered":""},"content":{"rendered":"\n<div class=\"wp-block-group alignfull\"><div class=\"wp-block-group__inner-container is-layout-constrained wp-block-group-is-layout-constrained\">\n<div class=\"wp-block-cover alignwide is-light has-parallax\" style=\"min-height:229px;aspect-ratio:unset;\"><span aria-hidden=\"true\" class=\"wp-block-cover__background has-background-dim-0 has-background-dim\"><\/span><div role=\"img\" class=\"wp-block-cover__image-background wp-image-2024 has-parallax\" style=\"background-position:50% 50%;background-image:url(https:\/\/blog.uclm.es\/catedra-economiacircular\/wp-content\/uploads\/sites\/46\/2022\/12\/titulo_lacatedra-6.jpg)\"><\/div><div class=\"wp-block-cover__inner-container is-layout-flow wp-block-cover-is-layout-flow\">\n<h1 class=\"has-x-large-font-size wp-block-heading\"><strong>Actividades de investigaci\u00f3n<\/strong><\/h1>\n<\/div><\/div>\n<\/div><\/div>\n\n\n\n<div class=\"wp-block-group alignwide\"><div class=\"wp-block-group__inner-container is-layout-constrained wp-block-group-is-layout-constrained\">\n<h2 class=\"alignwide wp-block-heading\">1. Convocatoria de ayudas a la investigaci\u00f3n en Econom\u00eda Circular.<\/h2>\n\n\n\n<div class=\"wp-block-group alignwide is-vertical is-layout-flex wp-container-core-group-is-layout-8cf370e7 wp-block-group-is-layout-flex\">\n<p>Por lo que respecta a las actividades de fomento de la investigaci\u00f3n, se propone la convocatoria, con car\u00e1cter anual, de ayudas a la investigaci\u00f3n en Econom\u00eda Circular. Se realizar\u00e1 una convocatoria de ayudas a la investigaci\u00f3n para facilitar la publicaci\u00f3n de los resultados de la investigaci\u00f3n.<\/p>\n\n\n\n<p>Esta convocatoria, en la que podr\u00e1n participar investigadores de cualquier disciplina, siempre que la tem\u00e1tica est\u00e9 centrada en la Econom\u00eda Circular, tiene como objetivo fomentar la investigaci\u00f3n en este \u00e1mbito, as\u00ed como facilitar la difusi\u00f3n de los resultados de la investigaci\u00f3n.<\/p>\n\n\n\n<p>La convocatoria ir\u00e1 destinada a sufragar los costes de publicaci\u00f3n en abierto de los resultados de la investigaci\u00f3n.<\/p>\n<\/div>\n<\/div><\/div>\n","protected":false},"excerpt":{"rendered":"<p>1. Convocatoria de ayudas a la investigaci\u00f3n en Econom\u00eda Circular. Por lo que respecta a las actividades de fomento de la investigaci\u00f3n, se propone la convocatoria, con car\u00e1cter anual, de ayudas a la investigaci\u00f3n en Econom\u00eda Circular. Se realizar\u00e1 una convocatoria de ayudas a la investigaci\u00f3n para facilitar la publicaci\u00f3n de los resultados de la &hellip; <a href=\"https:\/\/blog.uclm.es\/catedra-economiacircular\/ac-investigacion\/\" class=\"more-link\">Seguir leyendo <span class=\"screen-reader-text\"><\/span> <span class=\"meta-nav\">&rarr;<\/span><\/a><\/p>\n","protected":false},"author":180,"featured_media":0,"parent":0,"menu_order":0,"comment_status":"closed","ping_status":"closed","template":"","meta":{"footnotes":""},"class_list":["post-555","page","type-page","status-publish","hentry"],"_links":{"self":[{"href":"https:\/\/blog.uclm.es\/catedra-economiacircular\/wp-json\/wp\/v2\/pages\/555","targetHints":{"allow":["GET"]}}],"collection":[{"href":"https:\/\/blog.uclm.es\/catedra-economiacircular\/wp-json\/wp\/v2\/pages"}],"about":[{"href":"https:\/\/blog.uclm.es\/catedra-economiacircular\/wp-json\/wp\/v2\/types\/page"}],"author":[{"embeddable":true,"href":"https:\/\/blog.uclm.es\/catedra-economiacircular\/wp-json\/wp\/v2\/users\/180"}],"replies":[{"embeddable":true,"href":"https:\/\/blog.uclm.es\/catedra-economiacircular\/wp-json\/wp\/v2\/comments?post=555"}],"version-history":[{"count":3,"href":"https:\/\/blog.uclm.es\/catedra-economiacircular\/wp-json\/wp\/v2\/pages\/555\/revisions"}],"predecessor-version":[{"id":2034,"href":"https:\/\/blog.uclm.es\/catedra-economiacircular\/wp-json\/wp\/v2\/pages\/555\/revisions\/2034"}],"wp:attachment":[{"href":"https:\/\/blog.uclm.es\/catedra-economiacircular\/wp-json\/wp\/v2\/media?parent=555"}],"curies":[{"name":"wp","href":"https:\/\/api.w.org\/{rel}","templated":true}]}}