{"id":50,"date":"2018-09-17T16:57:34","date_gmt":"2018-09-17T15:57:34","guid":{"rendered":"http:\/\/blog.uclm.es\/carmendiazmora\/?page_id=50"},"modified":"2026-02-18T18:10:51","modified_gmt":"2026-02-18T18:10:51","slug":"publicaciones-recientes","status":"publish","type":"page","link":"https:\/\/blog.uclm.es\/carmendiazmora\/publicaciones-recientes\/","title":{"rendered":"Publicaciones recientes"},"content":{"rendered":"<p>\u2022 D\u00edaz-Mora, C., Esteve, S., Gil-Pareja, S. y R\u00edos-\u00c1vila, F. (2026): \u00abThe EMU Effect on Trade: A Re-Assessment Accounting for Staggered Treatment Adoption\u201d, The World Economy, 49(2), 244-260. <a href=\"https:\/\/doi.org\/10.1111\/twec.70028\">https:\/\/doi.org\/10.1111\/twec.70028<\/a><\/p>\n<p>\u2022 Cernat, L., D\u00edaz-Mora, C., Esteve, S. y Gil-Pareja, S.\u00a0 (2025): \u00abCountries don&#8217;t trade, firms do: a firm-level assesment of CETA\u00bb, <em>International Review of Economics &amp; Finance, 104<\/em><em>. <\/em><a href=\"https:\/\/doi.org\/10.1016\/j.iref.2025.104672\">https:\/\/doi.org\/10.1016\/j.iref.2025.104672<\/a><\/p>\n<p>\u2022 D\u00edaz-Mora, C., Gandoy, R. y Gonz\u00e1lez, B. (2025): \u00abLas CGV de la UE: una mirada hacia los pa\u00edses de la Uni\u00f3n por el Mediterr\u00e1neo\u00bb, <em>Cuadernos Econ\u00f3micos de ICE<\/em>, n\u00ba 109, 105-125. <a href=\"https:\/\/doi.org\/10.32796\/cice.2025.109.7923\">https:\/\/doi.org\/10.32796\/cice.2025.109.7923<\/a><\/p>\n<p>\u2022 D\u00edaz-Mora, C., Esteve, S. y Gil-Pareja, S.\u00a0 (2025): \u00ab<a href=\"https:\/\/privado.cemad.es\/revistas\/online\/Revistas\/ECO-188.pdf\/204\">La Uni\u00f3n Europea y el comercio de servicios<\/a>\u00bb, <em>Economistas , \u00abEspa\u00f1a 2024. Un balance\u00bb, n\u00ba 188.<\/em><\/p>\n<p><span style=\"font-size: revert\">\u2022 Cernat, L., D\u00edaz-Mora, C., Guinea, O.\u00a0 (2024): \u00ab<\/span><a style=\"font-size: revert\" href=\"https:\/\/ecipe.org\/publications\/europe-great-economic-transformation-international-trade-in-services\/\">The External Side of Europe\u2019s Great Economic Transformation: International Trade in Services<\/a><span style=\"font-size: revert\">\u00bb, ECIPE Policy Briefs, July 2024.<\/span><\/p>\n<p>\u2022 D\u00edaz-Mora, C., Esteve, S. y Gil-Pareja, S.\u00a0 (2024): \u00abExploring the heterogeneous impact of trade agreements on trade: Depth matters\u00bb, <em>Economics. The Open-Access, Open-Assessment Journal, <\/em>vol. 18 (1). <a href=\"https:\/\/doi.org\/10.1515\/econ-2022-0064\">https:\/\/doi.org\/10.1515\/econ-2022-0064<\/a><\/p>\n<p>\u2022 De Lucio, J., D\u00edaz-Mora, C., Minguez, R., Minondo, A. y Requena, F. (2023): \u00abDo firms react to supply-chain disruptions?,\u00a0 <em>Economic Analysis and Policy<\/em>, vol. 79, pp. 902-916, <a href=\"https:\/\/doi.org\/10.1016\/j.eap.2023.07.004\">https:\/\/doi.org\/10.1016\/j.eap.2023.07.004<\/a>.<\/p>\n<p>\u2022 Blazquez, L., D\u00edaz-Mora, C. y Gonz\u00e1lez-D\u00edaz, B. (2023): \u00abUnderstanding Digital Services in GVCs: An Extended Gravity Model through the lens of Network\u00bb, <em>The World Economy<\/em>, vol. 46 (9), pp.<span style=\"font-size: revert\"> 2598-2623. <\/span><a href=\"https:\/\/doi.org\/10.1111\/twec.13454\">https:\/\/doi.org\/10.1111\/twec.13454<\/a><\/p>\n<p>\u2022 C\u00f3rcoles, D., D\u00edaz-Mora, C., Gandoy, R. y Triguero, A. (2023): \u201cThe Role of Servitization in International Entrepreneurship: An Analysis for Spanish Manufacturing Firms\u201d,\u00a0<em>Journal of International Entrepreneurship, v<span data-test=\"journal-volume\">ol. 21<\/span>, pp. 214\u2013244 <span style=\"font-size: revert\">( Q1 SJC-SCImago)\u00a0<\/span> <\/em>.<a href=\"https:\/\/doi.org\/10.1007\/s10843-023-00335-4\">https:\/\/doi.org\/10.1007\/s10843-023-00335-4<\/a><\/p>\n<p>\u2022 Bl\u00e1zquez, L., <span style=\"font-size: revert\">D\u00edaz-Mora, C. y Gonz\u00e1lez, B. <\/span><span style=\"font-size: revert\">(2023): \u00ab<a href=\"https:\/\/www.funcas.es\/wp-content\/uploads\/2023\/11\/PEE_177_Blazquez_Diaz-Mora_Gonzalez-Diaz.pdf\">Europea como bloque comercial<\/a>\u00ab, <em>Papeles de Econom\u00eda Espa\u00f1ola<\/em>, n\u00ba 177, 163-180.<\/span><\/p>\n<p>\u2022 Blazquez, L., D\u00edaz-Mora, C. y Gonz\u00e1lez-D\u00edaz, B. (2023): \u201cHubs of embodied business services in a GVC World\u201d. <em>International Economics,<\/em> <a class=\"anchor anchor-default\" title=\"Go to table of contents for this volume\/issue\" href=\"https:\/\/www.sciencedirect.com\/journal\/international-economics\/vol\/174\/suppl\/C\"><span class=\"anchor-text\">Volume 174<\/span><\/a>, 28-43. <span style=\"font-size: revert\">( Q1 SJC-SCImago). <\/span><a href=\"https:\/\/doi.org\/10.1016\/j.inteco.2023.02.004\">https:\/\/doi.org\/10.1016\/j.inteco.2023.02.004<\/a><\/p>\n<p>\u2022 D\u00edaz-Mora, C., Esteve, S. y Gil-Pareja, S.\u00a0 (2023): \u00abA Re-Assessment of the Heterogeneous Effect of Trade Agreements using Intra-National Trade\u00bb.\u00a0 <em>Economic Analysis and Policy<\/em> , Volume 77,\u00a0 940-951. (Q1 JCR-WOS).\u00a0<a href=\"https:\/\/doi.org\/10.1016\/j.eap.2023.01.008\"> https:\/\/doi.org\/10.1016\/j.eap.2023.01.008<\/a><\/p>\n<p>\u2022 Bl\u00e1zquez, L., <span style=\"font-size: revert\">D\u00edaz-Mora, C. y Gonz\u00e1lez, B. <\/span><span style=\"font-size: revert\">(2022): \u00abSlowbalisation or a \u201cNew\u201d Type of GVC Participation? The Role of Digital Services\u00bb, <em>Journal of Industrial and Business Economics, vol 50, 121-147<\/em>. ( Q1 SJC-SCImago). <a href=\"https:\/\/doi.org\/10.1007\/s40812-022-00245-x\">https:\/\/doi.org\/10.1007\/s40812-022-00245-x<\/a>.\u00a0 <a href=\"https:\/\/rdcu.be\/c1L52\">https:\/\/rdcu.be\/c1L52<\/a><\/span><\/p>\n<p>\u2022 <span style=\"font-size: revert\">D\u00edaz-Mora, C., Garc\u00eda, E. y Gonz\u00e1lez, B. <\/span><span style=\"font-size: revert\">(2022): \u00abBilateral servicification in GVCs and Deep Trade Agreetments\u00bb, <em>The World Economy, <\/em><\/span>45 (8), 2510-2531<span style=\"font-size: revert\">. (Q3JCR-WOS; Q1 SJC-SCImago).\u00a0 <a href=\"https:\/\/onlinelibrary.wiley.com\/doi\/abs\/10.1111\/twec.13246\">https:\/\/onlinelibrary.wiley.com\/doi\/abs\/10.1111\/twec.13246.\u00a0<\/a><\/span><\/p>\n<p>\u2022 Gandoy, R. y D\u00edaz-Mora, C. (2022): \u00ab<a href=\"https:\/\/clubexportadores.org\/wp-content\/uploads\/2022\/03\/Club-Exportadores_Nota-tecnica_Servicificacion-y-exportacion_Gandoy-y-Diaz-Mora.pdf\">Servicificaci\u00f3n de las manufacturas y exportaciones<\/a>\u201d, Nota t\u00e9cnica, Comit\u00e9 de Reflexi\u00f3n sobre Internacionalizaci\u00f3n, Club de Exportadores e Inversores Espa\u00f1oles.<\/p>\n<p>\u2022 <span style=\"font-size: revert\">Gandoy, R., D\u00edaz-Mora, C. y C\u00f3rcoles, D. (2021): \u00ab<a href=\"https:\/\/www.mincotur.gob.es\/Publicaciones\/Publicacionesperiodicas\/EconomiaIndustrial\/RevistaEconomiaIndustrial\/422\/CO%CC%81RCOLES,%20DI%CC%81AZ%20MORA%20Y%20GANDOY.pdf\">Servitizaci\u00f3n y digitalizaci\u00f3n de las manufacturas espa\u00f1olas<\/a>\u00ab, <em>Revista de Econom\u00eda Industrial, n\u00ba 422, 25-35<\/em>.\u00a0<\/span><\/p>\n<p>\u2022 D\u00edaz-Mora, C., Gandoy, R. y Gonz\u00e1lez, B. (2020): \u00abEl momento de las cadenas regionales de valor: la integraci\u00f3n comercial en la pen\u00ednsula ib\u00e9rica\u00bb, <em>Cuadernos Econ\u00f3micos de ICE<\/em>, n\u00ba 100, 11-33.<a href=\"http:\/\/www.revistasice.com\/index.php\/CICE\/article\/view\/7116\">\u00a0http:\/\/www.revistasice.com\/index.php\/CICE\/article\/view\/7116<\/a><\/p>\n<p>\u2022 Gandoy, R. y D\u00edaz-Mora, C. (2020): \u00ab<a href=\"https:\/\/clubexportadores.org\/wp-content\/uploads\/pdf\/documentos\/notas-comite-reflexion\/nt_cadenas_globales_valor_jul20.pdf\">El futuro de las Cadenas Globales de Valor<\/a>\u201d, Nota t\u00e9cnica, Comit\u00e9 de Reflexi\u00f3n sobre Internacionalizaci\u00f3n, Club de Exportadores e Inversores Espa\u00f1oles.<\/p>\n<p>\u2022 Gandoy, R., D\u00edaz-Mora, C. y C\u00f3rcoles, D. (2020): \u00abServitizaci\u00f3n y exportaciones de las manufacturas espa\u00f1olas\u00bb, <em>ICE-Revista de Econom\u00ed<\/em>a, n\u00ba 913.<a href=\"https:\/\/doi.org\/10.32796\/ice.2020.913.6988\"> https:\/\/doi.org\/10.32796\/ice.2020.913.6988<\/a><\/p>\n<p>\u2022 Bl\u00e1zquez, L. D\u00edaz-Mora, C. y Gonz\u00e1lez, B. (2020): \u201cThe role of services content for manufacturing competitiveness: A network analysis\u201d,<em> PLoS ONE<\/em> 15(1): e0226411. <a href=\"https:\/\/doi.org\/10.1371\/journal.pone.0226411\">https:\/\/doi.org\/10.1371\/journal.pone.0226411<\/a> (Q1 JCR-WOS; Q1 SJC-SCImago).<\/p>\n<p>\u2022 D\u00edaz-Mora, C. y Garc\u00eda, E. (2019): \u201cProduct complexity in international production networks: comparing EU Core and Old and New EU Periphery\u201d, <em>Emerging Markets Finance and Trade<\/em>, 55(4), 950-966. <a href=\"https:\/\/doi.org\/10.1080\/1540496X.2018.1443073\">https:\/\/doi.org\/10.1080\/1540496X.2018.1443073<\/a> (Q3JCR-WOS; Q1 SJC-SCImago).<\/p>\n<p>\u2022 C\u00f3rcoles, D., D\u00edaz-Mora, C. y Gandoy, R (2019): \u00abComplex internationalization strategies and firm export performance during the great trade collapse\u00bb, <em>Journal of Economic Studies<\/em>, 46(2),\u00a0246-265,\u00a0<a href=\"https:\/\/doi.org\/10.1108\/JES-06-2017-0144\">https:\/\/doi.org\/10.1108\/JES-06-2017-0144<\/a> (Q1 SJC-SCImago).<\/p>\n<p>\u2022 D\u00edaz-Mora, C., Gil, S. y R. Llorca (2019): \u201cLa pol\u00edtica comercial de la UE\u201d, en Camarero, M. y C. Tamarit (coordinadores), Econom\u00eda de la Uni\u00f3n Europea (8\u00aa edici\u00f3n), Civitas, Thomson Reuters.<\/p>\n<p>\u2022 D\u00edaz-Mora, C., Gandoy, R. y Gonz\u00e1lez, B. (2018): \u201c<a href=\"https:\/\/www.funcas.es\/wp-content\/uploads\/Migracion\/Articulos\/FUNCAS_PEE\/158art11.pdf\">El papel de los servicios en las cadenas globales de valor de las manufacturas espa\u00f1olas<\/a>\u201d, <em>Papeles de Econom\u00eda Espa\u00f1ola<\/em>, 158, 139-153.<\/p>\n<p>\u2022 D\u00edaz-Mora, C., Gandoy, R. y Gonz\u00e1lez, B. (2018): \u00ab<a href=\"http:\/\/em.rdcu.be\/wf\/click?upn=lMZy1lernSJ7apc5DgYM8ZwCJEkpqEw-2FfEv3j4o8RfU-3D_Jb4qE13benGUzFjmob4yz9CtUZKFvZIfDaEljSz-2FpU3Vtb4VKwdwn-2BHJscjwuWyVfs1ve1uAAmFODAUcozyndbfARGA5SrXdH5l0G9S6nBR1MsjEWVVrulg9dd8LYMy1Zco3aK6CyyQOllWhmVtjxfcAhuk31rr2xcYv3wE5JzU-2FEGcpcbV-2FT-2BeJkUuBCDMMwWDoPut-2BtSiyKLoq1S-2BwTW1rJwhU6KjuigohTkibkM4bpsqwSmks-2BI73NnYpZrPbK0ypFb1ZcMDoyYkOCKWTXA-3D-3D\">Looking into GVCs: Influence of Foreign Services on Export Performance<\/a>\u00ab, <em>Review of World Economics<\/em>, 154(4), 785\u2013814. <a href=\"https:\/\/doi.org\/10.1007\/s10290-018-0326-4\" target=\"_blank\" rel=\"noopener noreferrer\">https:\/\/doi.org\/10.1007\/s10290-018-0326-4<\/a> (Q2 JCR-WOS; Q1 SJC-SCImago).<\/p>\n<p>\u2022 D\u00edaz-Mora, C., Gandoy, R. y Gonz\u00e1lez, B. (2018): \u00abStrengthening the stability of exports through GVC participation: the who and how matters\u00bb, <em>Journal of Economic Studies<\/em>, 45(3), 610-637. <a href=\"https:\/\/doi.org\/10.1108\/JES-04-2017-0106\" target=\"_blank\" rel=\"noopener noreferrer\">https:\/\/doi.org\/10.1108\/JES-04-2017-010<\/a>6 (Q1 SJC-SCImago).<\/p>\n<p>\u2022 Bl\u00e1zquez, L., D\u00edaz-Mora, C. y Gonz\u00e1lez, B. (2017): \u201c<a href=\"http:\/\/www.revistasice.com\/CachePDF\/ICE_896_43-58__DA420D1A4D1940CD62E5187EA36BCBA2.pdf\">La servitizaci\u00f3n de las cadenas globales de valor: una aproximaci\u00f3n a partir del an\u00e1lisis de redes sociales<\/a>\u201d, <em>Cuadernos Econ\u00f3micos ICE<\/em>, n\u00ba 94, 87-114.<\/p>\n<p>\u2022 D\u00edaz-Mora, C. y Gandoy, R. (2017): \u00ab<a href=\"http:\/\/www.revistasice.com\/CachePDF\/ICE_896_43-58__DA420D1A4D1940CD62E5187EA36BCBA2.pdf\">Cadenas globales de valor: en el punto de mira de la pol\u00edtica comercial proteccionista<\/a>\u00ab, <em>Revista de Econom\u00eda ICE<\/em>, n\u00ba 896, 43-58.<\/p>\n<p>\u2022 Fari\u00f1as, J.C. y D\u00edaz-Mora, C. (2017): \u00abBalanza de Pagos y Equilibrio Exterior\u00bb, en Garc\u00eda-Delgado, J.L. y Myro R. (directores), Lecciones de Econom\u00eda Espa\u00f1ola (13 edici\u00f3n), Civitas.<\/p>\n<p>\u2022 Gandoy Juste, R., Diaz Mora, C., Gonzalez Diaz, B., Corcoles, D. (2016): \u201c<a href=\"http:\/\/www.ces.es\/documents\/10180\/4888776\/Una-nueva-politica-industrial-para-Espa%C3%B1a.pdf\">Inserci\u00f3n en las cadenas de valor internacionales<\/a>\u201d, in Myro, R. (dir.), Una nueva pol\u00edtica industrial para impulsar la industria y el empleo, Consejo Econ\u00f3mico y Social.<\/p>\n<p>\u2022 D\u00edaz-Mora, C. y Garc\u00eda, E. (2016): \u00abCentre-periphery integration: Building European production chains\u00bb, <em>Spanish Economic and Financial Outlook,<\/em> vol. 5, n\u00ba 4, 79-94. Versi\u00f3n en castellano: \u201cLa integraci\u00f3n centro-periferia: construyendo cadenas de producci\u00f3n europeas\u201d, Cuadernos de Informaci\u00f3n Econ\u00f3mica, n\u00ba 254, 77-92.<\/p>\n<p>\u2022 D\u00edaz-Mora, C. y Garc\u00eda, E. (2016): \u00ab<a href=\"http:\/\/rabida.uhu.es\/dspace\/bitstream\/handle\/10272\/12780\/8.DIAZ_.P4.pdf?sequence=2\">Factores explicativos de las Redes Transnacionales de Producci\u00f3n en la Uni\u00f3n Europea: Econom\u00edas Centrales vs. Periferias Sur y Este\u00bb<\/a>,<em> Revista de Econom\u00eda Mundial-Journal of World Economy,<\/em> n\u00ba 43. (Q4 JCR-WOS)<\/p>\n<p>\u2022 Bl\u00e1zquez, L. y D\u00edaz-Mora, C. (2016): \u00abEl impacto reciente de la crisis econ\u00f3mica en Castilla-La Mancha\u00bb, <em>Papeles de Econom\u00eda Espa\u00f1ola<\/em>, n\u00ba 148.<\/p>\n<p>\u2022 D\u00edaz-Mora, C., Garc\u00eda, J.A. y Molina, A. (2016): \u00abWhat is the key to academic success? An analysis of the relationship between time use and student performance\u00bb, <em>Cultura y Educaci\u00f3n<\/em>, vol. 28(1), 157-195. <a href=\"http:\/\/dx.doi.org\/10.1080\/11356405.2015.1130294\" target=\"_blank\" rel=\"noopener noreferrer\">http:\/\/dx.doi.org\/10.1080\/11356405.2015.1130294<\/a>. (Q1 SJC-SCImago)<\/p>\n<p>\u2022 D\u00edaz-Mora, C., C\u00f3rcoles, D. y Gandoy, R. (2015): \u00abExit from exporting: Does being a two-way trader matter?, <em>Economics &#8211; The Open-Access, Open-Assessment E-Journal<\/em>, vol. 9, 2015-20, 1-27. <a href=\"http:\/\/dx.doi.org\/10.5018\/economics-ejournal.ja.2015-20\" target=\"_blank\" rel=\"noopener noreferrer\">http:\/\/dx.doi.org\/10.5018\/economics-ejournal.ja.2015-20<\/a>. (Q3 JCR-WOS)<\/p>\n<p>\u2022 C\u00f3rcoles D., D\u00edaz-Mora, C. y Gandoy, R. (2015): \u201cExport Survival in Global Value Chains\u00bb, <em>The World Economy<\/em>, vol. 38, Issue 10, 1526\u20131554. <a href=\"https:\/\/doi.org\/10.1111\/twec.12249\" target=\"_blank\" rel=\"noopener noreferrer\">https:\/\/doi.org\/10.1111\/twec.12249<\/a> (Q3 JCR-WOS)<\/p>\n<p>\u2022 Bajo, O. y D\u00edaz-Mora, C. (2015): \u00abOn the employment effects of outward FDI: The case of Spain, 1995-2011\u00bb, <em>Applied Economics<\/em>, vol. 47(21), 2127-2141. <a href=\"https:\/\/doi.org\/10.1080\/00036846.2014.1002904\" target=\"_blank\" rel=\"noopener noreferrer\">https:\/\/doi.org\/10.1080\/00036846.2014.1002904<\/a> (Q3 JCR-WOS)<\/p>\n<p>\u2022 Fari\u00f1as, J.C. y D\u00edaz-Mora, C. (2015): \u00abBalanza de Pagos y Equilibrio Exterior\u00bb, en Garc\u00eda-Delgado, J.L. y Myro R. (directores), Lecciones de Econom\u00eda Espa\u00f1ola (12 edici\u00f3n), Civitas.<\/p>\n<p>\u2022 C\u00f3rcoles D., D\u00edaz-Mora, C. y Gandoy, R. (2014): \u201cProduct Sophistication: a tie that binds partners in international trade\u00bb, <em>Economic Modelling<\/em>, vol. 44(1), 33-41. <a href=\"https:\/\/doi.org\/10.1016\/j.econmod.2013.12.009\" target=\"_blank\" rel=\"noopener noreferrer\">https:\/\/doi.org\/10.1016\/j.econmod.2013.12.009<\/a> (Q2 JCR-WOS)<\/p>\n<p>\u2022 Bajo, O., D\u00edaz Mora, C. (2014): \u00abEfectos de la inversi\u00f3n exterior sobre el empleo de la econom\u00eda espa\u00f1ola\u00bb, en Myro, R. (dir.): Espa\u00f1a en la inversi\u00f3n directa internacional, Instituto de Estudios Econ\u00f3micos.<\/p>\n<p>\u2022 Gandoy, R., D\u00edaz-Mora, C. y C\u00f3rcoles D. (2014): \u201cUna v\u00eda de internacionalizaci\u00f3n para las pymes m\u00e1s capaces: la inserci\u00f3n en redes de producci\u00f3n\u201d, <em>Informaci\u00f3n Comercial Espa\u00f1ola<\/em>, n\u00ba 878, 131-148.<\/p>\n<p>\u2022 D\u00edaz-Mora, C., Garc\u00eda, J.A. y Molina, A. (2014): \u201cDiferencias de G\u00e9nero en la Organizaci\u00f3n del Tiempo y el Rendimiento Acad\u00e9mico: Un An\u00e1lisis Emp\u00edrico en el Grado en Administraci\u00f3n y Direcci\u00f3n de Empresas\u201d, en Martin, T. y Velasco, J.M. (coord.): La igualdad de g\u00e9nero desde la perspectiva social, jur\u00eddica y econ\u00f3mica, Civitas.<\/p>\n<p>\u2022 Bl\u00e1zquez, L., D\u00edaz-Mora, C. y Gandoy, R. (2013): \u00abProduction Networks and EU Enlargement: Is there room for everyone in the automotive industry?\u00bb, <em>Eastern European Economics<\/em>, 51(3), 27\u201350. (Q4 JCR-WOS)<\/p>\n<p>\u2022 Fari\u00f1as, J.C. y D\u00edaz-Mora, C. (2013): \u00abBalanza de Pagos y Equilibrio Exterior\u00bb, en Garc\u00eda-Delgado, J.L. y Myro R. (directores), Lecciones de Econom\u00eda Espa\u00f1ola (11 edici\u00f3n), Civitas.<\/p>\n<p>\u2022 Bl\u00e1zquez, L. y D\u00edaz-Mora, C. (2012): \u00abLa Actividad Econ\u00f3mica y los Sistemas de Cuentas\u00bb y \u00abLas Cuentas Financieras\u00bb, en Fari\u00f1as, J.C. y Rodr\u00edguez, D. (coord.), M\u00e9todos de Econom\u00eda Aplicada, Civitas.<\/p>\n<p>\u2022 Bl\u00e1zquez, L., D\u00edaz-Mora, C. y Gandoy, R (2012). \u201cEU Integration and Production Networks\u201d, <em>Revista de Econom\u00eda Aplicada<\/em>, n\u00ba 60 (vol. XX), p\u00e1gs. 5-24. (Q4 JCR-WOS)<\/p>\n<p>\u2022 C\u00f3rcoles D., D\u00edaz-Mora, C. y Gandoy, R. (2012): \u201cLa Participaci\u00f3n en Redes Internacionales de Producci\u00f3n: Un Factor de Estabilidad para las Exportaciones Espa\u00f1olas\u201d, <em>Economista<\/em>s, n\u00ba 130.<\/p>\n<p>\u2022 D\u00edaz Mora, C. y Triguero Cano, A. (2012): \u201cWhy do some firms contract out production? Evidence from firm-level panel data\u201d, <em>Applied Economics,<\/em> volumen 44, issue 13, p\u00e1gs 1631-1644. <a href=\"https:\/\/doi.org\/10.1080\/00036846.2010.548787\" target=\"_blank\" rel=\"noopener noreferrer\">https:\/\/doi.org\/10.1080\/00036846.2010.548787<\/a>. (Q3 JCR-WOS)<\/p>\n<p>\u2022 Bl\u00e1zquez, L., D\u00edaz Mora, C. y Gandoy, R. (2011): \u00abEl comercio de partes y componentes: una aproximaci\u00f3n a la posici\u00f3n espa\u00f1ola en las redes internacionales de producci\u00f3n\u201d, <em>Principios: Estudios de Econom\u00eda Pol\u00edtica,<\/em> vol. 18, p\u00e1gs. 5-25.<\/p>\n<p>\u2022 Bajo, O., D\u00edaz Mora, C. y D\u00edaz Roldan, C. (2010): \u00abForeign Direct Investment and Regional Growth: An Analysis of the Spanish Case\u201d, <em>Regional Studies<\/em>, volumen 44(3), 373-382. <a href=\"https:\/\/doi.org\/10.1080\/00343400802508844\" target=\"_blank\" rel=\"noopener noreferrer\">https:\/\/doi.org\/10.1080\/00343400802508844<\/a>. (Q1 JCR-WOS)<\/p>\n<p>\u2022 Bl\u00e1zquez, L., D\u00edaz Mora, C. y Gandoy, R. (2010): \u00abTendencias en la localizaci\u00f3n de la industria europea de automoci\u00f3n: Un An\u00e1lisis a Partir del Comercio de Partes y Componentes\u201d, <em>Econom\u00eda Industrial<\/em>, vol. 376, p\u00e1gs. 75-95.<\/p>\n<p>\u2022 Bl\u00e1zquez, L. y D\u00edaz Mora, C. (2008): Varias voces, en Galindo Mart\u00edn, M.A. (coord.), Diccionario de Econom\u00eda Aplicada, Ecobook-Editorial del Economista.<\/p>\n<p>\u2022 D\u00edaz-Mora, C. (2008) \u201cWhat Factors Determine the Outsourcing Intensity? A Dynamic Panel Data Approach for manufacturing industries\u201d, <em>Applied Economics<\/em>, vol. 40(19), 2509\u20132521. <a href=\"https:\/\/doi.org\/10.1080\/00036840600970179\" target=\"_blank\" rel=\"noopener noreferrer\">https:\/\/doi.org\/10.1080\/00036840600970179<\/a>. (Q3 JCR-WOS)<\/p>\n<p>\u2022 D\u00edaz-Mora, C. y Gandoy, R. (2008): \u201cOutsourcing en las industrias tradicionales: determinantes de la estrategia\u201d, R<em>evista de Estudios Empresariales (Segunda \u00c9poca)<\/em>, n\u00ba 1.<\/p>\n<p>\u2022 D\u00edaz-Mora, C., Gandoy, R. y Triguero, A. (2008): \u201cOutsourcing y caracter\u00edsticas de las empresas: Evidencia para la industria espa\u00f1ola\u201d, <em>Papeles de Econom\u00eda Espa\u00f1ola<\/em>, n\u00ba 116.<\/p>\n<p>\u2022 D\u00edaz-Mora, C., Gandoy, R. y Gonz\u00e1lez, B. (2007): \u201cFragmentaci\u00f3n internacional de la producci\u00f3n en las manufacturas espa\u00f1olas\u201d, <em>Papeles de Econom\u00eda Espa\u00f1ola<\/em>, n\u00ba 112, p\u00e1gs. 74-88.<\/p>\n<p>\u2022 Gandoy, R. y D\u00edaz-Mora, C. (2007): \u201cEl offshoring en la industria espa\u00f1ola: una revisi\u00f3n de la evidencia emp\u00edrica\u201d,<em> Informaci\u00f3n Comercial Espa\u00f1ola<\/em>, n\u00ba 837, p\u00e1gs. 195-210.<\/p>\n<p>\u2022 D\u00edaz-Mora, C. (2006): \u201cEspa\u00f1a en los flujos de comercio intraeuropeos\u201d, en Jim\u00e9nez, J. C. (dir.), Econom\u00eda Espa\u00f1ola: Veinte a\u00f1os en la Uni\u00f3n Europea, Civitas.<\/p>\n<p>\u2022 D\u00edaz-Mora, C. y Gonz\u00e1lez-D\u00edaz, B. (2006): \u201cTextil y confecci\u00f3n: efectos de una liberalizaci\u00f3n anunciada\u201d. <em>Economistas<\/em>, n\u00ba 108 (extra), p\u00e1gs. 118-129.<\/p>\n<p>\u2022 D\u00edaz-Mora, C. y Gandoy, R. (2005): \u201cOutsourcing en la industria manufacturera espa\u00f1ola: nuevas estrategias para el nuevo siglo\u201d. Econom\u00eda Industrial, n\u00ba 358, p\u00e1gs. 65-78.<\/p>\n<p>\u2022 D\u00edaz-Mora, C. y Gonz\u00e1lez-D\u00edaz, B. (2004): \u201cComercio y especializaci\u00f3n intrasectorial de la industria tradicional\u201d. <em>Econom\u00eda Industrial<\/em>, n\u00ba 355\/356, p\u00e1gs. 59-72.<\/p>\n<p>\u2022 D\u00edaz-Mora, C. (2002): \u201cThe Role of Comparative Advantage in Trade within Industries: a Panel Data Approach for the European Union\u201d. <em>Weltwirtschaftliches Archiv- Review of World Economics<\/em>, vol. 138 (2), p\u00e1gs. 291-316. <a href=\"https:\/\/doi.org\/10.1007\/BF02707746\" target=\"_blank\" rel=\"noopener noreferrer\">https:\/\/doi.org\/10.1007\/BF02707746<\/a>. (Q1 JCR-WOS).<\/p>\n<p>\u2022 D\u00edaz-Mora, C. (2002): \u201cIntegraci\u00f3n econ\u00f3mica y especializaci\u00f3n comercial: la experiencia de los pa\u00edses perif\u00e9ricos del Sur de la Uni\u00f3n Europea\u201d. <em>Momento Econ\u00f3mico<\/em>, n\u00ba 119, p\u00e1gs. 2-17.<\/p>\n<p>\u2022 D\u00edaz-Mora, C. (2002) \u201cLa ventaja comparativa como determinante del patr\u00f3n de comercio intraindustrial vertical: evidencia para la Uni\u00f3n Europea\u201d. <em>Informaci\u00f3n Comercial Espa\u00f1ola<\/em>, n\u00ba 796, p\u00e1gs. 55-65.<\/p>\n<p>\u2022 D\u00edaz-Mora, C. (2002): \u201cLas relaciones comerciales de los Pa\u00edses del Este Asi\u00e1tico: un an\u00e1lisis detallado para Corea del Sur\u201d, en A. Ojeda y otros (coords.) Sociedad, Econom\u00eda y Pol\u00edtica en Corea. Ediciones Gondo.<\/p>\n<p>\u2022 Diaz Mora, C. y Gandoy Juste, R. (2002): \u201cEl Sector Exterior\u201d, en Palacio, J.I. (coord.), Estructura Econ\u00f3mica de Castilla-La Mancha, Celeste Ediciones (Biblioteca A\u00f1il).<\/p>\n<p>\u2022 Delgado Rodriguez, M.J., De Diego Alv\u00e1rez, D., D\u00edaz Mora, C. y Mart\u00edn Mart\u00edn, M. (2002): Introducci\u00f3n a la Econom\u00eda Aplicada: Metodolog\u00eda, Fuentes Estad\u00edsticas y Casos Pr\u00e1cticos, Editorial Ariel.<\/p>\n<p>\u2022 D\u00edaz-Mora, C. (2001): El impacto comercial de la integraci\u00f3n econ\u00f3mica europea en el periodo 1985-1996. Colecci\u00f3n Estudios. Comit\u00e9 Econ\u00f3mico y Social.<\/p>\n<p>\u2022 D\u00edaz-Mora, C. y Gandoy, R. (2000): \u201cIntegraci\u00f3n econ\u00f3mica: efectos comerciales\u201d, en R. Myro (dir.), Econom\u00eda Europea: Crecimiento, Integraci\u00f3n y Transformaciones Sectoriales. Civitas.<\/p>\n","protected":false},"excerpt":{"rendered":"<p>\u2022 D\u00edaz-Mora, C., Esteve, S., Gil-Pareja, S. y R\u00edos-\u00c1vila, F. (2026): \u00abThe EMU Effect on Trade: A Re-Assessment Accounting for Staggered Treatment Adoption\u201d, The World Economy, 49(2), 244-260. https:\/\/doi.org\/10.1111\/twec.70028 \u2022 Cernat, L., D\u00edaz-Mora, C., Esteve, S. y Gil-Pareja, S.\u00a0 (2025): \u00abCountries don&#8217;t trade, firms do: a firm-level assesment of CETA\u00bb, International Review of Economics &amp; &hellip; <a href=\"https:\/\/blog.uclm.es\/carmendiazmora\/publicaciones-recientes\/\" class=\"more-link\">Seguir leyendo <span class=\"screen-reader-text\">Publicaciones recientes<\/span> <span class=\"meta-nav\">&rarr;<\/span><\/a><\/p>\n","protected":false},"author":59,"featured_media":0,"parent":0,"menu_order":0,"comment_status":"closed","ping_status":"closed","template":"page-templates\/full-width.php","meta":{"footnotes":""},"class_list":["post-50","page","type-page","status-publish","hentry"],"_links":{"self":[{"href":"https:\/\/blog.uclm.es\/carmendiazmora\/wp-json\/wp\/v2\/pages\/50","targetHints":{"allow":["GET"]}}],"collection":[{"href":"https:\/\/blog.uclm.es\/carmendiazmora\/wp-json\/wp\/v2\/pages"}],"about":[{"href":"https:\/\/blog.uclm.es\/carmendiazmora\/wp-json\/wp\/v2\/types\/page"}],"author":[{"embeddable":true,"href":"https:\/\/blog.uclm.es\/carmendiazmora\/wp-json\/wp\/v2\/users\/59"}],"replies":[{"embeddable":true,"href":"https:\/\/blog.uclm.es\/carmendiazmora\/wp-json\/wp\/v2\/comments?post=50"}],"version-history":[{"count":26,"href":"https:\/\/blog.uclm.es\/carmendiazmora\/wp-json\/wp\/v2\/pages\/50\/revisions"}],"predecessor-version":[{"id":450,"href":"https:\/\/blog.uclm.es\/carmendiazmora\/wp-json\/wp\/v2\/pages\/50\/revisions\/450"}],"wp:attachment":[{"href":"https:\/\/blog.uclm.es\/carmendiazmora\/wp-json\/wp\/v2\/media?parent=50"}],"curies":[{"name":"wp","href":"https:\/\/api.w.org\/{rel}","templated":true}]}}