{"id":93,"date":"2016-08-29T11:24:12","date_gmt":"2016-08-29T10:24:12","guid":{"rendered":"http:\/\/blog.uclm.es\/carlosacastillo\/?page_id=93"},"modified":"2016-08-29T11:24:12","modified_gmt":"2016-08-29T10:24:12","slug":"congresos","status":"publish","type":"page","link":"https:\/\/blog.uclm.es\/carlosacastillo\/congresos\/","title":{"rendered":"Congresos"},"content":{"rendered":"<ul>\n<li>XXI Jornadas de Nutrici\u00f3n Pr\u00e1ctica y XI Congreso Internacional de Nutrici\u00f3n, Alimentaci\u00f3n y Diet\u00e9tica, Madrid (2016). <em>Evaluaci\u00f3n del gasto energ\u00e9tico y del consumo de alimentos en estudiantes universitarios<\/em>. Comunicaci\u00f3n.<\/li>\n<li>XXXIX SEBBM, Salamanca (2016). <em>Uso de YouTube como recurso did\u00e1ctico en el aprendizaje de la Bioqu\u00edmica.<\/em> Workshop Ense\u00f1anza de la Bioqu\u00edmica. Comunicaci\u00f3n. Comentada <a href=\"https:\/\/eldebioquimica.wordpress.com\/2016\/09\/06\/uso-de-youtube-como-recurso-didactico-en-el-aprendizaje-de-la-bioquimica\/\">aqu\u00ed<\/a>.<\/li>\n<li>XX Jornadas de Nutrici\u00f3n Pr\u00e1ctica y X Congreso Internacional de Nutrici\u00f3n, Alimentaci\u00f3n y Diet\u00e9tica, Madrid (2016). Uso de recursos web gratuitos como herramientas para valorar los h\u00e1bitos nutricionales en una poblaci\u00f3n universitaria. Comunicaci\u00f3n.<\/li>\n<li>XXXVIII SEBBM, Valencia (2015). <em>Empleo de wikis para la creaci\u00f3n de entornos de aprendizaje vituales como herramienta para estimular el pensamiento cr\u00edtico en estudiantes de Ciencias de la Salud.<\/em> Workshop Ense\u00f1anza de la Bioqu\u00edmica. Comunicaci\u00f3n.<\/li>\n<li>EDULEARN15, Barcelona (2015). <em><a href=\"https:\/\/library.iated.org\/view\/CASTILLO2015USE\">The use of wikis as a tool to improve coaching in Final Degree Project: an experience in higher education.<\/a><\/em> Proceedings.<\/li>\n<\/ul>\n","protected":false},"excerpt":{"rendered":"<p>XXI Jornadas de Nutrici\u00f3n Pr\u00e1ctica y XI Congreso Internacional de Nutrici\u00f3n, Alimentaci\u00f3n y Diet\u00e9tica, Madrid (2016). Evaluaci\u00f3n del gasto energ\u00e9tico y del consumo de alimentos en estudiantes universitarios. Comunicaci\u00f3n. XXXIX SEBBM, Salamanca (2016). Uso de YouTube como recurso did\u00e1ctico en el aprendizaje de la Bioqu\u00edmica. Workshop Ense\u00f1anza de la Bioqu\u00edmica. Comunicaci\u00f3n. Comentada aqu\u00ed. XX Jornadas &hellip; <a href=\"https:\/\/blog.uclm.es\/carlosacastillo\/congresos\/\" class=\"more-link\">Seguir leyendo <span class=\"screen-reader-text\">Congresos<\/span> <span class=\"meta-nav\">&rarr;<\/span><\/a><\/p>\n","protected":false},"author":34,"featured_media":0,"parent":0,"menu_order":0,"comment_status":"closed","ping_status":"closed","template":"","meta":{"footnotes":""},"class_list":["post-93","page","type-page","status-publish","hentry"],"_links":{"self":[{"href":"https:\/\/blog.uclm.es\/carlosacastillo\/wp-json\/wp\/v2\/pages\/93","targetHints":{"allow":["GET"]}}],"collection":[{"href":"https:\/\/blog.uclm.es\/carlosacastillo\/wp-json\/wp\/v2\/pages"}],"about":[{"href":"https:\/\/blog.uclm.es\/carlosacastillo\/wp-json\/wp\/v2\/types\/page"}],"author":[{"embeddable":true,"href":"https:\/\/blog.uclm.es\/carlosacastillo\/wp-json\/wp\/v2\/users\/34"}],"replies":[{"embeddable":true,"href":"https:\/\/blog.uclm.es\/carlosacastillo\/wp-json\/wp\/v2\/comments?post=93"}],"version-history":[{"count":0,"href":"https:\/\/blog.uclm.es\/carlosacastillo\/wp-json\/wp\/v2\/pages\/93\/revisions"}],"wp:attachment":[{"href":"https:\/\/blog.uclm.es\/carlosacastillo\/wp-json\/wp\/v2\/media?parent=93"}],"curies":[{"name":"wp","href":"https:\/\/api.w.org\/{rel}","templated":true}]}}