{"id":9,"date":"2015-08-26T18:34:38","date_gmt":"2015-08-26T17:34:38","guid":{"rendered":"http:\/\/blog.uclm.es\/carlosacastillo\/?page_id=9"},"modified":"2015-08-26T18:34:38","modified_gmt":"2015-08-26T17:34:38","slug":"gestion","status":"publish","type":"page","link":"https:\/\/blog.uclm.es\/carlosacastillo\/gestion\/","title":{"rendered":"Gesti\u00f3n acad\u00e9mica"},"content":{"rendered":"<ul>\n<li>Coordinador de primer curso del Grado en Enfermer\u00eda en la Facultad de Fisioterapia y Enfermer\u00eda &#8211; Curso 18\/19 hasta &#8212;.<\/li>\n<li>Creaci\u00f3n y administraci\u00f3n del <a href=\"https:\/\/www.facebook.com\/Facultad-de-Fisioterapia-y-Enfermer%C3%ADa-UCLM-337900723588082\/\">perfil de Facebook<\/a> de la Facultad de Fisioterapia y Enfermer\u00eda \u2013 Desde su creaci\u00f3n en mayo de 2019 hasta &#8212;.<\/li>\n<li>Creaci\u00f3n y administraci\u00f3n del <a href=\"https:\/\/www.facebook.com\/Facultad-de-Terapia-Ocupacional-Logopedia-y-Enfermer%C3%ADa-UCLM-270138773163321\/?ref=bookmarks\">perfil de Facebook<\/a> de la Facultad de Terapia Ocupacional, Logopedia y Enfermer\u00eda &#8211; Desde su creaci\u00f3n en febrero de 2014 hasta septiembre de 2017.<\/li>\n<li>Coordinador de Pr\u00e1cticas Externas de la Facultad de Terapia Ocupacional, Logopedia y Enfermer\u00eda &#8211; Curso 12\/13 hasta curso 16\/17. Cuadro resumen de pr\u00e1cticas\/horas gestionadas <a href=\"https:\/\/blog.uclm.es\/carlosacastillo\/wp-content\/uploads\/sites\/128\/2017\/08\/Resumen_gestion_PEXT.pdf\">aqu\u00ed<\/a>.<\/li>\n<li>Coordinador de Programas de Movilidad Nacional de la Facultad de Terapia Ocupacional, Logopedia y Enfermer\u00eda &#8211; Curso 12\/13 hasta curso 16\/17.<\/li>\n<li>Coordinador de segundo curso del Grado en Enfermer\u00eda en la Facultad de Terapia Ocupacional, Logopedia y Enfermer\u00eda &#8211; Curso 11\/12 hasta curso 16\/17.<\/li>\n<\/ul>\n","protected":false},"excerpt":{"rendered":"<p>Coordinador de primer curso del Grado en Enfermer\u00eda en la Facultad de Fisioterapia y Enfermer\u00eda &#8211; Curso 18\/19 hasta &#8212;. Creaci\u00f3n y administraci\u00f3n del perfil de Facebook de la Facultad de Fisioterapia y Enfermer\u00eda \u2013 Desde su creaci\u00f3n en mayo de 2019 hasta &#8212;. Creaci\u00f3n y administraci\u00f3n del perfil de Facebook de la Facultad de &hellip; <a href=\"https:\/\/blog.uclm.es\/carlosacastillo\/gestion\/\" class=\"more-link\">Seguir leyendo <span class=\"screen-reader-text\">Gesti\u00f3n acad\u00e9mica<\/span> <span class=\"meta-nav\">&rarr;<\/span><\/a><\/p>\n","protected":false},"author":34,"featured_media":0,"parent":0,"menu_order":0,"comment_status":"closed","ping_status":"open","template":"","meta":{"footnotes":""},"class_list":["post-9","page","type-page","status-publish","hentry"],"_links":{"self":[{"href":"https:\/\/blog.uclm.es\/carlosacastillo\/wp-json\/wp\/v2\/pages\/9","targetHints":{"allow":["GET"]}}],"collection":[{"href":"https:\/\/blog.uclm.es\/carlosacastillo\/wp-json\/wp\/v2\/pages"}],"about":[{"href":"https:\/\/blog.uclm.es\/carlosacastillo\/wp-json\/wp\/v2\/types\/page"}],"author":[{"embeddable":true,"href":"https:\/\/blog.uclm.es\/carlosacastillo\/wp-json\/wp\/v2\/users\/34"}],"replies":[{"embeddable":true,"href":"https:\/\/blog.uclm.es\/carlosacastillo\/wp-json\/wp\/v2\/comments?post=9"}],"version-history":[{"count":0,"href":"https:\/\/blog.uclm.es\/carlosacastillo\/wp-json\/wp\/v2\/pages\/9\/revisions"}],"wp:attachment":[{"href":"https:\/\/blog.uclm.es\/carlosacastillo\/wp-json\/wp\/v2\/media?parent=9"}],"curies":[{"name":"wp","href":"https:\/\/api.w.org\/{rel}","templated":true}]}}