{"id":85,"date":"2016-09-14T10:25:22","date_gmt":"2016-09-14T09:25:22","guid":{"rendered":"http:\/\/blog.uclm.es\/carcelforzados\/?page_id=85"},"modified":"2016-09-14T10:25:22","modified_gmt":"2016-09-14T09:25:22","slug":"enfermeria","status":"publish","type":"page","link":"https:\/\/blog.uclm.es\/carcelforzados\/crujia\/enfermeria\/","title":{"rendered":"Enfermer\u00eda"},"content":{"rendered":"<p style=\"text-align: justify\">A mediados del siglo XVI, se impuso a los F\u00facares la obligaci\u00f3n de costear una enfermer\u00eda y una botica, as\u00ed como la de contratar un m\u00e9dico y un barbero, ambos nombrados por el superintendente. Los dos tienen obligaci\u00f3n de visitar diariamente a los enfermos por ma\u00f1ana y tarde, recetando los medicamentos, alimentos y bebidas que necesiten. Asistir\u00e1n igualmente a las familias de las casas del superintendente, Contadur\u00eda Pagadur\u00eda.<\/p>\n<p style=\"text-align: justify\">La enfermer\u00eda estaba enladrillada y enmaderada de pino. Hab\u00eda dentro de ella un cuarto hecho de madera de pino y cubierto de lo mismo, que serv\u00eda para tomar sudores.<\/p>\n<figure id=\"attachment_185\" aria-describedby=\"caption-attachment-185\" style=\"width: 412px\" class=\"wp-caption aligncenter\"><img loading=\"lazy\" decoding=\"async\" class=\" wp-image-185\" src=\"https:\/\/blog.uclm.es\/carcelforzados\/wp-content\/uploads\/sites\/178\/2016\/09\/MG_6289-300x200.jpg\" alt=\"Reconstrucci\u00f3n de la sala de enfermer\u00eda en el R. Hospital de Mineros S. Rafael\" width=\"412\" height=\"274\" srcset=\"https:\/\/blog.uclm.es\/carcelforzados\/wp-content\/uploads\/sites\/178\/2016\/09\/MG_6289-300x200.jpg 300w, https:\/\/blog.uclm.es\/carcelforzados\/wp-content\/uploads\/sites\/178\/2016\/09\/MG_6289.jpg 650w\" sizes=\"auto, (max-width: 412px) 100vw, 412px\" \/><figcaption id=\"caption-attachment-185\" class=\"wp-caption-text\">Reconstrucci\u00f3n de la sala de enfermer\u00eda en el R. Hospital de Mineros S. Rafael<\/figcaption><\/figure>\n<p style=\"text-align: justify\">Tan pronto se siente enfermo un esclavo o forzado, lo ve el m\u00e9dico o el cirujano y pasa a la enfermer\u00eda, donde se le pone tarima, jerg\u00f3n, colch\u00f3n, manta, s\u00e1bana y almohada.<\/p>\n<p style=\"text-align: justify\">Las recetas del m\u00e9dico o del cirujano han de ir rubricadas por el superintendente para que el boticario pueda entregar los medicamentos. S\u00f3lo a deshoras de la noche, o en casos de mucha urgencia que no admitan dilaci\u00f3n, podr\u00e1 prescindirse de dicha r\u00fabrica; aunque despu\u00e9s ha de completarse la receta con ella.<\/p>\n<p style=\"text-align: justify\">Uno de los forzados hace de enfermero. Cuida de los enfermos, les pone las comidas, bebidas y les da los remedios; todo a las horas que mande el m\u00e9dico o el cirujano. El ayudante del alcaide es otro forzado, que hace adem\u00e1s \u00ablos mandados\u00bb, entre ellos ir a por la carne a la botica.<\/p>\n","protected":false},"excerpt":{"rendered":"<p>A mediados del siglo XVI, se impuso a los F\u00facares la obligaci\u00f3n de costear una enfermer\u00eda y una botica, as\u00ed como la de contratar un m\u00e9dico y un barbero, ambos nombrados por el superintendente. Los dos tienen obligaci\u00f3n de visitar diariamente a los enfermos por ma\u00f1ana y tarde, recetando los medicamentos, alimentos y bebidas que &hellip; <a href=\"https:\/\/blog.uclm.es\/carcelforzados\/crujia\/enfermeria\/\" class=\"more-link\">Seguir leyendo <span class=\"screen-reader-text\">Enfermer\u00eda<\/span> <span class=\"meta-nav\">&rarr;<\/span><\/a><\/p>\n","protected":false},"author":89,"featured_media":0,"parent":16,"menu_order":2,"comment_status":"closed","ping_status":"closed","template":"","meta":{"footnotes":""},"class_list":["post-85","page","type-page","status-publish","hentry"],"_links":{"self":[{"href":"https:\/\/blog.uclm.es\/carcelforzados\/wp-json\/wp\/v2\/pages\/85","targetHints":{"allow":["GET"]}}],"collection":[{"href":"https:\/\/blog.uclm.es\/carcelforzados\/wp-json\/wp\/v2\/pages"}],"about":[{"href":"https:\/\/blog.uclm.es\/carcelforzados\/wp-json\/wp\/v2\/types\/page"}],"author":[{"embeddable":true,"href":"https:\/\/blog.uclm.es\/carcelforzados\/wp-json\/wp\/v2\/users\/89"}],"replies":[{"embeddable":true,"href":"https:\/\/blog.uclm.es\/carcelforzados\/wp-json\/wp\/v2\/comments?post=85"}],"version-history":[{"count":0,"href":"https:\/\/blog.uclm.es\/carcelforzados\/wp-json\/wp\/v2\/pages\/85\/revisions"}],"up":[{"embeddable":true,"href":"https:\/\/blog.uclm.es\/carcelforzados\/wp-json\/wp\/v2\/pages\/16"}],"wp:attachment":[{"href":"https:\/\/blog.uclm.es\/carcelforzados\/wp-json\/wp\/v2\/media?parent=85"}],"curies":[{"name":"wp","href":"https:\/\/api.w.org\/{rel}","templated":true}]}}