{"id":69,"date":"2016-09-14T10:15:42","date_gmt":"2016-09-14T09:15:42","guid":{"rendered":"http:\/\/blog.uclm.es\/carcelforzados\/?page_id=69"},"modified":"2016-09-14T10:15:42","modified_gmt":"2016-09-14T09:15:42","slug":"dominio-musulman","status":"publish","type":"page","link":"https:\/\/blog.uclm.es\/carcelforzados\/historia-de-las-minas\/dominio-musulman\/","title":{"rendered":"Dominio Musulman"},"content":{"rendered":"<p style=\"text-align: justify\">Ante un periodo poco documentado con los visigodos, los musulmanes dominaron las minas durante los siglo VII al XIII, de hecho fueron ellos lo que dieron a este pueblo su nombre actual Hins-Al-Madem (Almad\u00e9n).<\/p>\n<p style=\"text-align: justify\">Las condiciones y restos dejados por los musulmanes demuestran que no s\u00f3lo explotaron la mina, sino que desarrollaron e inventaron diversos procesos metal\u00fargicos como el horno de xabecas.<\/p>\n<p style=\"text-align: justify\">En la descripci\u00f3n del escritor Mohamed Al Idrisi (s. XII) en su \u201cDescripci\u00f3n de Espa\u00f1a\u201d nos relata del siguiente modo:<\/p>\n<p style=\"text-align: justify\">\u201c\u2026A partir de la primera de estas villas (C\u00f3rdoba), dirigi\u00e9ndose hacia el norte, se encuentra a una jornada el Fuerte Abal; cerca del cual est\u00e1n situadas las minas de mercurio de donde se extrae este metal as\u00ed como el cinabrio, destinado a ser exportado a todos los pa\u00edses del mundo. La explotaci\u00f3n se hace por medio de m\u00e1s de mil obreros, unos de los cuales descienden a los pozos y trabajan en arrancar el mineral; otros son empleados en el transporte de le\u00f1a para la combusti\u00f3n del mineral; otros en la fabricaci\u00f3n de vasijas, otros, por \u00faltimo en el servicio de los hornos donde se funde sublima el mercurio\u201d.<\/p>\n<p style=\"text-align: justify\">En esta \u00e9poca, el uso del mercurio se restring\u00eda a experimentos preparados medicinales de los alquimistas m\u00e9dicos isl\u00e1micos. Incluso se dice que se utiliz\u00f3 como adorno en la fuente de p\u00f3rfido de los jardines del palacio de Medina Azahara, mansi\u00f3n campestre de los califas cordobeses, en la que el Gran Abderrahaman III \u201ccontemplar sol\u00eda la imagen pura de la noble esclava\u201d.<\/p>\n<p style=\"text-align: justify\">Otros trabajos en los cuales apareci\u00f3 un nuevo uso del mercurio y que hasta ese momento se desconoc\u00eda en Espa\u00f1a, son los sobredorados al fuego, t\u00e9cnica de la cual el mercurio es un elemento fundamental\u00a0(adornos de jaez, correaje, etc) \u00a0y de los cuales se han encontrado piezas en las \u00a0excavaciones arqueol\u00f3gicas de Calatrava La Vieja o en Alarcos.<\/p>\n<p style=\"text-align: justify\">Durante este periodo las labores mineras se reduc\u00edan a explotaciones a cielo abierto peque\u00f1os pozos de corto desarrollo. Para evitar hundimientos se cruzaban troncos de un lado a otro. La dotaci\u00f3n de un trozo de esta madera de cerca de la mina de El Entredicho arroj\u00f3 una edad de 800 a\u00f1os, situable en la \u00e9poca final de la dominaci\u00f3n \u00e1rabe.<\/p>\n","protected":false},"excerpt":{"rendered":"<p>Ante un periodo poco documentado con los visigodos, los musulmanes dominaron las minas durante los siglo VII al XIII, de hecho fueron ellos lo que dieron a este pueblo su nombre actual Hins-Al-Madem (Almad\u00e9n). Las condiciones y restos dejados por los musulmanes demuestran que no s\u00f3lo explotaron la mina, sino que desarrollaron e inventaron diversos &hellip; <a href=\"https:\/\/blog.uclm.es\/carcelforzados\/historia-de-las-minas\/dominio-musulman\/\" class=\"more-link\">Seguir leyendo <span class=\"screen-reader-text\">Dominio Musulman<\/span> <span class=\"meta-nav\">&rarr;<\/span><\/a><\/p>\n","protected":false},"author":89,"featured_media":0,"parent":14,"menu_order":2,"comment_status":"closed","ping_status":"closed","template":"","meta":{"footnotes":""},"class_list":["post-69","page","type-page","status-publish","hentry"],"_links":{"self":[{"href":"https:\/\/blog.uclm.es\/carcelforzados\/wp-json\/wp\/v2\/pages\/69","targetHints":{"allow":["GET"]}}],"collection":[{"href":"https:\/\/blog.uclm.es\/carcelforzados\/wp-json\/wp\/v2\/pages"}],"about":[{"href":"https:\/\/blog.uclm.es\/carcelforzados\/wp-json\/wp\/v2\/types\/page"}],"author":[{"embeddable":true,"href":"https:\/\/blog.uclm.es\/carcelforzados\/wp-json\/wp\/v2\/users\/89"}],"replies":[{"embeddable":true,"href":"https:\/\/blog.uclm.es\/carcelforzados\/wp-json\/wp\/v2\/comments?post=69"}],"version-history":[{"count":0,"href":"https:\/\/blog.uclm.es\/carcelforzados\/wp-json\/wp\/v2\/pages\/69\/revisions"}],"up":[{"embeddable":true,"href":"https:\/\/blog.uclm.es\/carcelforzados\/wp-json\/wp\/v2\/pages\/14"}],"wp:attachment":[{"href":"https:\/\/blog.uclm.es\/carcelforzados\/wp-json\/wp\/v2\/media?parent=69"}],"curies":[{"name":"wp","href":"https:\/\/api.w.org\/{rel}","templated":true}]}}