{"id":19,"date":"2016-09-08T12:31:15","date_gmt":"2016-09-08T11:31:15","guid":{"rendered":"http:\/\/blog.uclm.es\/carcelforzados\/?page_id=19"},"modified":"2016-09-08T12:31:15","modified_gmt":"2016-09-08T11:31:15","slug":"carcel-nueva","status":"publish","type":"page","link":"https:\/\/blog.uclm.es\/carcelforzados\/carcel-nueva\/","title":{"rendered":"C\u00e1rcel Nueva"},"content":{"rendered":"<p style=\"text-align: justify\">Nos encontramos en el siglo XVIII con una necesidad acuciante de mano de obra para aumentar la producci\u00f3n de las minas, que en aquel momento va a comenzar la producci\u00f3n en nuevos criaderos de metal y la Corona pone en marcha diversos proyectos para mejorar de forma general esta situaci\u00f3n.<\/p>\n<p style=\"text-align: justify\">A nivel t\u00e9cnico se produce un gran avance con la incorporaci\u00f3n de la p\u00f3lvora en la extracci\u00f3n del cinabrio, se reorganiza la propia Administraci\u00f3n de las Minas (Ordenanzas de 1735) o la propia creaci\u00f3n de la Superintendencia General del Azogues en 1717\u00a0 y se crea la Junta de Azogue en 1708.<\/p>\n<figure id=\"attachment_173\" aria-describedby=\"caption-attachment-173\" style=\"width: 443px\" class=\"wp-caption aligncenter\"><img loading=\"lazy\" decoding=\"async\" class=\" wp-image-173\" src=\"https:\/\/blog.uclm.es\/carcelforzados\/wp-content\/uploads\/sites\/178\/2016\/09\/CarcelPanoramica-300x197.jpg\" alt=\"Panor\u00e1mica donde se puede apreciar la extensi\u00f3n y solidez de la construcci\u00f3n\" width=\"443\" height=\"291\" \/><figcaption id=\"caption-attachment-173\" class=\"wp-caption-text\">Panor\u00e1mica donde se puede apreciar la extensi\u00f3n y solidez de la construcci\u00f3n<\/figcaption><\/figure>\n<p style=\"text-align: justify\">Todas estas medidas mejoran sustancialmente la obtenci\u00f3n del mercurio pero la Corona sigue siendo consciente de la falta de mano de obra, por n\u00famero, pero tambi\u00e9n por las bajas que la insalubridad produce. En este sentido la Corona toma la Dehesa de Castilseras, hasta entonces propiedad de la Orden de Calatrava y crea un sistema de \u201csuertes\u201d para que los obreros libres la trabajen y obtengan un suplemento tanto alimenticio como de mejora de la salud.<\/p>\n<p style=\"text-align: justify\">En esta situaci\u00f3n la antigua Crujia, que ha generado en diversos periodos, problemas de salud mas all\u00e1 de enfermedades propias del encierro y el peligroso trabajo, ha padecido diversas epidemias, junto a las evasiones han producido p\u00e9rdida de mano de obra esclava, situaci\u00f3n que necesita soluciones inmediatas.<\/p>\n<p style=\"text-align: justify\">En este contexto el Superintendente es autorizado a desarrollar la construcci\u00f3n de una nueva C\u00e1rcel, encargo que este confi\u00f3 al Ingeniero de los Reales ej\u00e9rcitos D. Silvestre Abarca.<\/p>\n<figure id=\"attachment_171\" aria-describedby=\"caption-attachment-171\" style=\"width: 419px\" class=\"wp-caption aligncenter\"><img loading=\"lazy\" decoding=\"async\" class=\" wp-image-171\" src=\"https:\/\/blog.uclm.es\/carcelforzados\/wp-content\/uploads\/sites\/178\/2016\/09\/antiguo-correccional-300x197.jpg\" alt=\"Fachada principal de la c\u00e1rcel. Al fondo el Hospital de Mineros San Rafael.\" width=\"419\" height=\"275\" srcset=\"https:\/\/blog.uclm.es\/carcelforzados\/wp-content\/uploads\/sites\/178\/2016\/09\/antiguo-correccional-300x197.jpg 300w, https:\/\/blog.uclm.es\/carcelforzados\/wp-content\/uploads\/sites\/178\/2016\/09\/antiguo-correccional.jpg 650w\" sizes=\"auto, (max-width: 419px) 100vw, 419px\" \/><figcaption id=\"caption-attachment-171\" class=\"wp-caption-text\">Fachada principal de la c\u00e1rcel. Al fondo el Hospital de Mineros San Rafael.<\/figcaption><\/figure>\n<p style=\"text-align: justify\">Se termin\u00f3 de construir hacia el a\u00f1o 1754 a la cual \u00abiban los hombres m\u00e1s criminales de Espa\u00f1a, as\u00ed como esclavos procedentes de las colonias situadas en \u00c1frica\u00bb.<\/p>\n<p style=\"text-align: justify\">El 30 de septiembre de 1793, a propuesta del Superintendente, que no consideraba necesaria la enfermer\u00eda de la c\u00e1rcel, orden\u00f3 su supresi\u00f3n porque los forzados enfermos pod\u00edan ser atendidos en una sala especial del Real Hospital de Mineros.<\/p>\n<p style=\"text-align: justify\">Par\u00e9s nos dice que en la primera mitad del siglo XVIII enfermaban m\u00e1s los forzados y esclavos que los trabajadores libres, porque aquellos realizaban los trabajos m\u00e1s perjudiciales y fuertes. Pero como despu\u00e9s del incendi\u00f3 de 1755, se les destin\u00f3 a los tornos superficiales y a otros trabajos del exterior, enfermaron en lo sucesivo menos que los libres. Su jornada normal era de seis horas. Ahora bien, se les fijaba cantidad de trabajo, tirar de tantos carros cargados con 4\u00ba arrobas de piedra mineral, cargas tantas carretas, o dar movimiento a alguna m\u00e1quina a mano. Si lo conclu\u00edan antes de las seis horas hab\u00edan cumplido.<\/p>\n<p><em>En los legajos del a\u00f1o 1822, se contiene una descripci\u00f3n detallada del \u00abEdificio de la C\u00e1rcel Nacional de esta Villa\u00bb.<\/em><\/p>\n<p>&nbsp;<\/p>\n<p>&nbsp;<\/p>\n<p>&nbsp;<\/p>\n<p>&nbsp;<\/p>\n<p>&nbsp;<\/p>\n<p style=\"text-align: justify\">\n","protected":false},"excerpt":{"rendered":"<p>Nos encontramos en el siglo XVIII con una necesidad acuciante de mano de obra para aumentar la producci\u00f3n de las minas, que en aquel momento va a comenzar la producci\u00f3n en nuevos criaderos de metal y la Corona pone en marcha diversos proyectos para mejorar de forma general esta situaci\u00f3n. A nivel t\u00e9cnico se produce &hellip; <a href=\"https:\/\/blog.uclm.es\/carcelforzados\/carcel-nueva\/\" class=\"more-link\">Seguir leyendo <span class=\"screen-reader-text\">C\u00e1rcel Nueva<\/span> <span class=\"meta-nav\">&rarr;<\/span><\/a><\/p>\n","protected":false},"author":89,"featured_media":0,"parent":0,"menu_order":5,"comment_status":"closed","ping_status":"closed","template":"","meta":{"footnotes":""},"class_list":["post-19","page","type-page","status-publish","hentry"],"_links":{"self":[{"href":"https:\/\/blog.uclm.es\/carcelforzados\/wp-json\/wp\/v2\/pages\/19","targetHints":{"allow":["GET"]}}],"collection":[{"href":"https:\/\/blog.uclm.es\/carcelforzados\/wp-json\/wp\/v2\/pages"}],"about":[{"href":"https:\/\/blog.uclm.es\/carcelforzados\/wp-json\/wp\/v2\/types\/page"}],"author":[{"embeddable":true,"href":"https:\/\/blog.uclm.es\/carcelforzados\/wp-json\/wp\/v2\/users\/89"}],"replies":[{"embeddable":true,"href":"https:\/\/blog.uclm.es\/carcelforzados\/wp-json\/wp\/v2\/comments?post=19"}],"version-history":[{"count":0,"href":"https:\/\/blog.uclm.es\/carcelforzados\/wp-json\/wp\/v2\/pages\/19\/revisions"}],"wp:attachment":[{"href":"https:\/\/blog.uclm.es\/carcelforzados\/wp-json\/wp\/v2\/media?parent=19"}],"curies":[{"name":"wp","href":"https:\/\/api.w.org\/{rel}","templated":true}]}}