{"id":83,"date":"2021-07-21T12:20:29","date_gmt":"2021-07-21T11:20:29","guid":{"rendered":"https:\/\/blog.uclm.es\/cabraac\/?page_id=18"},"modified":"2021-07-21T12:20:29","modified_gmt":"2021-07-21T11:20:29","slug":"centros-colaboradores","status":"publish","type":"page","link":"https:\/\/blog.uclm.es\/cabraac\/centros-colaboradores\/","title":{"rendered":"Centros colaboradores"},"content":{"rendered":"\n<p>A continuaci\u00f3n se exponen la relaci\u00f3n de centros colaboradores en el proyecto, diferenciados en funci\u00f3n de su pertenencia a cada una de las cinco provincias de la Comunidad Aut\u00f3noma de Castilla-La Mancha:<\/p>\n\n\n\n<p><strong>PROVINCIA DE ALBACETE<\/strong><\/p>\n\n\n\n<p>CEIP Cervantes &#8211; Munera.<\/p>\n\n\n\n<p>CEIP Gloria Fuertes &#8211; Caudete.<\/p>\n\n\n<p><!-- \/wp:post-content --><\/p>\n<p>CEIP Mart\u00ednez Parras &#8211; Li\u00e9tor.<\/p>\n<p><!-- \/wp:paragraph --><\/p>\n<p><!-- \/wp:paragraph --><\/p>\n<p>CEIP Nuestra Se\u00f1ora del Rosario &#8211; Hell\u00edn.<\/p>\n<p><!-- \/wp:paragraph --><\/p>\n<p><!-- \/wp:paragraph --><\/p>\n<p>CEIP Santiago Ap\u00f3stol &#8211; Isso.<\/p>\n<p><!-- \/wp:paragraph --><\/p>\n<p><!-- \/wp:paragraph --><\/p>\n<p>CEIP Virgen del Rosario &#8211; Pozo Ca\u00f1ada.<\/p>\n<p><!-- \/wp:paragraph --><\/p>\n<p><!-- \/wp:paragraph --><\/p>\n<p>CEIP Doctor Fleming &#8211; Albacete.<\/p>\n<p><!-- \/wp:paragraph --><\/p>\n<p><!-- \/wp:paragraph --><\/p>\n<p>PVIP Academia Cedes &#8211; Albacete.<\/p>\n<p><!-- \/wp:paragraph --><\/p>\n<p><!-- \/wp:paragraph --><\/p>\n<p>PVIPS Mar\u00eda Auxiliadora &#8211; La Roda.<\/p>\n<p><!-- \/wp:paragraph --><\/p>\n<p><!-- \/wp:paragraph --><\/p>\n<p>PVIPS Esclavas de Mar\u00eda &#8211; Almansa.<\/p>\n<p><!-- \/wp:paragraph --><\/p>\n<p><!-- \/wp:paragraph --><\/p>\n<p>SES de Ri\u00f3par &#8211; Ri\u00f3par.<\/p>\n<p><!-- \/wp:paragraph --><\/p>\n<p><!-- \/wp:paragraph --><\/p>\n<p>IES Jos\u00e9 Conde Garc\u00eda &#8211; Almansa.<\/p>\n<p><!-- \/wp:paragraph --><\/p>\n<p><!-- \/wp:paragraph --><\/p>\n<p>IES Las Sabinas &#8211; El Bonillo.<\/p>\n<p><!-- \/wp:paragraph --><\/p>\n<p><!-- wp:paragraph --><\/p>\n<p><!-- \/wp:paragraph --><\/p>\n<p><!-- wp:paragraph --><\/p>\n<p><strong>PROVINCIA DE CIUDAD REAL<\/strong><\/p>\n<p><!-- \/wp:paragraph --><\/p>\n<p><!-- \/wp:paragraph --><\/p>\n<p>CEIP Jes\u00fas Castillo &#8211; Valdepe\u00f1as.<\/p>\n<p><!-- \/wp:paragraph --><\/p>\n<p><!-- \/wp:paragraph --><\/p>\n<p>CEIP Miguel Gonz\u00e1lez Calero &#8211; Puebla del Pr\u00edncipe.<\/p>\n<p><!-- \/wp:paragraph --><\/p>\n<p><!-- \/wp:paragraph --><\/p>\n<p>CEIP Nuestra Se\u00f1ora de la Paz &#8211; Villarta de San Juan.<\/p>\n<p><!-- \/wp:paragraph --><\/p>\n<p><!-- \/wp:paragraph --><\/p>\n<p>CEIP Nuestra Se\u00f1ora del Castillo &#8211; Chill\u00f3n.<\/p>\n<p><!-- \/wp:paragraph --><\/p>\n<p><!-- \/wp:paragraph --><\/p>\n<p>IES Ojos del Guadiana &#8211; Daimiel.<\/p>\n<p><!-- \/wp:paragraph --><\/p>\n<p><!-- wp:paragraph --><\/p>\n<p><!-- \/wp:paragraph --><\/p>\n<p><!-- wp:paragraph --><\/p>\n<p><strong>PROVINCIA DE CUENCA<\/strong><\/p>\n<p><!-- \/wp:paragraph --><\/p>\n<p><!-- \/wp:paragraph --><\/p>\n<p>CEIP Adolfo Mart\u00ednez Chicano &#8211; Las Pedro\u00f1eras.<\/p>\n<p><!-- \/wp:paragraph --><\/p>\n<p><!-- \/wp:paragraph --><\/p>\n<p>CEIP Mar\u00eda Jover &#8211; Iniesta.<\/p>\n<p><!-- \/wp:paragraph --><\/p>\n<p><!-- \/wp:paragraph --><\/p>\n<p>CEIP Princesa Sof\u00eda &#8211; Minglanilla.<\/p>\n<p><!-- \/wp:paragraph --><\/p>\n<p><!-- \/wp:paragraph --><\/p>\n<p>CEIP Federico Muelas &#8211; Cuenca.<\/p>\n<p><!-- \/wp:paragraph --><\/p>\n<p><!-- \/wp:paragraph --><\/p>\n<p>CRA Camino Real de Levante &#8211; Graja de Iniesta.<\/p>\n<p><!-- \/wp:paragraph --><\/p>\n<p><!-- \/wp:paragraph --><\/p>\n<p>CRA Los Pinares &#8211; Campillo de Altobuey.<\/p>\n<p><!-- \/wp:paragraph --><\/p>\n<p><!-- \/wp:paragraph --><\/p>\n<p>CRA Molinos del J\u00facar &#8211; Casas de Benitez.<\/p>\n<p><!-- \/wp:paragraph --><\/p>\n<p><!-- \/wp:paragraph --><\/p>\n<p>IES Tom\u00e1s de la Fuente Jurado &#8211; El Provencio.<\/p>\n<p><!-- \/wp:paragraph --><\/p>\n<p><!-- \/wp:paragraph --><\/p>\n<p>IES Pedro Mercedes &#8211; Cuenca.<\/p>\n<p><!-- \/wp:paragraph --><\/p>\n<p><!-- wp:paragraph --><\/p>\n<p><!-- \/wp:paragraph --><\/p>\n<p><!-- wp:paragraph --><\/p>\n<p><strong>PROVINCIA DE GUADALAJARA<\/strong><\/p>\n<p><!-- \/wp:paragraph --><\/p>\n<p><!-- \/wp:paragraph --><\/p>\n<p>CEIP  Maestros del Casar &#8211; El Casar.<\/p>\n<p><!-- \/wp:paragraph --><\/p>\n<p><!-- \/wp:paragraph --><\/p>\n<p>IES Brianda de Mendoza &#8211; Guadalajara.<\/p>\n<p><!-- \/wp:paragraph --><\/p>\n<p><!-- \/wp:paragraph --><\/p>\n<p>IES  Profesor Dom\u00ednguez Ortiz &#8211; Azuqueca de Henares.<\/p>\n<p><!-- \/wp:paragraph --><\/p>\n<p><!-- \/wp:paragraph --><\/p>\n<p>IES Valle del Henares &#8211; Jadraque.<\/p>\n<p><!-- \/wp:paragraph --><\/p>\n<p><!-- \/wp:paragraph --><\/p>\n<p>IESO Har\u00e9volar &#8211; Alovera.<\/p>\n<p><!-- \/wp:paragraph --><\/p>\n<p><!-- wp:paragraph --><\/p>\n<p><!-- \/wp:paragraph --><\/p>\n<p><!-- wp:paragraph --><\/p>\n<p><strong>PROVINCIA DE TOLEDO<\/strong><\/p>\n<p><!-- \/wp:paragraph --><\/p>\n<p><!-- \/wp:paragraph --><\/p>\n<p>CEIP  Gloria Fuertes &#8211; Sese\u00f1a Nuevo.<\/p>\n<p><!-- \/wp:paragraph --><\/p>\n<p><!-- \/wp:paragraph --><\/p>\n<p>CEIP  Juan Aguado &#8211; La Torre de Esteban Hambr\u00e1n.<\/p>\n<p><!-- \/wp:paragraph --><\/p>\n<p><!-- \/wp:paragraph --><\/p>\n<p>CEIP  San Jos\u00e9 de Calasanz &#8211; Los Y\u00e9benes.<\/p>\n<p><!-- \/wp:paragraph --><\/p>\n<p><!-- \/wp:paragraph --><\/p>\n<p>CEIP  Remigio La\u00edn &#8211; Yuncler.<\/p>\n<p><!-- \/wp:paragraph --><\/p>","protected":false},"excerpt":{"rendered":"<p>A continuaci\u00f3n se exponen la relaci\u00f3n de centros colaboradores en el proyecto, diferenciados en funci\u00f3n de su pertenencia a cada una de las cinco provincias de la Comunidad Aut\u00f3noma de Castilla-La Mancha: PROVINCIA DE ALBACETE CEIP Cervantes &#8211; Munera. CEIP &hellip; <a href=\"https:\/\/blog.uclm.es\/cabraac\/centros-colaboradores\/\">Sigue leyendo <span class=\"meta-nav\">&rarr;<\/span><\/a><\/p>\n","protected":false},"author":235,"featured_media":0,"parent":0,"menu_order":0,"comment_status":"closed","ping_status":"closed","template":"","meta":{"footnotes":""},"class_list":["post-83","page","type-page","status-publish","hentry"],"_links":{"self":[{"href":"https:\/\/blog.uclm.es\/cabraac\/wp-json\/wp\/v2\/pages\/83","targetHints":{"allow":["GET"]}}],"collection":[{"href":"https:\/\/blog.uclm.es\/cabraac\/wp-json\/wp\/v2\/pages"}],"about":[{"href":"https:\/\/blog.uclm.es\/cabraac\/wp-json\/wp\/v2\/types\/page"}],"author":[{"embeddable":true,"href":"https:\/\/blog.uclm.es\/cabraac\/wp-json\/wp\/v2\/users\/235"}],"replies":[{"embeddable":true,"href":"https:\/\/blog.uclm.es\/cabraac\/wp-json\/wp\/v2\/comments?post=83"}],"version-history":[{"count":0,"href":"https:\/\/blog.uclm.es\/cabraac\/wp-json\/wp\/v2\/pages\/83\/revisions"}],"wp:attachment":[{"href":"https:\/\/blog.uclm.es\/cabraac\/wp-json\/wp\/v2\/media?parent=83"}],"curies":[{"name":"wp","href":"https:\/\/api.w.org\/{rel}","templated":true}]}}