{"id":16,"date":"2021-07-21T12:20:29","date_gmt":"2021-07-21T11:20:29","guid":{"rendered":"https:\/\/blog.uclm.es\/cabraac\/?page_id=16"},"modified":"2021-07-21T12:20:29","modified_gmt":"2021-07-21T11:20:29","slug":"financiacion","status":"publish","type":"page","link":"https:\/\/blog.uclm.es\/cabraac\/financiacion\/","title":{"rendered":"Financiaci\u00f3n"},"content":{"rendered":"\n<p>Este proyecto ha sido financiado por Ministerio de Ciencia e Innovaci\u00f3n con la referencia PID2019-105167GB-I00, mediante la <a href=\"http:\/\/www.aei.gob.es\/stfls\/MICINN\/Ayudas\/PE_2017_2020\/PE_Orientada_Retos_Sociedad\/FICHEROS\/Proyectos_IDI_Retos_Investigacion\/Resolucion_de_concesion_PID2019.pdf\" data-type=\"URL\" data-id=\"http:\/\/www.aei.gob.es\/stfls\/MICINN\/Ayudas\/PE_2017_2020\/PE_Orientada_Retos_Sociedad\/FICHEROS\/Proyectos_IDI_Retos_Investigacion\/Resolucion_de_concesion_PID2019.pdf\" target=\"_blank\" rel=\"noreferrer noopener\">RESOLUCI\u00d3N DE LA PRESIDENCIA DE LA AGENCIA ESTATAL DE INVESTIGACI\u00d3N, POR LA QUE SE CONCEDEN AYUDAS CORRESPONDIENTES A LA CONVOCATORIA 2019 A \u00abPROYECTOS DE I+D+i\u00bb EN EL MARCO DE LOS PROGRAMAS ESTATALES DE GENERACI\u00d3N DE CONOCIMIENTO Y FORTALECIMIENTO CIENT\u00cdFICO Y TECNOL\u00d3GICO DEL SISTEMA DE I+D+i Y DE I+D+i ORIENTADA A LOS RETOS DE LA SOCIEDAD<\/a><\/p>\n","protected":false},"excerpt":{"rendered":"<p>Este proyecto ha sido financiado por Ministerio de Ciencia e Innovaci\u00f3n con la referencia PID2019-105167GB-I00, mediante la RESOLUCI\u00d3N DE LA PRESIDENCIA DE LA AGENCIA ESTATAL DE INVESTIGACI\u00d3N, POR LA QUE SE CONCEDEN AYUDAS CORRESPONDIENTES A LA CONVOCATORIA 2019 A \u00abPROYECTOS &hellip; <a href=\"https:\/\/blog.uclm.es\/cabraac\/financiacion\/\">Sigue leyendo <span class=\"meta-nav\">&rarr;<\/span><\/a><\/p>\n","protected":false},"author":235,"featured_media":0,"parent":0,"menu_order":0,"comment_status":"closed","ping_status":"closed","template":"","meta":{"footnotes":""},"class_list":["post-16","page","type-page","status-publish","hentry"],"_links":{"self":[{"href":"https:\/\/blog.uclm.es\/cabraac\/wp-json\/wp\/v2\/pages\/16","targetHints":{"allow":["GET"]}}],"collection":[{"href":"https:\/\/blog.uclm.es\/cabraac\/wp-json\/wp\/v2\/pages"}],"about":[{"href":"https:\/\/blog.uclm.es\/cabraac\/wp-json\/wp\/v2\/types\/page"}],"author":[{"embeddable":true,"href":"https:\/\/blog.uclm.es\/cabraac\/wp-json\/wp\/v2\/users\/235"}],"replies":[{"embeddable":true,"href":"https:\/\/blog.uclm.es\/cabraac\/wp-json\/wp\/v2\/comments?post=16"}],"version-history":[{"count":0,"href":"https:\/\/blog.uclm.es\/cabraac\/wp-json\/wp\/v2\/pages\/16\/revisions"}],"wp:attachment":[{"href":"https:\/\/blog.uclm.es\/cabraac\/wp-json\/wp\/v2\/media?parent=16"}],"curies":[{"name":"wp","href":"https:\/\/api.w.org\/{rel}","templated":true}]}}