{"id":57,"date":"2013-03-05T21:40:56","date_gmt":"2013-03-05T20:40:56","guid":{"rendered":"http:\/\/blog.uclm.es\/beatrizlarraz\/?page_id=57"},"modified":"2023-03-21T11:45:29","modified_gmt":"2023-03-21T11:45:29","slug":"chapters-in-books","status":"publish","type":"page","link":"https:\/\/blog.uclm.es\/beatrizlarraz\/chapters-in-books\/","title":{"rendered":"Chapters in books"},"content":{"rendered":"<ul>\n<li>Chapter in book Corrado Gini and Gini\u2019s Income Inequality Index: A Festschrift. An Edited Volume on the Occasion of Gini Centenary Jointly. Title: The Decomposition of the Gini Index between and Within Groups; a Key Factor in Gender Studies (2021). Authors: Larraz, Beatriz, Moyano-\u00c1vila, Encarnaci\u00f3n and Pav\u00eda, Jose Manuel. Edited By Professor Nitis Mukhopadhyay, University of Connecticut &#8211; Storrs, USA &amp; Professor Partha Pratim Sengupta, National Institute of Technology Durgapur, India.<\/li>\n<li>Chapter in Caminhos do Rio &#8211; Rios das Grandes Civiliza\u00e7\u00f5es (2019) Coord. Carlos Guardado da Silva. Authors: Garc\u00eda G\u00f3mez, Enrique y Larraz Iribas, Beatriz. Title: O Tejo e a cidade de Toledo (El Tajo y la ciudad de Toledo). pp. 169-178.<\/li>\n<li>Chapter in Applications of Spatial Statistics (2016), edited by Ming-Chih Hung, ISBN 978-953-51-2757-4, Print ISBN 978-953-51-2756-7, 154 pages, Publisher: InTech, Chapters published November 02, 2016, DOI: 10.5772\/61666. Title: Wage concentration in Spain. A spatial analysis. Autores: Beatriz\u00a0Larraz, M\u00f3nica Navarrete y Jos\u00e9 Manuel Pav\u00eda.<\/li>\n<li>Chapter in O Rio Tejo, Economia, Cultura e Meio-ambiente \/ El R\u00edo Tajo, Econom\u00eda, Cultura y Medio Ambiente\u00a0(2016)\u00a0\u00a0Title: Problemas en la gesti\u00f3n del agua en la demarcaci\u00f3n espa\u00f1ola de la cuenca del Tajo\/ Problemas na gest\u00e3o da \u00e1gua na demarca\u00e7\u00e3o espanhola da bacia do Tejo (ISBN 978-84-941055-6-2) Autora: Larraz Iribas, Beatriz<\/li>\n<li>Chapter in Desarrollo sostenible en el siglo XXI: Econom\u00eda, Sociedad y Medio Ambiente\u00a0(2016)\u00a0\u00a0Title: La gesti\u00f3n del agua en la cuenca del Tajo y el desarrollo sostenible. Dos cuestiones incompatibles. (ISBN 978-84-941055-4-8) Autora: Larraz Iribas, Beatriz<\/li>\n<li>Chapter in Experiencias Docentes en Educaci\u00f3n Superior en Materia de Energ\u00eda y\u00a0Medioambiente (2016)\u00a0Title: Educaci\u00f3n medioambiental del alumnado de Ciencias Jur\u00eddicas y Sociales. Autora: Larraz Iribas, B. CYTEMA, UCLM<\/li>\n<li>Chapter in El r\u00edo Tajo, lecciones del pasado para un futuro mejor (2013)\u00a0 Title: An\u00e1lisis de opini\u00f3n de los asistentes a las Jornadas Universitarias del Tajo: conocimiento cient\u00edfico, divulgaci\u00f3n y compromiso. Author: Larraz, B. Ed.: Ledoria. Eds: Larraz Iribas, B. y Cano Saavedra, A.\u00a0 ISBN: 9788415352921<\/li>\n<li>Chapter in Impacto ambiental de las actividades econ\u00f3micas (2009)<br \/>\nTitle: Elaborating a Mixed Environmental Quality Index: Objective-subjective pollution<br \/>\nAuthors: Larraz, B., Chasco, C. and Pav\u00eda, J.M.<br \/>\nEd. Septem<br \/>\nISBN: 978-84-92536-16-0<br \/>\npp. 221-241<\/li>\n<li>Chapter in Housing Policy (2010)<br \/>\nTitle: An Analysis of Sources of Real Estate Statistics in Spain. Chapter 7.<br \/>\nEd. Novapublisher<br \/>\nAuthor: Larraz, B.<br \/>\nISBN: 978-1-61761-166-7<\/li>\n<\/ul>\n<p><!--centro_contenido--><\/p>\n","protected":false},"excerpt":{"rendered":"<p>Chapter in book Corrado Gini and Gini\u2019s Income Inequality Index: A Festschrift. An Edited Volume on the Occasion of Gini Centenary Jointly. Title: The Decomposition of the Gini Index between and Within Groups; a Key Factor in Gender Studies (2021). &hellip; <a href=\"https:\/\/blog.uclm.es\/beatrizlarraz\/chapters-in-books\/\">Sigue leyendo <span class=\"meta-nav\">&rarr;<\/span><\/a><\/p>\n","protected":false},"author":30,"featured_media":0,"parent":0,"menu_order":3,"comment_status":"closed","ping_status":"closed","template":"","meta":{"footnotes":""},"class_list":["post-57","page","type-page","status-publish","hentry"],"_links":{"self":[{"href":"https:\/\/blog.uclm.es\/beatrizlarraz\/wp-json\/wp\/v2\/pages\/57","targetHints":{"allow":["GET"]}}],"collection":[{"href":"https:\/\/blog.uclm.es\/beatrizlarraz\/wp-json\/wp\/v2\/pages"}],"about":[{"href":"https:\/\/blog.uclm.es\/beatrizlarraz\/wp-json\/wp\/v2\/types\/page"}],"author":[{"embeddable":true,"href":"https:\/\/blog.uclm.es\/beatrizlarraz\/wp-json\/wp\/v2\/users\/30"}],"replies":[{"embeddable":true,"href":"https:\/\/blog.uclm.es\/beatrizlarraz\/wp-json\/wp\/v2\/comments?post=57"}],"version-history":[{"count":1,"href":"https:\/\/blog.uclm.es\/beatrizlarraz\/wp-json\/wp\/v2\/pages\/57\/revisions"}],"predecessor-version":[{"id":424,"href":"https:\/\/blog.uclm.es\/beatrizlarraz\/wp-json\/wp\/v2\/pages\/57\/revisions\/424"}],"wp:attachment":[{"href":"https:\/\/blog.uclm.es\/beatrizlarraz\/wp-json\/wp\/v2\/media?parent=57"}],"curies":[{"name":"wp","href":"https:\/\/api.w.org\/{rel}","templated":true}]}}