{"id":502,"date":"2023-02-25T20:32:57","date_gmt":"2023-02-25T20:32:57","guid":{"rendered":"https:\/\/blog.uclm.es\/aula-penitenciaria\/?page_id=502"},"modified":"2023-02-25T20:32:57","modified_gmt":"2023-02-25T20:32:57","slug":"actividades-del-curso-academico-2022-2023","status":"publish","type":"page","link":"https:\/\/blog.uclm.es\/aula-penitenciaria\/actividades-del-curso-academico-2022-2023\/","title":{"rendered":"Actividades del curso acad\u00e9mico 2022-2023"},"content":{"rendered":"\n<p>Este curso acad\u00e9mico 2022\/2023 lo iniciamos con actividades vinculadas a la docencia de la asignatura de Sistema de Penas y Derecho Penitenciario. Tuvimos nuevamente el lujo de que pasaran por nuestras aulas el Secretario General de Instituciones Penitenciarias, \u00c1ngel Luis Ortiz, quien imparti\u00f3 a los estudiantes una conferencia sobre \u00abLos retos actuales del sistema penitenciario espa\u00f1ol\u00bb.<\/p>\n\n\n\n<figure class=\"wp-block-image size-large\"><img loading=\"lazy\" decoding=\"async\" width=\"1024\" height=\"768\" src=\"https:\/\/blog.uclm.es\/aula-penitenciaria\/wp-content\/uploads\/sites\/193\/2023\/02\/Angel-Luis-Ortiz-1024x768.jpg\" alt=\"\" class=\"wp-image-503\" srcset=\"https:\/\/blog.uclm.es\/aula-penitenciaria\/wp-content\/uploads\/sites\/193\/2023\/02\/Angel-Luis-Ortiz-1024x768.jpg 1024w, https:\/\/blog.uclm.es\/aula-penitenciaria\/wp-content\/uploads\/sites\/193\/2023\/02\/Angel-Luis-Ortiz-300x225.jpg 300w, https:\/\/blog.uclm.es\/aula-penitenciaria\/wp-content\/uploads\/sites\/193\/2023\/02\/Angel-Luis-Ortiz-768x576.jpg 768w, https:\/\/blog.uclm.es\/aula-penitenciaria\/wp-content\/uploads\/sites\/193\/2023\/02\/Angel-Luis-Ortiz-1536x1152.jpg 1536w, https:\/\/blog.uclm.es\/aula-penitenciaria\/wp-content\/uploads\/sites\/193\/2023\/02\/Angel-Luis-Ortiz-400x300.jpg 400w, https:\/\/blog.uclm.es\/aula-penitenciaria\/wp-content\/uploads\/sites\/193\/2023\/02\/Angel-Luis-Ortiz.jpg 2048w\" sizes=\"auto, (max-width: 1024px) 100vw, 1024px\" \/><figcaption class=\"wp-element-caption\">\u00c1ngel Luis Ortiz, Secretario General de Instituciones Penitenciarias<\/figcaption><\/figure>\n\n\n\n<p>Guadalupe Rivera, Subdirectora General de Medio Abierto y Penas y Medidas Alternativas de la Secretar\u00eda General de Instituciones Penitenciarias imparti\u00f3 una conferencia sobre \u00abLa apuesta por el medio abierto y las alternativas a prisi\u00f3n\u00bb.<\/p>\n\n\n\n<figure class=\"wp-block-image size-large\"><img loading=\"lazy\" decoding=\"async\" width=\"1024\" height=\"768\" src=\"https:\/\/blog.uclm.es\/aula-penitenciaria\/wp-content\/uploads\/sites\/193\/2023\/02\/Guadalupe-Rivera-1024x768.jpg\" alt=\"\" class=\"wp-image-504\" srcset=\"https:\/\/blog.uclm.es\/aula-penitenciaria\/wp-content\/uploads\/sites\/193\/2023\/02\/Guadalupe-Rivera-1024x768.jpg 1024w, https:\/\/blog.uclm.es\/aula-penitenciaria\/wp-content\/uploads\/sites\/193\/2023\/02\/Guadalupe-Rivera-300x225.jpg 300w, https:\/\/blog.uclm.es\/aula-penitenciaria\/wp-content\/uploads\/sites\/193\/2023\/02\/Guadalupe-Rivera-768x576.jpg 768w, https:\/\/blog.uclm.es\/aula-penitenciaria\/wp-content\/uploads\/sites\/193\/2023\/02\/Guadalupe-Rivera-1536x1152.jpg 1536w, https:\/\/blog.uclm.es\/aula-penitenciaria\/wp-content\/uploads\/sites\/193\/2023\/02\/Guadalupe-Rivera-400x300.jpg 400w, https:\/\/blog.uclm.es\/aula-penitenciaria\/wp-content\/uploads\/sites\/193\/2023\/02\/Guadalupe-Rivera.jpg 2048w\" sizes=\"auto, (max-width: 1024px) 100vw, 1024px\" \/><figcaption class=\"wp-element-caption\">Guadalupe Rivera, Subdirectora General de Medio Abierto y Penas y Medidas Alternativas.<\/figcaption><\/figure>\n\n\n\n<p>Puerto Solar Calvo, jurista de Instituciones Penitenciarias, nos acerc\u00f3 a una visi\u00f3n pr\u00e1ctica sobre la clasificaci\u00f3n y el tratamiento penitenciario en prisi\u00f3n.<\/p>\n\n\n\n<figure class=\"wp-block-image size-large\"><img loading=\"lazy\" decoding=\"async\" width=\"865\" height=\"1024\" src=\"https:\/\/blog.uclm.es\/aula-penitenciaria\/wp-content\/uploads\/sites\/193\/2023\/02\/Puerto-865x1024.jpg\" alt=\"\" class=\"wp-image-505\" srcset=\"https:\/\/blog.uclm.es\/aula-penitenciaria\/wp-content\/uploads\/sites\/193\/2023\/02\/Puerto-865x1024.jpg 865w, https:\/\/blog.uclm.es\/aula-penitenciaria\/wp-content\/uploads\/sites\/193\/2023\/02\/Puerto-253x300.jpg 253w, https:\/\/blog.uclm.es\/aula-penitenciaria\/wp-content\/uploads\/sites\/193\/2023\/02\/Puerto-768x909.jpg 768w, https:\/\/blog.uclm.es\/aula-penitenciaria\/wp-content\/uploads\/sites\/193\/2023\/02\/Puerto.jpg 1281w\" sizes=\"auto, (max-width: 865px) 100vw, 865px\" \/><figcaption class=\"wp-element-caption\">Puerto Solar Calvo, Jurista de Instituciones Penitenciarias<\/figcaption><\/figure>\n\n\n\n<p>Fernando Puerta Pariente, Director del centro penitenciario de Alc\u00e1zar de San Juan, imparti\u00f3 una clase pr\u00e1ctica sobre el expediente penitenciario y la liquidaci\u00f3n de condenas.<\/p>\n\n\n\n<figure class=\"wp-block-image size-large\"><img loading=\"lazy\" decoding=\"async\" width=\"1024\" height=\"768\" src=\"https:\/\/blog.uclm.es\/aula-penitenciaria\/wp-content\/uploads\/sites\/193\/2023\/02\/Fernando-Puerta-1-1024x768.jpg\" alt=\"\" class=\"wp-image-506\" srcset=\"https:\/\/blog.uclm.es\/aula-penitenciaria\/wp-content\/uploads\/sites\/193\/2023\/02\/Fernando-Puerta-1-1024x768.jpg 1024w, https:\/\/blog.uclm.es\/aula-penitenciaria\/wp-content\/uploads\/sites\/193\/2023\/02\/Fernando-Puerta-1-300x225.jpg 300w, https:\/\/blog.uclm.es\/aula-penitenciaria\/wp-content\/uploads\/sites\/193\/2023\/02\/Fernando-Puerta-1-768x576.jpg 768w, https:\/\/blog.uclm.es\/aula-penitenciaria\/wp-content\/uploads\/sites\/193\/2023\/02\/Fernando-Puerta-1-1536x1152.jpg 1536w, https:\/\/blog.uclm.es\/aula-penitenciaria\/wp-content\/uploads\/sites\/193\/2023\/02\/Fernando-Puerta-1-400x300.jpg 400w, https:\/\/blog.uclm.es\/aula-penitenciaria\/wp-content\/uploads\/sites\/193\/2023\/02\/Fernando-Puerta-1.jpg 2048w\" sizes=\"auto, (max-width: 1024px) 100vw, 1024px\" \/><figcaption class=\"wp-element-caption\">Fernando Puerta Pariente, Director del Centro Penitenciario de Alc\u00e1zar de San Juan.<\/figcaption><\/figure>\n\n\n\n<p>Y Antonio Moreno de la Santa-Limia, Juez de Vigilancia Penitenciaria, explic\u00f3 a los estudiantes la funci\u00f3n de este relevante \u00f3rgano judicial.<\/p>\n\n\n\n<figure class=\"wp-block-image size-large\"><img loading=\"lazy\" decoding=\"async\" width=\"1024\" height=\"768\" src=\"https:\/\/blog.uclm.es\/aula-penitenciaria\/wp-content\/uploads\/sites\/193\/2023\/02\/Antonio-Moreno-de-la-Santa-Limia-1024x768.jpg\" alt=\"\" class=\"wp-image-507\" srcset=\"https:\/\/blog.uclm.es\/aula-penitenciaria\/wp-content\/uploads\/sites\/193\/2023\/02\/Antonio-Moreno-de-la-Santa-Limia-1024x768.jpg 1024w, https:\/\/blog.uclm.es\/aula-penitenciaria\/wp-content\/uploads\/sites\/193\/2023\/02\/Antonio-Moreno-de-la-Santa-Limia-300x225.jpg 300w, https:\/\/blog.uclm.es\/aula-penitenciaria\/wp-content\/uploads\/sites\/193\/2023\/02\/Antonio-Moreno-de-la-Santa-Limia-768x576.jpg 768w, https:\/\/blog.uclm.es\/aula-penitenciaria\/wp-content\/uploads\/sites\/193\/2023\/02\/Antonio-Moreno-de-la-Santa-Limia-400x300.jpg 400w, https:\/\/blog.uclm.es\/aula-penitenciaria\/wp-content\/uploads\/sites\/193\/2023\/02\/Antonio-Moreno-de-la-Santa-Limia.jpg 1440w\" sizes=\"auto, (max-width: 1024px) 100vw, 1024px\" \/><figcaption class=\"wp-element-caption\">Antonio Moreno de la Santa Limia, Juez de Vigilancia Penitenciaria.<\/figcaption><\/figure>\n\n\n\n<p>Tambi\u00e9n este curso nos hemos acercado a la realidad penitenciaria visitando distintos centros penitenciarios: C\u00f3rdoba, Madrid V (Soto del Real) y Alc\u00e1zar de San Juan.<\/p>\n\n\n\n<figure class=\"wp-block-image size-large\"><img loading=\"lazy\" decoding=\"async\" width=\"1024\" height=\"768\" src=\"https:\/\/blog.uclm.es\/aula-penitenciaria\/wp-content\/uploads\/sites\/193\/2023\/02\/Cordoba-1024x768.jpg\" alt=\"\" class=\"wp-image-508\" srcset=\"https:\/\/blog.uclm.es\/aula-penitenciaria\/wp-content\/uploads\/sites\/193\/2023\/02\/Cordoba-1024x768.jpg 1024w, https:\/\/blog.uclm.es\/aula-penitenciaria\/wp-content\/uploads\/sites\/193\/2023\/02\/Cordoba-300x225.jpg 300w, https:\/\/blog.uclm.es\/aula-penitenciaria\/wp-content\/uploads\/sites\/193\/2023\/02\/Cordoba-768x576.jpg 768w, https:\/\/blog.uclm.es\/aula-penitenciaria\/wp-content\/uploads\/sites\/193\/2023\/02\/Cordoba-1536x1152.jpg 1536w, https:\/\/blog.uclm.es\/aula-penitenciaria\/wp-content\/uploads\/sites\/193\/2023\/02\/Cordoba-400x300.jpg 400w, https:\/\/blog.uclm.es\/aula-penitenciaria\/wp-content\/uploads\/sites\/193\/2023\/02\/Cordoba.jpg 2048w\" sizes=\"auto, (max-width: 1024px) 100vw, 1024px\" \/><figcaption class=\"wp-element-caption\">Visita al Centro Penitenciario de C\u00f3rdoba<\/figcaption><\/figure>\n\n\n\n<figure class=\"wp-block-image size-full\"><img loading=\"lazy\" decoding=\"async\" width=\"680\" height=\"510\" src=\"https:\/\/blog.uclm.es\/aula-penitenciaria\/wp-content\/uploads\/sites\/193\/2023\/02\/Soto-del-Real.jpg\" alt=\"\" class=\"wp-image-509\" srcset=\"https:\/\/blog.uclm.es\/aula-penitenciaria\/wp-content\/uploads\/sites\/193\/2023\/02\/Soto-del-Real.jpg 680w, https:\/\/blog.uclm.es\/aula-penitenciaria\/wp-content\/uploads\/sites\/193\/2023\/02\/Soto-del-Real-300x225.jpg 300w, https:\/\/blog.uclm.es\/aula-penitenciaria\/wp-content\/uploads\/sites\/193\/2023\/02\/Soto-del-Real-400x300.jpg 400w\" sizes=\"auto, (max-width: 680px) 100vw, 680px\" \/><figcaption class=\"wp-element-caption\">Visita al Centro Penitenciario de Madrid V<\/figcaption><\/figure>\n\n\n\n<p>En la visita a la Comandancia de la Guardia Civil de Ciudad Real los estudiantes han podido conocer la labor de una manera eminentemente pr\u00e1ctica de la Polic\u00eda Judicial, del Seprona y de la agrupaci\u00f3n de Tr\u00e1fico.<\/p>\n\n\n\n<figure class=\"wp-block-image size-large\"><img loading=\"lazy\" decoding=\"async\" width=\"1024\" height=\"662\" src=\"https:\/\/blog.uclm.es\/aula-penitenciaria\/wp-content\/uploads\/sites\/193\/2023\/02\/Guardia-Civil-1-1024x662.jpg\" alt=\"\" class=\"wp-image-510\" srcset=\"https:\/\/blog.uclm.es\/aula-penitenciaria\/wp-content\/uploads\/sites\/193\/2023\/02\/Guardia-Civil-1-1024x662.jpg 1024w, https:\/\/blog.uclm.es\/aula-penitenciaria\/wp-content\/uploads\/sites\/193\/2023\/02\/Guardia-Civil-1-300x194.jpg 300w, https:\/\/blog.uclm.es\/aula-penitenciaria\/wp-content\/uploads\/sites\/193\/2023\/02\/Guardia-Civil-1-768x497.jpg 768w, https:\/\/blog.uclm.es\/aula-penitenciaria\/wp-content\/uploads\/sites\/193\/2023\/02\/Guardia-Civil-1-1536x993.jpg 1536w, https:\/\/blog.uclm.es\/aula-penitenciaria\/wp-content\/uploads\/sites\/193\/2023\/02\/Guardia-Civil-1-464x300.jpg 464w, https:\/\/blog.uclm.es\/aula-penitenciaria\/wp-content\/uploads\/sites\/193\/2023\/02\/Guardia-Civil-1.jpg 2048w\" sizes=\"auto, (max-width: 1024px) 100vw, 1024px\" \/><figcaption class=\"wp-element-caption\">Visita a la Comandancia de la Guardia Civil de Ciudad Real<\/figcaption><\/figure>\n","protected":false},"excerpt":{"rendered":"<p>Este curso acad\u00e9mico 2022\/2023 lo iniciamos con actividades vinculadas a la docencia de la asignatura de Sistema de Penas y Derecho Penitenciario. Tuvimos nuevamente el lujo de que pasaran por nuestras aulas el Secretario General de Instituciones Penitenciarias, \u00c1ngel Luis &hellip; <a href=\"https:\/\/blog.uclm.es\/aula-penitenciaria\/actividades-del-curso-academico-2022-2023\/\">Sigue leyendo <span class=\"meta-nav\">&rarr;<\/span><\/a><\/p>\n","protected":false},"author":281,"featured_media":0,"parent":0,"menu_order":0,"comment_status":"closed","ping_status":"closed","template":"","meta":{"footnotes":""},"class_list":["post-502","page","type-page","status-publish","hentry"],"_links":{"self":[{"href":"https:\/\/blog.uclm.es\/aula-penitenciaria\/wp-json\/wp\/v2\/pages\/502","targetHints":{"allow":["GET"]}}],"collection":[{"href":"https:\/\/blog.uclm.es\/aula-penitenciaria\/wp-json\/wp\/v2\/pages"}],"about":[{"href":"https:\/\/blog.uclm.es\/aula-penitenciaria\/wp-json\/wp\/v2\/types\/page"}],"author":[{"embeddable":true,"href":"https:\/\/blog.uclm.es\/aula-penitenciaria\/wp-json\/wp\/v2\/users\/281"}],"replies":[{"embeddable":true,"href":"https:\/\/blog.uclm.es\/aula-penitenciaria\/wp-json\/wp\/v2\/comments?post=502"}],"version-history":[{"count":1,"href":"https:\/\/blog.uclm.es\/aula-penitenciaria\/wp-json\/wp\/v2\/pages\/502\/revisions"}],"predecessor-version":[{"id":512,"href":"https:\/\/blog.uclm.es\/aula-penitenciaria\/wp-json\/wp\/v2\/pages\/502\/revisions\/512"}],"wp:attachment":[{"href":"https:\/\/blog.uclm.es\/aula-penitenciaria\/wp-json\/wp\/v2\/media?parent=502"}],"curies":[{"name":"wp","href":"https:\/\/api.w.org\/{rel}","templated":true}]}}