{"id":413,"date":"2022-10-30T11:17:31","date_gmt":"2022-10-30T11:17:31","guid":{"rendered":"https:\/\/blog.uclm.es\/aula-penitenciaria\/?page_id=413"},"modified":"2022-10-30T11:52:39","modified_gmt":"2022-10-30T11:52:39","slug":"visitas-a-centros-penitenciarios","status":"publish","type":"page","link":"https:\/\/blog.uclm.es\/aula-penitenciaria\/visitas-a-centros-penitenciarios\/","title":{"rendered":"Visitas a centros penitenciarios"},"content":{"rendered":"\n<p>Las visitas de los estudiantes del grado en Derecho a centros penitenciarios suponen una <strong>importante actividad formativa<\/strong> complementaria a la docencia impartida en las aulas.<\/p>\n\n\n\n<p>Por un lado, permite a los estudiantes situarse en la infraestructura en la que se ejecutan las penas de prisi\u00f3n, lo que les facilita entender mejor, incluso desde un acercamiento emp\u00e1tico, la realidad de la vida en prisi\u00f3n y los problemas que en el d\u00eda a d\u00eda se encuentran los profesionales y las personas privadas de libertad. Adem\u00e1s, les permite conocer los diferentes modelos de construcci\u00f3n de centros penitenciarios por los que ha optado el sistema espa\u00f1ol, con sus diferentes condicionantes en aspectos tan diversos como el manejo de su seguridad, la configuraci\u00f3n de las condiciones de habitabilidad, la articulaci\u00f3n de actividades, la realizaci\u00f3n del trabajo productiva o en destinos o los diferentes roles y puestos del personal penitenciario y su interacci\u00f3n con los internos.<\/p>\n\n\n\n<p>Por otro lado, las visitas permiten una interacci\u00f3n directa tanto con funcionarios como, aunque de manera m\u00e1s restringida, con los internos. De esta manera, las visitas permiten que los estudiantes conozcan los diferentes profesionales del centro penitenciario &#8211;desde el Director\/a, subdirectores\/as, juristas, psic\u00f3logos, jefes de servicios, educadores, funcionarios de vigilancia) o incluso miembros de ONG que desempe\u00f1an su labor dentro de la prisi\u00f3n. De su propia experiencia aprenden una visi\u00f3n distinta de la prisi\u00f3n, eminentemente pr\u00e1ctica, que sin duda puede serles de utilidad en su futuro profesional. La posibilidad de hablar con los internos les facilita a su vez ponerse en lugar, o al menos empatizar, con la persona privada de libertad, con independencia del motivo que ha ocasionado su entrada en prisi\u00f3n y conocer los problemas que pueden plante\u00e1rseles en prisi\u00f3n y las posibilidades y oportunidades que tienen para su futura reinserci\u00f3n. Sin duda, adem\u00e1s de las competencias propias de la asignatura, a trav\u00e9s de estos contactos los estudiantes desarrollan otro tipo de competencias y habilidades que seguro que contribuyen a su formaci\u00f3n como ciudadanos y como personas.<\/p>\n\n\n\n<p>Durante el funcionamiento del Aula Penitenciaria, se han visitado numerosas prisiones ubicadas en diferentes provincias y que responden a distintos modelos de centros penitenciarios. As\u00ed, dentro de la provincia de Ciudad Real, donde por cercan\u00eda tenemos una importante relaci\u00f3n acad\u00e9mica e institucional con estos centros, los estudiantes han tenido la ocasi\u00f3n de visitar en numerosas ocasiones los centros penitenciarios de Herrera de la Mancha y Alc\u00e1zar de San Juan. Tambi\u00e9n dentro de nuestra regi\u00f3n han visitado el centro penitenciario de Oca\u00f1a I.<\/p>\n\n\n\n<p>Asimismo, se han organizado visitas para conocer los denominados centros-tipo, el modelo de centro penitenciario por el que se apost\u00f3 a partir de 1991 con el Plan de Amortizaci\u00f3n y Creaci\u00f3n de Centros Penitenciarios. Para ello se han visitado los centros penitenciarios de Madrid I (mujeres), Madrid V (Soto del Real), Madrid VI (Navalcarnero), Madrid VII (Estremera) o C\u00f3rdoba. Y con el fin de propiciar un acercamiento al conocimiento de la ejecuci\u00f3n de las penas alternativas y del medio abierto, se han organizado anualmente visitas y encuentros en el Centro de Inserci\u00f3n Social \u201cConcepci\u00f3n Arenal\u201d ubicado en Ciudad Real.<\/p>\n\n\n\n<div class=\"wp-block-columns is-layout-flex wp-container-core-columns-is-layout-9d6595d7 wp-block-columns-is-layout-flex\">\n<div class=\"wp-block-column is-layout-flow wp-block-column-is-layout-flow\">\n<figure class=\"wp-block-image size-full\"><img loading=\"lazy\" decoding=\"async\" width=\"272\" height=\"207\" src=\"https:\/\/blog.uclm.es\/aula-penitenciaria\/wp-content\/uploads\/sites\/193\/2022\/10\/Visitas-1.jpg\" alt=\"\" class=\"wp-image-414\" \/><figcaption>Visita a Madrid I mujeres<\/figcaption><\/figure>\n<\/div>\n\n\n\n<div class=\"wp-block-column is-layout-flow wp-block-column-is-layout-flow\">\n<figure class=\"wp-block-image size-full\"><img loading=\"lazy\" decoding=\"async\" width=\"644\" height=\"489\" src=\"https:\/\/blog.uclm.es\/aula-penitenciaria\/wp-content\/uploads\/sites\/193\/2022\/10\/Visitas-2.jpg\" alt=\"\" class=\"wp-image-415\" srcset=\"https:\/\/blog.uclm.es\/aula-penitenciaria\/wp-content\/uploads\/sites\/193\/2022\/10\/Visitas-2.jpg 644w, https:\/\/blog.uclm.es\/aula-penitenciaria\/wp-content\/uploads\/sites\/193\/2022\/10\/Visitas-2-300x228.jpg 300w, https:\/\/blog.uclm.es\/aula-penitenciaria\/wp-content\/uploads\/sites\/193\/2022\/10\/Visitas-2-395x300.jpg 395w\" sizes=\"auto, (max-width: 644px) 100vw, 644px\" \/><figcaption>Visita a Herrera de la Mancha<\/figcaption><\/figure>\n<\/div>\n\n\n\n<div class=\"wp-block-column is-layout-flow wp-block-column-is-layout-flow\">\n<figure class=\"wp-block-image size-full\"><img loading=\"lazy\" decoding=\"async\" width=\"635\" height=\"483\" src=\"https:\/\/blog.uclm.es\/aula-penitenciaria\/wp-content\/uploads\/sites\/193\/2022\/10\/Visitas-3.jpg\" alt=\"\" class=\"wp-image-416\" srcset=\"https:\/\/blog.uclm.es\/aula-penitenciaria\/wp-content\/uploads\/sites\/193\/2022\/10\/Visitas-3.jpg 635w, https:\/\/blog.uclm.es\/aula-penitenciaria\/wp-content\/uploads\/sites\/193\/2022\/10\/Visitas-3-300x228.jpg 300w, https:\/\/blog.uclm.es\/aula-penitenciaria\/wp-content\/uploads\/sites\/193\/2022\/10\/Visitas-3-394x300.jpg 394w\" sizes=\"auto, (max-width: 635px) 100vw, 635px\" \/><figcaption>Visita a Oca\u00f1a I<\/figcaption><\/figure>\n<\/div>\n<\/div>\n\n\n\n<div class=\"wp-block-columns is-layout-flex wp-container-core-columns-is-layout-9d6595d7 wp-block-columns-is-layout-flex\">\n<div class=\"wp-block-column is-layout-flow wp-block-column-is-layout-flow\">\n<figure class=\"wp-block-image size-full\"><img loading=\"lazy\" decoding=\"async\" width=\"632\" height=\"480\" src=\"https:\/\/blog.uclm.es\/aula-penitenciaria\/wp-content\/uploads\/sites\/193\/2022\/10\/Visitas-44.jpg\" alt=\"\" class=\"wp-image-417\" srcset=\"https:\/\/blog.uclm.es\/aula-penitenciaria\/wp-content\/uploads\/sites\/193\/2022\/10\/Visitas-44.jpg 632w, https:\/\/blog.uclm.es\/aula-penitenciaria\/wp-content\/uploads\/sites\/193\/2022\/10\/Visitas-44-300x228.jpg 300w, https:\/\/blog.uclm.es\/aula-penitenciaria\/wp-content\/uploads\/sites\/193\/2022\/10\/Visitas-44-395x300.jpg 395w\" sizes=\"auto, (max-width: 632px) 100vw, 632px\" \/><figcaption>Visita al CIS Concepci\u00f3n Arenal<\/figcaption><\/figure>\n<\/div>\n\n\n\n<div class=\"wp-block-column is-layout-flow wp-block-column-is-layout-flow\">\n<figure class=\"wp-block-image size-large\"><img loading=\"lazy\" decoding=\"async\" width=\"1024\" height=\"773\" src=\"https:\/\/blog.uclm.es\/aula-penitenciaria\/wp-content\/uploads\/sites\/193\/2022\/10\/Visitas-5-1024x773.jpg\" alt=\"\" class=\"wp-image-418\" srcset=\"https:\/\/blog.uclm.es\/aula-penitenciaria\/wp-content\/uploads\/sites\/193\/2022\/10\/Visitas-5-1024x773.jpg 1024w, https:\/\/blog.uclm.es\/aula-penitenciaria\/wp-content\/uploads\/sites\/193\/2022\/10\/Visitas-5-300x226.jpg 300w, https:\/\/blog.uclm.es\/aula-penitenciaria\/wp-content\/uploads\/sites\/193\/2022\/10\/Visitas-5-768x579.jpg 768w, https:\/\/blog.uclm.es\/aula-penitenciaria\/wp-content\/uploads\/sites\/193\/2022\/10\/Visitas-5-398x300.jpg 398w, https:\/\/blog.uclm.es\/aula-penitenciaria\/wp-content\/uploads\/sites\/193\/2022\/10\/Visitas-5.jpg 1299w\" sizes=\"auto, (max-width: 1024px) 100vw, 1024px\" \/><figcaption>Visita a Madrid VII<\/figcaption><\/figure>\n<\/div>\n<\/div>\n\n\n<div class=\"wp-block-image\">\n<figure class=\"aligncenter size-large is-resized\"><img loading=\"lazy\" decoding=\"async\" src=\"https:\/\/blog.uclm.es\/aula-penitenciaria\/wp-content\/uploads\/sites\/193\/2022\/10\/Visitas-6-705x1024.jpg\" alt=\"\" class=\"wp-image-419\" width=\"461\" height=\"671\" srcset=\"https:\/\/blog.uclm.es\/aula-penitenciaria\/wp-content\/uploads\/sites\/193\/2022\/10\/Visitas-6-705x1024.jpg 705w, https:\/\/blog.uclm.es\/aula-penitenciaria\/wp-content\/uploads\/sites\/193\/2022\/10\/Visitas-6-206x300.jpg 206w, https:\/\/blog.uclm.es\/aula-penitenciaria\/wp-content\/uploads\/sites\/193\/2022\/10\/Visitas-6-768x1116.jpg 768w, https:\/\/blog.uclm.es\/aula-penitenciaria\/wp-content\/uploads\/sites\/193\/2022\/10\/Visitas-6-1057x1536.jpg 1057w, https:\/\/blog.uclm.es\/aula-penitenciaria\/wp-content\/uploads\/sites\/193\/2022\/10\/Visitas-6.jpg 1212w\" sizes=\"auto, (max-width: 461px) 100vw, 461px\" \/><\/figure>\n<\/div>","protected":false},"excerpt":{"rendered":"<p>Las visitas de los estudiantes del grado en Derecho a centros penitenciarios suponen una importante actividad formativa complementaria a la docencia impartida en las aulas. Por un lado, permite a los estudiantes situarse en la infraestructura en la que se &hellip; <a href=\"https:\/\/blog.uclm.es\/aula-penitenciaria\/visitas-a-centros-penitenciarios\/\">Sigue leyendo <span class=\"meta-nav\">&rarr;<\/span><\/a><\/p>\n","protected":false},"author":281,"featured_media":0,"parent":0,"menu_order":0,"comment_status":"closed","ping_status":"closed","template":"","meta":{"footnotes":""},"class_list":["post-413","page","type-page","status-publish","hentry"],"_links":{"self":[{"href":"https:\/\/blog.uclm.es\/aula-penitenciaria\/wp-json\/wp\/v2\/pages\/413","targetHints":{"allow":["GET"]}}],"collection":[{"href":"https:\/\/blog.uclm.es\/aula-penitenciaria\/wp-json\/wp\/v2\/pages"}],"about":[{"href":"https:\/\/blog.uclm.es\/aula-penitenciaria\/wp-json\/wp\/v2\/types\/page"}],"author":[{"embeddable":true,"href":"https:\/\/blog.uclm.es\/aula-penitenciaria\/wp-json\/wp\/v2\/users\/281"}],"replies":[{"embeddable":true,"href":"https:\/\/blog.uclm.es\/aula-penitenciaria\/wp-json\/wp\/v2\/comments?post=413"}],"version-history":[{"count":2,"href":"https:\/\/blog.uclm.es\/aula-penitenciaria\/wp-json\/wp\/v2\/pages\/413\/revisions"}],"predecessor-version":[{"id":459,"href":"https:\/\/blog.uclm.es\/aula-penitenciaria\/wp-json\/wp\/v2\/pages\/413\/revisions\/459"}],"wp:attachment":[{"href":"https:\/\/blog.uclm.es\/aula-penitenciaria\/wp-json\/wp\/v2\/media?parent=413"}],"curies":[{"name":"wp","href":"https:\/\/api.w.org\/{rel}","templated":true}]}}